{"id":14155,"date":"2025-07-15T12:52:24","date_gmt":"2025-07-15T10:52:24","guid":{"rendered":"https:\/\/uj.adatbank.ro\/lexikon\/termek\/lukacs-laszlo-ladislau-lucaci-vasile\/"},"modified":"2025-07-15T12:52:24","modified_gmt":"2025-07-15T10:52:24","slug":"lukacs-laszlo-ladislau-lucaci-vasile","status":"publish","type":"product","link":"https:\/\/uj.adatbank.ro\/lexikon\/termek\/lukacs-laszlo-ladislau-lucaci-vasile\/","title":{"rendered":"LUK\u00c1CS L\u00e1szl\u00f3, Ladislau, Lucaci Vasile"},"content":{"rendered":"<p>?, \u2020\u00a0?\u00a0:politikus. \u2013 A MAT RMP szervez\u00e9si titk\u00e1ra (1952. j\u00fal. 24.\u2013), iparfelel\u0151s, a mv.-i Rangetz J\u00f3zsef Marxista-Leninista Esti Egyetem oktat\u00f3ja (1952\u2013). A Nagy Nemzetgy\u0171l\u00e9s MAT-i k\u00e9pvisel\u0151je (1961. m\u00e1rc. 5.); a MMAT N\u00e9ptan\u00e1csa VB-nak eln\u00f6ke (1961\u201362. jan.). <br \/><strong>Irod.:<\/strong> Autonom magyarok; Bartos 2012; Bottoni 2008; Cri\u015fan; Gagyi J\u00f3zsef: Egy munkaterv 1952-b\u0151l: A MAT sz\u00fclet\u00e9se (Sz\u00e9kelyf\u00f6ld, 9. sz., 2002. szept.)<\/br><\/p>\n","protected":false},"excerpt":{"rendered":"<p>?, \u2020\u00a0?\u00a0:politikus. \u2013 A MAT RMP szervez\u00e9si titk\u00e1ra (1952. j\u00fal. 24.\u2013), iparfelel\u0151s, a mv.-i Rangetz J\u00f3zsef Marxista-Leninista Esti Egyetem oktat\u00f3ja (1952\u2013). A Nagy Nemzetgy\u0171l\u00e9s MAT-i k\u00e9pvisel\u0151je (1961. m\u00e1rc. 5.); a MMAT N\u00e9ptan\u00e1csa VB-nak eln\u00f6ke (1961\u201362. jan.). Irod.: Autonom magyarok; Bartos 2012; Bottoni 2008; Cri\u015fan; Gagyi J\u00f3zsef: Egy munkaterv 1952-b\u0151l: A MAT sz\u00fclet\u00e9se (Sz\u00e9kelyf\u00f6ld, 9. sz., [&hellip;]<\/p>\n","protected":false},"featured_media":0,"comment_status":"open","ping_status":"closed","template":"","meta":[],"product_brand":[],"product_cat":[137],"product_tag":[],"class_list":{"0":"post-14155","1":"product","2":"type-product","3":"status-publish","5":"product_cat-maros-megyei-eletrajzi-lexikon","7":"first","8":"instock","9":"shipping-taxable","10":"product-type-simple"},"_links":{"self":[{"href":"https:\/\/uj.adatbank.ro\/lexikon\/wp-json\/wp\/v2\/product\/14155","targetHints":{"allow":["GET"]}}],"collection":[{"href":"https:\/\/uj.adatbank.ro\/lexikon\/wp-json\/wp\/v2\/product"}],"about":[{"href":"https:\/\/uj.adatbank.ro\/lexikon\/wp-json\/wp\/v2\/types\/product"}],"replies":[{"embeddable":true,"href":"https:\/\/uj.adatbank.ro\/lexikon\/wp-json\/wp\/v2\/comments?post=14155"}],"wp:attachment":[{"href":"https:\/\/uj.adatbank.ro\/lexikon\/wp-json\/wp\/v2\/media?parent=14155"}],"wp:term":[{"taxonomy":"product_brand","embeddable":true,"href":"https:\/\/uj.adatbank.ro\/lexikon\/wp-json\/wp\/v2\/product_brand?post=14155"},{"taxonomy":"product_cat","embeddable":true,"href":"https:\/\/uj.adatbank.ro\/lexikon\/wp-json\/wp\/v2\/product_cat?post=14155"},{"taxonomy":"product_tag","embeddable":true,"href":"https:\/\/uj.adatbank.ro\/lexikon\/wp-json\/wp\/v2\/product_tag?post=14155"}],"curies":[{"name":"wp","href":"https:\/\/api.w.org\/{rel}","templated":true}]}}

LUKÁCS László, Ladislau, Lucaci Vasile

<p>?, † ? :politikus. – A MAT RMP szervezési titkára (1952. júl. 24.–), iparfelelős, a mv.-i Rangetz József Marxista-Leninista Esti Egyetem oktatója (1952–). A Nagy Nemzetgyűlés MAT-i képviselője (1961. márc. 5.); a MMAT Néptanácsa VB-nak elnöke (1961–62. jan.). <br /><strong>Irod.:</strong> Autonom magyarok; Bartos 2012; Bottoni 2008; Crişan; Gagyi József: Egy munkaterv 1952-ből: A MAT születése (Székelyföld, 9. sz., 2002. szept.)</br></p>

<p>?, † ? :politikus. – A MAT RMP szervezési titkára (1952. júl. 24.–), iparfelelős, a mv.-i Rangetz József Marxista-Leninista Esti Egyetem oktatója (1952–). A Nagy Nemzetgyűlés MAT-i képviselője (1961. márc. 5.); a MMAT Néptanácsa VB-nak elnöke (1961–62. jan.). Irod.: Autonom magyarok; Bartos 2012; Bottoni 2008; Crişan; Gagyi József: Egy munkaterv 1952-ből: A MAT születése (Székelyföld, 9. sz., [&hellip;]</p>
