{"id":14156,"date":"2025-07-15T12:52:25","date_gmt":"2025-07-15T10:52:25","guid":{"rendered":"https:\/\/uj.adatbank.ro\/lexikon\/termek\/lukacs-manszvet\/"},"modified":"2025-07-15T12:52:25","modified_gmt":"2025-07-15T10:52:25","slug":"lukacs-manszvet","status":"publish","type":"product","link":"https:\/\/uj.adatbank.ro\/lexikon\/termek\/lukacs-manszvet\/","title":{"rendered":"LUK\u00c1CS Manszv\u00e9t"},"content":{"rendered":"<p>? \u2020\u00a0? : r.k. pap. \u2013 Ferences lelkiatya. \u2013 A mv.-i pl\u00e9b\u00e1ni\u00e1n n\u00e9pmisszi\u00f3ra ker\u00fclt sor (1939).-<br \/><strong>Irod.:<\/strong> Barab\u00e1s Kisanna.2009; Maros-k\u00fck\u00fcll\u0151i f\u0151esp.<\/br><\/p>\n","protected":false},"excerpt":{"rendered":"<p>? \u2020\u00a0? : r.k. pap. \u2013 Ferences lelkiatya. \u2013 A mv.-i pl\u00e9b\u00e1ni\u00e1n n\u00e9pmisszi\u00f3ra ker\u00fclt sor (1939).-Irod.: Barab\u00e1s Kisanna.2009; Maros-k\u00fck\u00fcll\u0151i f\u0151esp.<\/p>\n","protected":false},"featured_media":0,"comment_status":"open","ping_status":"closed","template":"","meta":[],"product_brand":[],"product_cat":[137],"product_tag":[],"class_list":{"0":"post-14156","1":"product","2":"type-product","3":"status-publish","5":"product_cat-maros-megyei-eletrajzi-lexikon","7":"first","8":"instock","9":"shipping-taxable","10":"product-type-simple"},"_links":{"self":[{"href":"https:\/\/uj.adatbank.ro\/lexikon\/wp-json\/wp\/v2\/product\/14156","targetHints":{"allow":["GET"]}}],"collection":[{"href":"https:\/\/uj.adatbank.ro\/lexikon\/wp-json\/wp\/v2\/product"}],"about":[{"href":"https:\/\/uj.adatbank.ro\/lexikon\/wp-json\/wp\/v2\/types\/product"}],"replies":[{"embeddable":true,"href":"https:\/\/uj.adatbank.ro\/lexikon\/wp-json\/wp\/v2\/comments?post=14156"}],"wp:attachment":[{"href":"https:\/\/uj.adatbank.ro\/lexikon\/wp-json\/wp\/v2\/media?parent=14156"}],"wp:term":[{"taxonomy":"product_brand","embeddable":true,"href":"https:\/\/uj.adatbank.ro\/lexikon\/wp-json\/wp\/v2\/product_brand?post=14156"},{"taxonomy":"product_cat","embeddable":true,"href":"https:\/\/uj.adatbank.ro\/lexikon\/wp-json\/wp\/v2\/product_cat?post=14156"},{"taxonomy":"product_tag","embeddable":true,"href":"https:\/\/uj.adatbank.ro\/lexikon\/wp-json\/wp\/v2\/product_tag?post=14156"}],"curies":[{"name":"wp","href":"https:\/\/api.w.org\/{rel}","templated":true}]}}