{"id":14164,"date":"2025-07-15T12:52:41","date_gmt":"2025-07-15T10:52:41","guid":{"rendered":"https:\/\/uj.adatbank.ro\/lexikon\/termek\/lukacs-sandor-2\/"},"modified":"2025-07-15T12:52:41","modified_gmt":"2025-07-15T10:52:41","slug":"lukacs-sandor-2","status":"publish","type":"product","link":"https:\/\/uj.adatbank.ro\/lexikon\/termek\/lukacs-sandor-2\/","title":{"rendered":"LUK\u00c1CS S\u00e1ndor"},"content":{"rendered":"<p>K\u00e9nos, 1903. marc. 12., \u2020 Dics\u0151szentm\u00e1rton, 1993. nov. 1.: unit. lelk\u00e9sz. \u2013 A sz\u00e9kelykereszt\u00fari unit. k\u00f6z\u00e9piskol\u00e1ban \u00e9retts\u00e9gizett (1922), a kv.-i Unit. Teol\u00f3giai Akad.-\u00e1n tanult (1922\u201326), sikeres vizsg\u00e1t tett amerikai \u00f6szt\u00f6nd\u00edjra, \u00e9s a Kalifornia \u00e1llambeli, Berkeley \u201ePacific Unitarian School for Ministry\u201d egyetemen t\u00f6lt\u00f6tt el k\u00e9t tan\u00e9vet. Tanulm\u00e1nyai befejezt\u00e9vel-, \u00e9s annak elismer\u00e9sek\u00e9nt megkapta a \u201eMaster of Theology\u201d fokozatot \u201csumma cum laude\u201d-vel. \u00c9rt\u00e9kes \u00fatle\u00edr\u00e1sban sz\u00e1mol be tanulm\u00e1ny\u00fatj\u00e1r\u00f3l, \u00e9s az azt k\u00f6vet\u0151 vil\u00e1g k\u00f6r\u00fcli \u00fatj\u00e1r\u00f3l, amelyr\u0151l a Hawaii szigetek, Jap\u00e1n, K\u00edna, India, Mal\u00e1j szigetek, Ceylon, Palesztina, Sz\u00edria, Ar\u00e1bia, Egyiptom \u00e9s v\u00e9g\u00fcl G\u00f6r\u00f6gorsz\u00e1g \u00e9rint\u00e9s\u00e9vel \u00e9rkezett haza. P\u00fcsp\u00f6ki titk\u00e1rk\u00e9nt dolgozott (1928\u201330) majd felaj\u00e1nlott\u00e1k neki a teol\u00f3giai tan\u00e1ri \u00e1ll\u00e1st, de \u0151 a falu, a n\u00e9p szolg\u00e1lata mellett d\u00f6nt\u00f6tt. A vargyasi egyh\u00e1zk\u00f6zs\u00e9gben helyettes lelk\u00e9szk\u00e9nt teljes\u00edtett szolg\u00e1latot (1930. j\u00fal. 1-szept 26.), majd a ravai gy\u00fclekezetben m\u0171k\u00f6d\u00f6tt (1930\u201338). A lelk\u00e9szi szolg\u00e1lat mellett, ir\u00e1ny\u00edtotta a felekezeti iskola munk\u00e1j\u00e1t. Sz\u00f6vetkezetet, \u00fan. \u201eunit\u00e1rius boltot\u201d alap\u00edtott, \u00e9s ennek j\u00f6vedelm\u00e9b\u0151l biztos\u00edtott\u00e1k a tan\u00edt\u00f3k fizet\u00e9s\u00e9t. \u00c1llamellenes szervezked\u00e9s v\u00e1dj\u00e1val id\u00e9zt\u00e9k b\u00edr\u00f3s\u00e1g el\u00e9, aminek v\u00e9g\u00fcl enyhe p\u00e9nzb\u00fcntet\u00e9s a k\u00f6vetkezm\u00e9nye. Ravai m\u0171k\u00f6d\u00e9s\u00e9nek idej\u00e9b\u0151l maradtak fenn verses b\u00facs\u00faztat\u00f3i. Dics\u0151szentm\u00e1rtoban folytatta lelk\u00e9szi szolg\u00e1lat\u00e1t (1938. j\u00fal. 1\u20131973. dec.1.). Itt is t\u00f6bbsz\u00f6ri h\u00e1zkutat\u00e1ssal zaklatt\u00e1k, koholt v\u00e1dakkal katonai t\u00f6rv\u00e9nysz\u00e9k el\u00e9 id\u00e9zt\u00e9k, a vall\u00e1s\u00fcgyi miniszt\u00e9rium fegyelmi elj\u00e1r\u00e1st ind\u00edtott ellene, a v\u00e1dak azonban alaptalannak bizonyultak. A h\u00e1bor\u00fa alatt bizonyos id\u0151t intern\u00e1l\u00e1sban t\u00f6lt\u00f6tt T\u00fcrben. Alap\u00edt\u00f3 tagja volt a dics\u0151szentm\u00e1rtoni egys\u00e9ges gimn.-nak (1944), amely egyben a helys\u00e9g els\u0151 m. nyelv\u0171 k\u00f6z\u00e9pfok\u00fa tanint\u00e9zm\u00e9nye. Az esperesi tiszts\u00e9get is bet\u00f6lt\u00f6tte ai Nagyszebeni Egyh\u00e1zk\u00f6rben (1959\u20131968). 35 \u00e9vi dics\u0151szentm\u00e1rtoni lelk\u00e9szi szolg\u00e1lat ut\u00e1n vonult nyugd\u00edjba (1973.dec.1.). <br \/><strong>Irod.:<\/strong> Dics\u0151szentm\u00e1rton; Nagy Endre: Eml\u00e9kez\u00e9s L. S. dics\u0151szentm\u00e1rtoni esperes-lelk\u00e9szre (Unit.K\u00f6zl\u00f6ny, 2003 m\u00e1j.-j\u00fan.); [Nekrol\u00f3g] (N\u00fa., 1993. nov. 2.); Rava; Unit. lex.<\/br><\/p>\n","protected":false},"excerpt":{"rendered":"<p>K\u00e9nos, 1903. marc. 12., \u2020 Dics\u0151szentm\u00e1rton, 1993. nov. 1.: unit. lelk\u00e9sz. \u2013 A sz\u00e9kelykereszt\u00fari unit. k\u00f6z\u00e9piskol\u00e1ban \u00e9retts\u00e9gizett (1922), a kv.-i Unit. Teol\u00f3giai Akad.-\u00e1n tanult (1922\u201326), sikeres vizsg\u00e1t tett amerikai \u00f6szt\u00f6nd\u00edjra, \u00e9s a Kalifornia \u00e1llambeli, Berkeley \u201ePacific Unitarian School for Ministry\u201d egyetemen t\u00f6lt\u00f6tt el k\u00e9t tan\u00e9vet. Tanulm\u00e1nyai befejezt\u00e9vel-, \u00e9s annak elismer\u00e9sek\u00e9nt megkapta a \u201eMaster of Theology\u201d [&hellip;]<\/p>\n","protected":false},"featured_media":0,"comment_status":"open","ping_status":"closed","template":"","meta":[],"product_brand":[],"product_cat":[137],"product_tag":[],"class_list":{"0":"post-14164","1":"product","2":"type-product","3":"status-publish","5":"product_cat-maros-megyei-eletrajzi-lexikon","7":"first","8":"instock","9":"shipping-taxable","10":"product-type-simple"},"_links":{"self":[{"href":"https:\/\/uj.adatbank.ro\/lexikon\/wp-json\/wp\/v2\/product\/14164","targetHints":{"allow":["GET"]}}],"collection":[{"href":"https:\/\/uj.adatbank.ro\/lexikon\/wp-json\/wp\/v2\/product"}],"about":[{"href":"https:\/\/uj.adatbank.ro\/lexikon\/wp-json\/wp\/v2\/types\/product"}],"replies":[{"embeddable":true,"href":"https:\/\/uj.adatbank.ro\/lexikon\/wp-json\/wp\/v2\/comments?post=14164"}],"wp:attachment":[{"href":"https:\/\/uj.adatbank.ro\/lexikon\/wp-json\/wp\/v2\/media?parent=14164"}],"wp:term":[{"taxonomy":"product_brand","embeddable":true,"href":"https:\/\/uj.adatbank.ro\/lexikon\/wp-json\/wp\/v2\/product_brand?post=14164"},{"taxonomy":"product_cat","embeddable":true,"href":"https:\/\/uj.adatbank.ro\/lexikon\/wp-json\/wp\/v2\/product_cat?post=14164"},{"taxonomy":"product_tag","embeddable":true,"href":"https:\/\/uj.adatbank.ro\/lexikon\/wp-json\/wp\/v2\/product_tag?post=14164"}],"curies":[{"name":"wp","href":"https:\/\/api.w.org\/{rel}","templated":true}]}}

LUKÁCS Sándor

<p>Kénos, 1903. marc. 12., † Dicsőszentmárton, 1993. nov. 1.: unit. lelkész. – A székelykeresztúri unit. középiskolában érettségizett (1922), a kv.-i Unit. Teológiai Akad.-án tanult (1922–26), sikeres vizsgát tett amerikai ösztöndíjra, és a Kalifornia állambeli, Berkeley „Pacific Unitarian School for Ministry” egyetemen töltött el két tanévet. Tanulmányai befejeztével-, és annak elismeréseként megkapta a „Master of Theology” fokozatot “summa cum laude”-vel. Értékes útleírásban számol be tanulmányútjáról, és az azt követő világ körüli útjáról, amelyről a Hawaii szigetek, Japán, Kína, India, Maláj szigetek, Ceylon, Palesztina, Szíria, Arábia, Egyiptom és végül Görögország érintésével érkezett haza. Püspöki titkárként dolgozott (1928–30) majd felajánlották neki a teológiai tanári állást, de ő a falu, a nép szolgálata mellett döntött. A vargyasi egyházközségben helyettes lelkészként teljesített szolgálatot (1930. júl. 1-szept 26.), majd a ravai gyülekezetben működött (1930–38). A lelkészi szolgálat mellett, irányította a felekezeti iskola munkáját. Szövetkezetet, ún. „unitárius boltot” alapított, és ennek jövedelméből biztosították a tanítók fizetését. Államellenes szervezkedés vádjával idézték bíróság elé, aminek végül enyhe pénzbüntetés a következménye. Ravai működésének idejéből maradtak fenn verses búcsúztatói. Dicsőszentmártoban folytatta lelkészi szolgálatát (1938. júl. 1–1973. dec.1.). Itt is többszöri házkutatással zaklatták, koholt vádakkal katonai törvényszék elé idézték, a vallásügyi minisztérium fegyelmi eljárást indított ellene, a vádak azonban alaptalannak bizonyultak. A háború alatt bizonyos időt internálásban töltött Türben. Alapító tagja volt a dicsőszentmártoni egységes gimn.-nak (1944), amely egyben a helység első m. nyelvű középfokú tanintézménye. Az esperesi tisztséget is betöltötte ai Nagyszebeni Egyházkörben (1959–1968). 35 évi dicsőszentmártoni lelkészi szolgálat után vonult nyugdíjba (1973.dec.1.). <br /><strong>Irod.:</strong> Dicsőszentmárton; Nagy Endre: Emlékezés L. S. dicsőszentmártoni esperes-lelkészre (Unit.Közlöny, 2003 máj.-jún.); [Nekrológ] (Nú., 1993. nov. 2.); Rava; Unit. lex.</br></p>

<p>Kénos, 1903. marc. 12., † Dicsőszentmárton, 1993. nov. 1.: unit. lelkész. – A székelykeresztúri unit. középiskolában érettségizett (1922), a kv.-i Unit. Teológiai Akad.-án tanult (1922–26), sikeres vizsgát tett amerikai ösztöndíjra, és a Kalifornia állambeli, Berkeley „Pacific Unitarian School for Ministry” egyetemen töltött el két tanévet. Tanulmányai befejeztével-, és annak elismeréseként megkapta a „Master of Theology” [&hellip;]</p>
