{"id":14168,"date":"2025-07-15T12:52:48","date_gmt":"2025-07-15T10:52:48","guid":{"rendered":"https:\/\/uj.adatbank.ro\/lexikon\/termek\/lukacsffy-kristof\/"},"modified":"2025-07-15T12:52:48","modified_gmt":"2025-07-15T10:52:48","slug":"lukacsffy-kristof","status":"publish","type":"product","link":"https:\/\/uj.adatbank.ro\/lexikon\/termek\/lukacsffy-kristof\/","title":{"rendered":"LUK\u00c1CSFFY Krist\u00f3f"},"content":{"rendered":"<p>? \u2020\u00a0?: tan\u00e1r. \u2013 Magyar-rom\u00e1n szakos tan\u00e1ri oklevelet Mv.-en szerzett. Sz\u00e9kelyudvarhelyen tan\u00edtott a Benedek Elek tan\u00edt\u00f3k\u00e9pz\u0151ben 17 \u00e9vig (1989-ig).Az \u00e1lland\u00f3 megfigyel\u00e9st nem b\u00edrta elviselni. Feles\u00e9g\u00e9vel elhagyt\u00e1k az orsz\u00e1got (1989.aug.21), Mo.-on f\u00e9ltek a hazatoloncol\u00e1st\u00f3l \u00e9s tov\u00e1bb menni k\u00e9nyszer\u00fcltek. Finnorsz\u00e1gba telepedtek le., Helsinkiben magyar nyelvet oktatott szabad iskol\u00e1ban tantervvel, tank\u00f6nyvekkel, feleltet\u00e9ssel, de hi\u00e1nyzott a tanterv, a tank\u00f6nyv. Mv.-r\u0151l kapt\u00e1k az els\u0151 k\u00f6nyv- \u00e9s tanszer sz\u00e1ll\u00edtm\u00e1nyt. Ma van egyes\u00fclete a finnorsz\u00e1gi magyaroknak. <br \/><strong>Irod.:<\/strong> Magyartan\u00e1r Helsinkiben = \u00c9szaki magyarok<\/br><\/p>\n","protected":false},"excerpt":{"rendered":"<p>? \u2020\u00a0?: tan\u00e1r. \u2013 Magyar-rom\u00e1n szakos tan\u00e1ri oklevelet Mv.-en szerzett. Sz\u00e9kelyudvarhelyen tan\u00edtott a Benedek Elek tan\u00edt\u00f3k\u00e9pz\u0151ben 17 \u00e9vig (1989-ig).Az \u00e1lland\u00f3 megfigyel\u00e9st nem b\u00edrta elviselni. Feles\u00e9g\u00e9vel elhagyt\u00e1k az orsz\u00e1got (1989.aug.21), Mo.-on f\u00e9ltek a hazatoloncol\u00e1st\u00f3l \u00e9s tov\u00e1bb menni k\u00e9nyszer\u00fcltek. Finnorsz\u00e1gba telepedtek le., Helsinkiben magyar nyelvet oktatott szabad iskol\u00e1ban tantervvel, tank\u00f6nyvekkel, feleltet\u00e9ssel, de hi\u00e1nyzott a tanterv, a tank\u00f6nyv. [&hellip;]<\/p>\n","protected":false},"featured_media":0,"comment_status":"open","ping_status":"closed","template":"","meta":[],"product_brand":[],"product_cat":[137],"product_tag":[],"class_list":{"0":"post-14168","1":"product","2":"type-product","3":"status-publish","5":"product_cat-maros-megyei-eletrajzi-lexikon","7":"first","8":"instock","9":"shipping-taxable","10":"product-type-simple"},"_links":{"self":[{"href":"https:\/\/uj.adatbank.ro\/lexikon\/wp-json\/wp\/v2\/product\/14168","targetHints":{"allow":["GET"]}}],"collection":[{"href":"https:\/\/uj.adatbank.ro\/lexikon\/wp-json\/wp\/v2\/product"}],"about":[{"href":"https:\/\/uj.adatbank.ro\/lexikon\/wp-json\/wp\/v2\/types\/product"}],"replies":[{"embeddable":true,"href":"https:\/\/uj.adatbank.ro\/lexikon\/wp-json\/wp\/v2\/comments?post=14168"}],"wp:attachment":[{"href":"https:\/\/uj.adatbank.ro\/lexikon\/wp-json\/wp\/v2\/media?parent=14168"}],"wp:term":[{"taxonomy":"product_brand","embeddable":true,"href":"https:\/\/uj.adatbank.ro\/lexikon\/wp-json\/wp\/v2\/product_brand?post=14168"},{"taxonomy":"product_cat","embeddable":true,"href":"https:\/\/uj.adatbank.ro\/lexikon\/wp-json\/wp\/v2\/product_cat?post=14168"},{"taxonomy":"product_tag","embeddable":true,"href":"https:\/\/uj.adatbank.ro\/lexikon\/wp-json\/wp\/v2\/product_tag?post=14168"}],"curies":[{"name":"wp","href":"https:\/\/api.w.org\/{rel}","templated":true}]}}

LUKÁCSFFY Kristóf

<p>? † ?: tanár. – Magyar-román szakos tanári oklevelet Mv.-en szerzett. Székelyudvarhelyen tanított a Benedek Elek tanítóképzőben 17 évig (1989-ig).Az állandó megfigyelést nem bírta elviselni. Feleségével elhagyták az országot (1989.aug.21), Mo.-on féltek a hazatoloncolástól és tovább menni kényszerültek. Finnországba telepedtek le., Helsinkiben magyar nyelvet oktatott szabad iskolában tantervvel, tankönyvekkel, feleltetéssel, de hiányzott a tanterv, a tankönyv. Mv.-ről kapták az első könyv- és tanszer szállítmányt. Ma van egyesülete a finnországi magyaroknak. <br /><strong>Irod.:</strong> Magyartanár Helsinkiben = Északi magyarok</br></p>

<p>? † ?: tanár. – Magyar-román szakos tanári oklevelet Mv.-en szerzett. Székelyudvarhelyen tanított a Benedek Elek tanítóképzőben 17 évig (1989-ig).Az állandó megfigyelést nem bírta elviselni. Feleségével elhagyták az országot (1989.aug.21), Mo.-on féltek a hazatoloncolástól és tovább menni kényszerültek. Finnországba telepedtek le., Helsinkiben magyar nyelvet oktatott szabad iskolában tantervvel, tankönyvekkel, feleltetéssel, de hiányzott a tanterv, a tankönyv. [&hellip;]</p>
