{"id":14169,"date":"2025-07-15T12:52:50","date_gmt":"2025-07-15T10:52:50","guid":{"rendered":"https:\/\/uj.adatbank.ro\/lexikon\/termek\/lukacsy-andras\/"},"modified":"2025-07-15T12:52:50","modified_gmt":"2025-07-15T10:52:50","slug":"lukacsy-andras","status":"publish","type":"product","link":"https:\/\/uj.adatbank.ro\/lexikon\/termek\/lukacsy-andras\/","title":{"rendered":"LUK\u00c1CSY Andr\u00e1s"},"content":{"rendered":"<p>? \u2020\u00a0?: karmester. \u2013 A mv.-i szimf\u00f3nikusok m\u00e1sodkarmestere volt (az 1950-es \u00e9vek v\u00e9g\u00e9n). Mv.-en vez\u00e9nyelt a Sz\u00e9kely Sz\u00ednh\u00e1zban A. Moreto y Cabana: Donna Diana c zen\u00e9s v\u00edgj\u00e1t\u00e9k\u00e1ban (1957). Brass\u00f3ban a Gheorghe Dima \u00c1llami Filharm\u00f3nia igazgat\u00f3- karmestere. Az NSzK-ba t\u00e1vozott (1967). A Bundeswehr katonadirigense lett, mikor Ceau\u015fescut fogadta Bonnban Richard von Weiz\u00e4cker n\u00e9met k\u00f6zt\u00e1rsas\u00e1gi eln\u00f6k (1984. okt. 15). Vend\u00e9gszerepelt Jugoszl\u00e1vi\u00e1ban, Csehszlov\u00e1ki\u00e1ban. <br \/><strong>Irod.:<\/strong> Filarmonica 50; Horv\u00e1th Bea; Sz\u0151cs K\u00e1roly. Messzel\u00e1t\u00f3: essz\u00e9k, tanulm\u00e1nyok (Cs\u00edkszereda, 2004.); \u00daj \u00c9let (7. sz. 1966. \u00e1pr.)<\/br><\/p>\n","protected":false},"excerpt":{"rendered":"<p>? \u2020\u00a0?: karmester. \u2013 A mv.-i szimf\u00f3nikusok m\u00e1sodkarmestere volt (az 1950-es \u00e9vek v\u00e9g\u00e9n). Mv.-en vez\u00e9nyelt a Sz\u00e9kely Sz\u00ednh\u00e1zban A. Moreto y Cabana: Donna Diana c zen\u00e9s v\u00edgj\u00e1t\u00e9k\u00e1ban (1957). Brass\u00f3ban a Gheorghe Dima \u00c1llami Filharm\u00f3nia igazgat\u00f3- karmestere. Az NSzK-ba t\u00e1vozott (1967). A Bundeswehr katonadirigense lett, mikor Ceau\u015fescut fogadta Bonnban Richard von Weiz\u00e4cker n\u00e9met k\u00f6zt\u00e1rsas\u00e1gi eln\u00f6k (1984. [&hellip;]<\/p>\n","protected":false},"featured_media":0,"comment_status":"open","ping_status":"closed","template":"","meta":[],"product_brand":[],"product_cat":[137],"product_tag":[],"class_list":{"0":"post-14169","1":"product","2":"type-product","3":"status-publish","5":"product_cat-maros-megyei-eletrajzi-lexikon","7":"first","8":"instock","9":"shipping-taxable","10":"product-type-simple"},"_links":{"self":[{"href":"https:\/\/uj.adatbank.ro\/lexikon\/wp-json\/wp\/v2\/product\/14169","targetHints":{"allow":["GET"]}}],"collection":[{"href":"https:\/\/uj.adatbank.ro\/lexikon\/wp-json\/wp\/v2\/product"}],"about":[{"href":"https:\/\/uj.adatbank.ro\/lexikon\/wp-json\/wp\/v2\/types\/product"}],"replies":[{"embeddable":true,"href":"https:\/\/uj.adatbank.ro\/lexikon\/wp-json\/wp\/v2\/comments?post=14169"}],"wp:attachment":[{"href":"https:\/\/uj.adatbank.ro\/lexikon\/wp-json\/wp\/v2\/media?parent=14169"}],"wp:term":[{"taxonomy":"product_brand","embeddable":true,"href":"https:\/\/uj.adatbank.ro\/lexikon\/wp-json\/wp\/v2\/product_brand?post=14169"},{"taxonomy":"product_cat","embeddable":true,"href":"https:\/\/uj.adatbank.ro\/lexikon\/wp-json\/wp\/v2\/product_cat?post=14169"},{"taxonomy":"product_tag","embeddable":true,"href":"https:\/\/uj.adatbank.ro\/lexikon\/wp-json\/wp\/v2\/product_tag?post=14169"}],"curies":[{"name":"wp","href":"https:\/\/api.w.org\/{rel}","templated":true}]}}

LUKÁCSY András

<p>? † ?: karmester. – A mv.-i szimfónikusok másodkarmestere volt (az 1950-es évek végén). Mv.-en vezényelt a Székely Színházban A. Moreto y Cabana: Donna Diana c zenés vígjátékában (1957). Brassóban a Gheorghe Dima Állami Filharmónia igazgató- karmestere. Az NSzK-ba távozott (1967). A Bundeswehr katonadirigense lett, mikor Ceauşescut fogadta Bonnban Richard von Weizäcker német köztársasági elnök (1984. okt. 15). Vendégszerepelt Jugoszláviában, Csehszlovákiában. <br /><strong>Irod.:</strong> Filarmonica 50; Horváth Bea; Szőcs Károly. Messzelátó: esszék, tanulmányok (Csíkszereda, 2004.); Új Élet (7. sz. 1966. ápr.)</br></p>

<p>? † ?: karmester. – A mv.-i szimfónikusok másodkarmestere volt (az 1950-es évek végén). Mv.-en vezényelt a Székely Színházban A. Moreto y Cabana: Donna Diana c zenés vígjátékában (1957). Brassóban a Gheorghe Dima Állami Filharmónia igazgató- karmestere. Az NSzK-ba távozott (1967). A Bundeswehr katonadirigense lett, mikor Ceauşescut fogadta Bonnban Richard von Weizäcker német köztársasági elnök (1984. [&hellip;]</p>
