{"id":14170,"date":"2025-07-15T12:52:52","date_gmt":"2025-07-15T10:52:52","guid":{"rendered":"https:\/\/uj.adatbank.ro\/lexikon\/termek\/lukacsy-ildiko\/"},"modified":"2025-07-15T12:52:52","modified_gmt":"2025-07-15T10:52:52","slug":"lukacsy-ildiko","status":"publish","type":"product","link":"https:\/\/uj.adatbank.ro\/lexikon\/termek\/lukacsy-ildiko\/","title":{"rendered":"LUK\u00c1CSY Ildik\u00f3"},"content":{"rendered":"<p>? \u2020\u00a0Mv., 2017.j\u00fan.17 ?: k\u00e9pz\u0151m\u0171v\u00e9sz. \u2013 \u00c9desanyja L\u0151rinczy Ilona, a Sz\u00e9kely Sz\u00ednh\u00e1z m\u0171v\u00e9szn\u0151je. &#8212; A mv.-i Ariel Ifj\u00fas\u00e1gi \u00e9s Gyermeksz\u00ednh\u00e1z munkat\u00e1rsa, l\u00e1tv\u00e1ny- \u00e9s b\u00e1btervez\u0151 m\u0171v\u00e9sze. Sok jelent\u0151s b\u00e1bel\u0151ad\u00e1s munkat\u00e1rsa. A Mv.-i Nemzeti Sz\u00ednh\u00e1z Tompa Mikl\u00f3s T\u00e1rsulat\u00e1nak is k\u00e9sz\u00edtett maszkokat, kell\u00e9keket. D\u00edszlet- \u00e9s jelmeztervez\u0151je a Sebesty\u00e9n Aba rendez\u00e9s\u00e9ben bemutatott Sz\u00e9kely Csaba: B\u00e1nyavir\u00e1g c. dr\u00e1m\u00e1j\u00e1nak. <br \/><strong>Irod.:<\/strong> Nekrol\u00f3g (N\u00fa.,2017.j\u00fan.20.)<\/br><\/p>\n","protected":false},"excerpt":{"rendered":"<p>? \u2020\u00a0Mv., 2017.j\u00fan.17 ?: k\u00e9pz\u0151m\u0171v\u00e9sz. \u2013 \u00c9desanyja L\u0151rinczy Ilona, a Sz\u00e9kely Sz\u00ednh\u00e1z m\u0171v\u00e9szn\u0151je. &#8212; A mv.-i Ariel Ifj\u00fas\u00e1gi \u00e9s Gyermeksz\u00ednh\u00e1z munkat\u00e1rsa, l\u00e1tv\u00e1ny- \u00e9s b\u00e1btervez\u0151 m\u0171v\u00e9sze. Sok jelent\u0151s b\u00e1bel\u0151ad\u00e1s munkat\u00e1rsa. A Mv.-i Nemzeti Sz\u00ednh\u00e1z Tompa Mikl\u00f3s T\u00e1rsulat\u00e1nak is k\u00e9sz\u00edtett maszkokat, kell\u00e9keket. D\u00edszlet- \u00e9s jelmeztervez\u0151je a Sebesty\u00e9n Aba rendez\u00e9s\u00e9ben bemutatott Sz\u00e9kely Csaba: B\u00e1nyavir\u00e1g c. dr\u00e1m\u00e1j\u00e1nak. Irod.: Nekrol\u00f3g [&hellip;]<\/p>\n","protected":false},"featured_media":0,"comment_status":"open","ping_status":"closed","template":"","meta":[],"product_brand":[],"product_cat":[137],"product_tag":[],"class_list":{"0":"post-14170","1":"product","2":"type-product","3":"status-publish","5":"product_cat-maros-megyei-eletrajzi-lexikon","7":"first","8":"instock","9":"shipping-taxable","10":"product-type-simple"},"_links":{"self":[{"href":"https:\/\/uj.adatbank.ro\/lexikon\/wp-json\/wp\/v2\/product\/14170","targetHints":{"allow":["GET"]}}],"collection":[{"href":"https:\/\/uj.adatbank.ro\/lexikon\/wp-json\/wp\/v2\/product"}],"about":[{"href":"https:\/\/uj.adatbank.ro\/lexikon\/wp-json\/wp\/v2\/types\/product"}],"replies":[{"embeddable":true,"href":"https:\/\/uj.adatbank.ro\/lexikon\/wp-json\/wp\/v2\/comments?post=14170"}],"wp:attachment":[{"href":"https:\/\/uj.adatbank.ro\/lexikon\/wp-json\/wp\/v2\/media?parent=14170"}],"wp:term":[{"taxonomy":"product_brand","embeddable":true,"href":"https:\/\/uj.adatbank.ro\/lexikon\/wp-json\/wp\/v2\/product_brand?post=14170"},{"taxonomy":"product_cat","embeddable":true,"href":"https:\/\/uj.adatbank.ro\/lexikon\/wp-json\/wp\/v2\/product_cat?post=14170"},{"taxonomy":"product_tag","embeddable":true,"href":"https:\/\/uj.adatbank.ro\/lexikon\/wp-json\/wp\/v2\/product_tag?post=14170"}],"curies":[{"name":"wp","href":"https:\/\/api.w.org\/{rel}","templated":true}]}}

LUKÁCSY Ildikó

<p>? † Mv., 2017.jún.17 ?: képzőművész. – Édesanyja Lőrinczy Ilona, a Székely Színház művésznője. &#8212; A mv.-i Ariel Ifjúsági és Gyermekszínház munkatársa, látvány- és bábtervező művésze. Sok jelentős bábelőadás munkatársa. A Mv.-i Nemzeti Színház Tompa Miklós Társulatának is készített maszkokat, kellékeket. Díszlet- és jelmeztervezője a Sebestyén Aba rendezésében bemutatott Székely Csaba: Bányavirág c. drámájának. <br /><strong>Irod.:</strong> Nekrológ (Nú.,2017.jún.20.)</br></p>

<p>? † Mv., 2017.jún.17 ?: képzőművész. – Édesanyja Lőrinczy Ilona, a Székely Színház művésznője. &#8212; A mv.-i Ariel Ifjúsági és Gyermekszínház munkatársa, látvány- és bábtervező művésze. Sok jelentős bábelőadás munkatársa. A Mv.-i Nemzeti Színház Tompa Miklós Társulatának is készített maszkokat, kellékeket. Díszlet- és jelmeztervezője a Sebestyén Aba rendezésében bemutatott Székely Csaba: Bányavirág c. drámájának. Irod.: Nekrológ [&hellip;]</p>
