{"id":14172,"date":"2025-07-15T12:52:56","date_gmt":"2025-07-15T10:52:56","guid":{"rendered":"https:\/\/uj.adatbank.ro\/lexikon\/termek\/lukacsy-istvan-lukacsi-istvan\/"},"modified":"2025-07-15T12:52:56","modified_gmt":"2025-07-15T10:52:56","slug":"lukacsy-istvan-lukacsi-istvan","status":"publish","type":"product","link":"https:\/\/uj.adatbank.ro\/lexikon\/termek\/lukacsy-istvan-lukacsi-istvan\/","title":{"rendered":"LUK\u00c1CSY Istv\u00e1n, Luk\u00e1csi Istv\u00e1n"},"content":{"rendered":"<p>Szenth\u00e1roms\u00e1g, 1897., \u2020\u00a0Mv., 1981. j\u00fal. 3. : tan\u00edt\u00f3, tan\u00e1r. \u2013 Feles\u00e9ge Petres Magdolna tan\u00edt\u00f3n\u0151. \u2013 Tan\u00edt\u00f3k\u00e9pz\u0151t Sz\u00e9kelykereszt\u00faron v\u00e9gzett, mint tan\u00edt\u00f3i p\u00e1ly\u00e1j\u00e1t Eheden kezdte (1919), Jobb\u00e1gytelk\u00e9n tan\u00edtott, igazgat\u00f3 tan\u00edt\u00f3 volt (1920\u201339), a tan\u00edt\u00f3 egyes\u00fclet eln\u00f6ke, r\u00e9szt vett Jobb\u00e1gytelke kultur\u00e1lis, gazdas\u00e1gi \u00e9let\u00e9ben, ahol a Hangya Sz\u00f6vetkezet szervez\u0151je \u00e9s \u00fcgyvezet\u0151 ig.-ja volt. T\u00f6bb \u00e1llom\u00e1shely ut\u00e1n ker\u00fclt Mv.-re, a hol a tanfel\u00fcgyel\u0151s\u00e9gn\u00e9l dolgozott. Az els\u0151 vh.-ban a 22. gy. e.-ben az orosz fronton harcolt, megsebes\u00fclt, a II. o. ez\u00fcst \u00e9. kit\u00fcntet\u00e9ssel mint hadapr\u00f3djel\u00f6lt szerelt le. <br \/><strong>Irod.:<\/strong> Eml\u00e9kk\u00f6nyv a jobb\u00e1gytelki iskola \u00e9vfordul\u00f3j\u00e1ra; [Nekrol\u00f3g] (V. Z., 1981. j\u00fal. 4.); Sz\u00e9kelyf\u00f6ld \u00ed.k.<\/br><\/p>\n","protected":false},"excerpt":{"rendered":"<p>Szenth\u00e1roms\u00e1g, 1897., \u2020\u00a0Mv., 1981. j\u00fal. 3. : tan\u00edt\u00f3, tan\u00e1r. \u2013 Feles\u00e9ge Petres Magdolna tan\u00edt\u00f3n\u0151. \u2013 Tan\u00edt\u00f3k\u00e9pz\u0151t Sz\u00e9kelykereszt\u00faron v\u00e9gzett, mint tan\u00edt\u00f3i p\u00e1ly\u00e1j\u00e1t Eheden kezdte (1919), Jobb\u00e1gytelk\u00e9n tan\u00edtott, igazgat\u00f3 tan\u00edt\u00f3 volt (1920\u201339), a tan\u00edt\u00f3 egyes\u00fclet eln\u00f6ke, r\u00e9szt vett Jobb\u00e1gytelke kultur\u00e1lis, gazdas\u00e1gi \u00e9let\u00e9ben, ahol a Hangya Sz\u00f6vetkezet szervez\u0151je \u00e9s \u00fcgyvezet\u0151 ig.-ja volt. T\u00f6bb \u00e1llom\u00e1shely ut\u00e1n ker\u00fclt Mv.-re, a [&hellip;]<\/p>\n","protected":false},"featured_media":0,"comment_status":"open","ping_status":"closed","template":"","meta":[],"product_brand":[],"product_cat":[137],"product_tag":[],"class_list":{"0":"post-14172","1":"product","2":"type-product","3":"status-publish","5":"product_cat-maros-megyei-eletrajzi-lexikon","7":"first","8":"instock","9":"shipping-taxable","10":"product-type-simple"},"_links":{"self":[{"href":"https:\/\/uj.adatbank.ro\/lexikon\/wp-json\/wp\/v2\/product\/14172","targetHints":{"allow":["GET"]}}],"collection":[{"href":"https:\/\/uj.adatbank.ro\/lexikon\/wp-json\/wp\/v2\/product"}],"about":[{"href":"https:\/\/uj.adatbank.ro\/lexikon\/wp-json\/wp\/v2\/types\/product"}],"replies":[{"embeddable":true,"href":"https:\/\/uj.adatbank.ro\/lexikon\/wp-json\/wp\/v2\/comments?post=14172"}],"wp:attachment":[{"href":"https:\/\/uj.adatbank.ro\/lexikon\/wp-json\/wp\/v2\/media?parent=14172"}],"wp:term":[{"taxonomy":"product_brand","embeddable":true,"href":"https:\/\/uj.adatbank.ro\/lexikon\/wp-json\/wp\/v2\/product_brand?post=14172"},{"taxonomy":"product_cat","embeddable":true,"href":"https:\/\/uj.adatbank.ro\/lexikon\/wp-json\/wp\/v2\/product_cat?post=14172"},{"taxonomy":"product_tag","embeddable":true,"href":"https:\/\/uj.adatbank.ro\/lexikon\/wp-json\/wp\/v2\/product_tag?post=14172"}],"curies":[{"name":"wp","href":"https:\/\/api.w.org\/{rel}","templated":true}]}}

LUKÁCSY István, Lukácsi István

<p>Szentháromság, 1897., † Mv., 1981. júl. 3. : tanító, tanár. – Felesége Petres Magdolna tanítónő. – Tanítóképzőt Székelykeresztúron végzett, mint tanítói pályáját Eheden kezdte (1919), Jobbágytelkén tanított, igazgató tanító volt (1920–39), a tanító egyesület elnöke, részt vett Jobbágytelke kulturális, gazdasági életében, ahol a Hangya Szövetkezet szervezője és ügyvezető ig.-ja volt. Több állomáshely után került Mv.-re, a hol a tanfelügyelőségnél dolgozott. Az első vh.-ban a 22. gy. e.-ben az orosz fronton harcolt, megsebesült, a II. o. ezüst é. kitüntetéssel mint hadapródjelölt szerelt le. <br /><strong>Irod.:</strong> Emlékkönyv a jobbágytelki iskola évfordulójára; [Nekrológ] (V. Z., 1981. júl. 4.); Székelyföld í.k.</br></p>

<p>Szentháromság, 1897., † Mv., 1981. júl. 3. : tanító, tanár. – Felesége Petres Magdolna tanítónő. – Tanítóképzőt Székelykeresztúron végzett, mint tanítói pályáját Eheden kezdte (1919), Jobbágytelkén tanított, igazgató tanító volt (1920–39), a tanító egyesület elnöke, részt vett Jobbágytelke kulturális, gazdasági életében, ahol a Hangya Szövetkezet szervezője és ügyvezető ig.-ja volt. Több állomáshely után került Mv.-re, a [&hellip;]</p>
