{"id":14175,"date":"2025-07-15T12:53:03","date_gmt":"2025-07-15T10:53:03","guid":{"rendered":"https:\/\/uj.adatbank.ro\/lexikon\/termek\/lukinics-jozsef\/"},"modified":"2025-07-15T12:53:03","modified_gmt":"2025-07-15T10:53:03","slug":"lukinics-jozsef","status":"publish","type":"product","link":"https:\/\/uj.adatbank.ro\/lexikon\/termek\/lukinics-jozsef\/","title":{"rendered":"LUKINICS J\u00f3zsef"},"content":{"rendered":"<p>1818. \u2020\u00a0Mv., 1849. j\u00fal. 28.: sz\u00e1zados. -Lengyel sz\u00e1rmaz\u00e1s\u00fa honv\u00e9d sz\u00e1zados, 1848-as szabads\u00e1gharcos, Bem t\u00e1bornok hadseg\u00e9dje. \u2013 Galici\u00e1ban sz\u00fcletett katonatiszti csal\u00e1dban. Hadfinak \u00e1llt (1834) a 41. Gyalogezredhez, tizenh\u00e1rom \u00e9vi szolg\u00e1lat ut\u00e1n szerelt le. Az erd\u00e9lyi \u00f6nk\u00e9ntesekb\u0151l alakult 32. Honv\u00e9dz\u00e1szl\u00f3alj \u0151rmestere, majd hadnagya (1848. okt.) Bem alatt v\u00e9gigszolg\u00e1lta az erd\u00e9lyi hadj\u00e1ratot. A Beszterce k\u00f6rny\u00e9ki harcokban \u00e9rte a hal\u00e1los s\u00e9r\u00fcl\u00e9s (1849, j\u00fal.3), Mv.-re hozt\u00e1k orvosi kezel\u00e9sre, a ref, koll.-ban kialak\u00edtott hadi k\u00f3rh\u00e1zban kezelt\u00e9k, \u00e9let\u00e9t m\u00e1r nem tudt\u00e1k megmenteni. S\u00edrja a mv.-i r. k. temet\u0151ben van, amelyet a helyi Kossuth Lajos p\u00e1rti asztalt\u00e1rsas\u00e1g \u00e1ll\u00edtott (1898 m\u00e1rc 15.re), amit fel\u00faj\u00edtottak (2010. m\u00e1j. 29). Ercsei K\u00e1roly lem\u00e1solta s\u00edrvers\u00e9t: \u201eBem T\u00e1bornok h\u00edv seg\u00e9dje \/ a Haz\u00e1\u00e9rt elv\u00e9rzett \/ Lugonits (Lukinics!) Sz\u00e1zados \/ volt ez \/ Kit e s\u00edr itt b\u00e9fedett \/ \u00c9ve 30. 1849. A s\u00edreml\u00e9ke gondoz\u00e1s\u00e1t a Bolyai \u00d6regdi\u00e1kok Bar\u00e1ti K\u00f6re v\u00e9gzi.<br \/><strong>Irod.:<\/strong> Ambrus Hedvig M\u00e1ria: Egy hazatal\u00e1lt k\u00e9zirat, avagy Ercsei K\u00e1roly: S\u00edrversek (N\u00fa., 1997. j\u00fan. 24.); Fel\u00faj\u00edtott\u00e1k L. sz\u00e1zados s\u00edrj\u00e1t (V\u00e1s\u00e1rhelyi H\u00edrlap,2010. m\u00e1j. 27.); Keresztes Gyula: Honv\u00e9dsz\u00e1zados s\u00edrja Mv.-en (N\u00fa., 2003. m\u00e1rc. 6), T\u00f3falvi Zolt\u00e1n: 1848 m\u00e1rciusa a Sz\u00e9kelyf\u00f6ld\u00f6n, Mv.-en (N\u00fa., 1998. m\u00e1rc. 12\u201313.)<\/br><\/p>\n","protected":false},"excerpt":{"rendered":"<p>1818. \u2020\u00a0Mv., 1849. j\u00fal. 28.: sz\u00e1zados. -Lengyel sz\u00e1rmaz\u00e1s\u00fa honv\u00e9d sz\u00e1zados, 1848-as szabads\u00e1gharcos, Bem t\u00e1bornok hadseg\u00e9dje. \u2013 Galici\u00e1ban sz\u00fcletett katonatiszti csal\u00e1dban. Hadfinak \u00e1llt (1834) a 41. Gyalogezredhez, tizenh\u00e1rom \u00e9vi szolg\u00e1lat ut\u00e1n szerelt le. Az erd\u00e9lyi \u00f6nk\u00e9ntesekb\u0151l alakult 32. Honv\u00e9dz\u00e1szl\u00f3alj \u0151rmestere, majd hadnagya (1848. okt.) Bem alatt v\u00e9gigszolg\u00e1lta az erd\u00e9lyi hadj\u00e1ratot. A Beszterce k\u00f6rny\u00e9ki harcokban \u00e9rte a [&hellip;]<\/p>\n","protected":false},"featured_media":0,"comment_status":"open","ping_status":"closed","template":"","meta":[],"product_brand":[],"product_cat":[137],"product_tag":[],"class_list":{"0":"post-14175","1":"product","2":"type-product","3":"status-publish","5":"product_cat-maros-megyei-eletrajzi-lexikon","7":"first","8":"instock","9":"shipping-taxable","10":"product-type-simple"},"_links":{"self":[{"href":"https:\/\/uj.adatbank.ro\/lexikon\/wp-json\/wp\/v2\/product\/14175","targetHints":{"allow":["GET"]}}],"collection":[{"href":"https:\/\/uj.adatbank.ro\/lexikon\/wp-json\/wp\/v2\/product"}],"about":[{"href":"https:\/\/uj.adatbank.ro\/lexikon\/wp-json\/wp\/v2\/types\/product"}],"replies":[{"embeddable":true,"href":"https:\/\/uj.adatbank.ro\/lexikon\/wp-json\/wp\/v2\/comments?post=14175"}],"wp:attachment":[{"href":"https:\/\/uj.adatbank.ro\/lexikon\/wp-json\/wp\/v2\/media?parent=14175"}],"wp:term":[{"taxonomy":"product_brand","embeddable":true,"href":"https:\/\/uj.adatbank.ro\/lexikon\/wp-json\/wp\/v2\/product_brand?post=14175"},{"taxonomy":"product_cat","embeddable":true,"href":"https:\/\/uj.adatbank.ro\/lexikon\/wp-json\/wp\/v2\/product_cat?post=14175"},{"taxonomy":"product_tag","embeddable":true,"href":"https:\/\/uj.adatbank.ro\/lexikon\/wp-json\/wp\/v2\/product_tag?post=14175"}],"curies":[{"name":"wp","href":"https:\/\/api.w.org\/{rel}","templated":true}]}}

LUKINICS József

<p>1818. † Mv., 1849. júl. 28.: százados. -Lengyel származású honvéd százados, 1848-as szabadságharcos, Bem tábornok hadsegédje. – Galiciában született katonatiszti családban. Hadfinak állt (1834) a 41. Gyalogezredhez, tizenhárom évi szolgálat után szerelt le. Az erdélyi önkéntesekből alakult 32. Honvédzászlóalj őrmestere, majd hadnagya (1848. okt.) Bem alatt végigszolgálta az erdélyi hadjáratot. A Beszterce környéki harcokban érte a halálos sérülés (1849, júl.3), Mv.-re hozták orvosi kezelésre, a ref, koll.-ban kialakított hadi kórházban kezelték, életét már nem tudták megmenteni. Sírja a mv.-i r. k. temetőben van, amelyet a helyi Kossuth Lajos párti asztaltársaság állított (1898 márc 15.re), amit felújítottak (2010. máj. 29). Ercsei Károly lemásolta sírversét: „Bem Tábornok hív segédje / a Hazáért elvérzett / Lugonits (Lukinics!) Százados / volt ez / Kit e sír itt béfedett / Éve 30. 1849. A síremléke gondozását a Bolyai Öregdiákok Baráti Köre végzi.<br /><strong>Irod.:</strong> Ambrus Hedvig Mária: Egy hazatalált kézirat, avagy Ercsei Károly: Sírversek (Nú., 1997. jún. 24.); Felújították L. százados sírját (Vásárhelyi Hírlap,2010. máj. 27.); Keresztes Gyula: Honvédszázados sírja Mv.-en (Nú., 2003. márc. 6), Tófalvi Zoltán: 1848 márciusa a Székelyföldön, Mv.-en (Nú., 1998. márc. 12–13.)</br></p>

<p>1818. † Mv., 1849. júl. 28.: százados. -Lengyel származású honvéd százados, 1848-as szabadságharcos, Bem tábornok hadsegédje. – Galiciában született katonatiszti családban. Hadfinak állt (1834) a 41. Gyalogezredhez, tizenhárom évi szolgálat után szerelt le. Az erdélyi önkéntesekből alakult 32. Honvédzászlóalj őrmestere, majd hadnagya (1848. okt.) Bem alatt végigszolgálta az erdélyi hadjáratot. A Beszterce környéki harcokban érte a [&hellip;]</p>
