{"id":14180,"date":"2025-07-15T12:53:12","date_gmt":"2025-07-15T10:53:12","guid":{"rendered":"https:\/\/uj.adatbank.ro\/lexikon\/termek\/lup-emilia\/"},"modified":"2025-07-15T12:53:12","modified_gmt":"2025-07-15T10:53:12","slug":"lup-emilia","status":"publish","type":"product","link":"https:\/\/uj.adatbank.ro\/lexikon\/termek\/lup-emilia\/","title":{"rendered":"LUP, Emilia"},"content":{"rendered":"<p>Sz\u00e1szr\u00e9gen, 1936. dec. 29., \u2020 Mv.,1999.: k\u00e9pz\u0151m\u0171v\u00e9sz. \u2013 R\u00e9genben \u00e9retts\u00e9gizett, Mv.-en a M\u0171v\u00e9szeti Iskol\u00e1ban v\u00e9gzett. Tagja volt a MMKE-nek (1977\u2013). Olajfestm\u00e9nyekkel \u00e9s akvarelekkel szerpelt Mv.-en csoportos \u00e9s kollekt\u00edv ki\u00e1ll\u00edt\u00e1sokon (1978\u201393). \u2013 <strong>F. ki\u00e1ll.:<\/strong> egy\u00e9ni ki\u00e1ll\u00edt\u00e1sa volt az Unirea Teremben Mv.-en (1980, 1982), a Maros megyei N\u00e9prajzi M\u00fazeumban (1980). Alkot\u00f3t\u00e1borban vett r\u00e9szt Szov\u00e1t\u00e1n (1988, 1989), valamint Segesv\u00e1ron (1987). <br \/><strong>Irod.:<\/strong> AAPM; Opri\u015f 2018<\/br><\/p>\n","protected":false},"excerpt":{"rendered":"<p>Sz\u00e1szr\u00e9gen, 1936. dec. 29., \u2020 Mv.,1999.: k\u00e9pz\u0151m\u0171v\u00e9sz. \u2013 R\u00e9genben \u00e9retts\u00e9gizett, Mv.-en a M\u0171v\u00e9szeti Iskol\u00e1ban v\u00e9gzett. Tagja volt a MMKE-nek (1977\u2013). Olajfestm\u00e9nyekkel \u00e9s akvarelekkel szerpelt Mv.-en csoportos \u00e9s kollekt\u00edv ki\u00e1ll\u00edt\u00e1sokon (1978\u201393). \u2013 F. ki\u00e1ll.: egy\u00e9ni ki\u00e1ll\u00edt\u00e1sa volt az Unirea Teremben Mv.-en (1980, 1982), a Maros megyei N\u00e9prajzi M\u00fazeumban (1980). Alkot\u00f3t\u00e1borban vett r\u00e9szt Szov\u00e1t\u00e1n (1988, 1989), valamint [&hellip;]<\/p>\n","protected":false},"featured_media":0,"comment_status":"open","ping_status":"closed","template":"","meta":[],"product_brand":[],"product_cat":[137],"product_tag":[],"class_list":{"0":"post-14180","1":"product","2":"type-product","3":"status-publish","5":"product_cat-maros-megyei-eletrajzi-lexikon","7":"first","8":"instock","9":"shipping-taxable","10":"product-type-simple"},"_links":{"self":[{"href":"https:\/\/uj.adatbank.ro\/lexikon\/wp-json\/wp\/v2\/product\/14180","targetHints":{"allow":["GET"]}}],"collection":[{"href":"https:\/\/uj.adatbank.ro\/lexikon\/wp-json\/wp\/v2\/product"}],"about":[{"href":"https:\/\/uj.adatbank.ro\/lexikon\/wp-json\/wp\/v2\/types\/product"}],"replies":[{"embeddable":true,"href":"https:\/\/uj.adatbank.ro\/lexikon\/wp-json\/wp\/v2\/comments?post=14180"}],"wp:attachment":[{"href":"https:\/\/uj.adatbank.ro\/lexikon\/wp-json\/wp\/v2\/media?parent=14180"}],"wp:term":[{"taxonomy":"product_brand","embeddable":true,"href":"https:\/\/uj.adatbank.ro\/lexikon\/wp-json\/wp\/v2\/product_brand?post=14180"},{"taxonomy":"product_cat","embeddable":true,"href":"https:\/\/uj.adatbank.ro\/lexikon\/wp-json\/wp\/v2\/product_cat?post=14180"},{"taxonomy":"product_tag","embeddable":true,"href":"https:\/\/uj.adatbank.ro\/lexikon\/wp-json\/wp\/v2\/product_tag?post=14180"}],"curies":[{"name":"wp","href":"https:\/\/api.w.org\/{rel}","templated":true}]}}

<p>Szászrégen, 1936. dec. 29., † Mv.,1999.: képzőművész. – Régenben érettségizett, Mv.-en a Művészeti Iskolában végzett. Tagja volt a MMKE-nek (1977–). Olajfestményekkel és akvarelekkel szerpelt Mv.-en csoportos és kollektív kiállításokon (1978–93). – <strong>F. kiáll.:</strong> egyéni kiállítása volt az Unirea Teremben Mv.-en (1980, 1982), a Maros megyei Néprajzi Múzeumban (1980). Alkotótáborban vett részt Szovátán (1988, 1989), valamint Segesváron (1987). <br /><strong>Irod.:</strong> AAPM; Opriş 2018</br></p>

<p>Szászrégen, 1936. dec. 29., † Mv.,1999.: képzőművész. – Régenben érettségizett, Mv.-en a Művészeti Iskolában végzett. Tagja volt a MMKE-nek (1977–). Olajfestményekkel és akvarelekkel szerpelt Mv.-en csoportos és kollektív kiállításokon (1978–93). – F. kiáll.: egyéni kiállítása volt az Unirea Teremben Mv.-en (1980, 1982), a Maros megyei Néprajzi Múzeumban (1980). Alkotótáborban vett részt Szovátán (1988, 1989), valamint [&hellip;]</p>
