{"id":14182,"date":"2025-07-15T12:53:16","date_gmt":"2025-07-15T10:53:16","guid":{"rendered":"https:\/\/uj.adatbank.ro\/lexikon\/termek\/lupeanu-lup-ioan\/"},"modified":"2025-07-15T12:53:16","modified_gmt":"2025-07-15T10:53:16","slug":"lupeanu-lup-ioan","status":"publish","type":"product","link":"https:\/\/uj.adatbank.ro\/lexikon\/termek\/lupeanu-lup-ioan\/","title":{"rendered":"LUPEANU LUP, Ioan"},"content":{"rendered":"<p>Curciu, 1884., \u2020\u00a0?: rend\u0151rf\u00f6n\u00f6k. \u2013Jogot \u00e9s kereskedelmi akad.-t Kv.-on v\u00e9gzett, ut\u00e1na az Albina bankn\u00e1l tisztvisel\u0151 volt (\u20131913), majd az erzs\u00e9betv\u00e1rosi Mugurul Bankn\u00e1l dolgozott. Az imp\u00e9rium v\u00e1lt\u00e1s ut\u00e1n a rend\u0151rs\u00e9ghez ker\u00fclt: Erzs\u00e9betv\u00e1roson rend\u0151rkapit\u00e1ny (\u20131929), majd az \u00faj k\u00f6zigazgat\u00e1si t\u00f6rv\u00e9ny \u00e9rtelm\u00e9ben rend\u0151rf\u0151n\u00f6k lett Kisk\u00fck\u00fcll\u0151 vm.-ben Dics\u0151szentm\u00e1rtonban. Az ASTRA fi\u00f3kj\u00e1nak alap\u00edt\u00f3 tagja, a kaszin\u00f3 vezet\u0151s\u00e9gi tagja, a g. kel. egyh\u00e1zk\u00f6zs\u00e9g tan\u00e1csosa \u00e9s ker\u00fcleti k\u00e9pvisel\u0151je volt. <br \/><strong>Irod.:<\/strong> Ki kicsoda ?<\/br><\/p>\n","protected":false},"excerpt":{"rendered":"<p>Curciu, 1884., \u2020\u00a0?: rend\u0151rf\u00f6n\u00f6k. \u2013Jogot \u00e9s kereskedelmi akad.-t Kv.-on v\u00e9gzett, ut\u00e1na az Albina bankn\u00e1l tisztvisel\u0151 volt (\u20131913), majd az erzs\u00e9betv\u00e1rosi Mugurul Bankn\u00e1l dolgozott. Az imp\u00e9rium v\u00e1lt\u00e1s ut\u00e1n a rend\u0151rs\u00e9ghez ker\u00fclt: Erzs\u00e9betv\u00e1roson rend\u0151rkapit\u00e1ny (\u20131929), majd az \u00faj k\u00f6zigazgat\u00e1si t\u00f6rv\u00e9ny \u00e9rtelm\u00e9ben rend\u0151rf\u0151n\u00f6k lett Kisk\u00fck\u00fcll\u0151 vm.-ben Dics\u0151szentm\u00e1rtonban. Az ASTRA fi\u00f3kj\u00e1nak alap\u00edt\u00f3 tagja, a kaszin\u00f3 vezet\u0151s\u00e9gi tagja, a g. [&hellip;]<\/p>\n","protected":false},"featured_media":0,"comment_status":"open","ping_status":"closed","template":"","meta":[],"product_brand":[],"product_cat":[137],"product_tag":[],"class_list":{"0":"post-14182","1":"product","2":"type-product","3":"status-publish","5":"product_cat-maros-megyei-eletrajzi-lexikon","7":"first","8":"instock","9":"shipping-taxable","10":"product-type-simple"},"_links":{"self":[{"href":"https:\/\/uj.adatbank.ro\/lexikon\/wp-json\/wp\/v2\/product\/14182","targetHints":{"allow":["GET"]}}],"collection":[{"href":"https:\/\/uj.adatbank.ro\/lexikon\/wp-json\/wp\/v2\/product"}],"about":[{"href":"https:\/\/uj.adatbank.ro\/lexikon\/wp-json\/wp\/v2\/types\/product"}],"replies":[{"embeddable":true,"href":"https:\/\/uj.adatbank.ro\/lexikon\/wp-json\/wp\/v2\/comments?post=14182"}],"wp:attachment":[{"href":"https:\/\/uj.adatbank.ro\/lexikon\/wp-json\/wp\/v2\/media?parent=14182"}],"wp:term":[{"taxonomy":"product_brand","embeddable":true,"href":"https:\/\/uj.adatbank.ro\/lexikon\/wp-json\/wp\/v2\/product_brand?post=14182"},{"taxonomy":"product_cat","embeddable":true,"href":"https:\/\/uj.adatbank.ro\/lexikon\/wp-json\/wp\/v2\/product_cat?post=14182"},{"taxonomy":"product_tag","embeddable":true,"href":"https:\/\/uj.adatbank.ro\/lexikon\/wp-json\/wp\/v2\/product_tag?post=14182"}],"curies":[{"name":"wp","href":"https:\/\/api.w.org\/{rel}","templated":true}]}}

<p>Curciu, 1884., † ?: rendőrfönök. –Jogot és kereskedelmi akad.-t Kv.-on végzett, utána az Albina banknál tisztviselő volt (–1913), majd az erzsébetvárosi Mugurul Banknál dolgozott. Az impérium váltás után a rendőrséghez került: Erzsébetvároson rendőrkapitány (–1929), majd az új közigazgatási törvény értelmében rendőrfőnök lett Kisküküllő vm.-ben Dicsőszentmártonban. Az ASTRA fiókjának alapító tagja, a kaszinó vezetőségi tagja, a g. kel. egyházközség tanácsosa és kerületi képviselője volt. <br /><strong>Irod.:</strong> Ki kicsoda ?</br></p>

<p>Curciu, 1884., † ?: rendőrfönök. –Jogot és kereskedelmi akad.-t Kv.-on végzett, utána az Albina banknál tisztviselő volt (–1913), majd az erzsébetvárosi Mugurul Banknál dolgozott. Az impérium váltás után a rendőrséghez került: Erzsébetvároson rendőrkapitány (–1929), majd az új közigazgatási törvény értelmében rendőrfőnök lett Kisküküllő vm.-ben Dicsőszentmártonban. Az ASTRA fiókjának alapító tagja, a kaszinó vezetőségi tagja, a g. [&hellip;]</p>
