{"id":14185,"date":"2025-07-15T12:53:24","date_gmt":"2025-07-15T10:53:24","guid":{"rendered":"https:\/\/uj.adatbank.ro\/lexikon\/termek\/lupsa-ioan-%c2%a7\/"},"modified":"2025-07-15T12:53:24","modified_gmt":"2025-07-15T10:53:24","slug":"lupsa-ioan-%c2%a7","status":"publish","type":"product","link":"https:\/\/uj.adatbank.ro\/lexikon\/termek\/lupsa-ioan-%c2%a7\/","title":{"rendered":"LUP\u015eA, Ioan, \u00a7"},"content":{"rendered":"<p>? \u2020\u00a0?\u00a0: tan\u00e1r, igazgat\u00f3. \u2013 A mv.-i Ref. Koll.-ban volt \u00f3rad\u00f3 tan\u00e1r (1925\u201326,1927\u201331,1934\u201338). A rom\u00e1n nyelv\u0171 mv.-i tan\u00edt\u00f3k\u00e9pz\u0151 tan\u00e1ra, (1932\u201334; 1937\u201340; 1944\u201348), igazgat\u00f3ja (1939). J\u00f3 gazdas\u00e1gi \u00e9rz\u00e9kkel vezette az iskol\u00e1t, gondoskodott a sz\u00fcks\u00e9ges felszerel\u00e9sekr\u0151l, jav\u00edt\u00e1sokat v\u00e9gzett, feljav\u00edtotta az intern\u00e1tusi \u00e9tkezde kosztj\u00e1t. Az \u00e1rva tanul\u00f3kat a m\u00f3dosabb sz\u00fcl\u0151k seg\u00edts\u00e9g\u00e9vel ruh\u00e1zattal l\u00e1ttatta el. Az iskola kertj\u00e9ben a tanul\u00f3k \u00e1ltal termesztett term\u00e9nyeket \u00e9rt\u00e9kes\u00edtette \u00e9s az iskola jav\u00e1ra ford\u00edtotta. Elmenek\u00fclt Mv.-r\u0151l (1941\u201345), majd visszat\u00e9rt. A tan\u00edt\u00f3k\u00e9pz\u0151t \u00e1thelyezt\u00e9k a Papiu L\u00edc.- \u00e9p\u00fclet\u00e9be, majd Sz\u00e1szr\u00e9genbe k\u00f6lt\u00f6ztett\u00e9k (1948). A Papiu Ilarian L\u00edc.-ban tan\u00edtott (1948\u201361). \u2013 <strong>F. m.:<\/strong> <strong>t\u00e1rssz.:<\/strong> Farcz\u00e1dy Elek, Fuchs Simon\u2013nal Marosv\u00e1s\u00e1rhely t\u00f6rt\u00e9nete  (k\u00e9zirat, 1958). <br \/><strong>Irod.:<\/strong> Chertes-Cioat\u0103; Id\u0151t\u00e1r 3; Mv. t\u00f6rt. 2, MMK<\/br><\/p>\n","protected":false},"excerpt":{"rendered":"<p>? \u2020\u00a0?\u00a0: tan\u00e1r, igazgat\u00f3. \u2013 A mv.-i Ref. Koll.-ban volt \u00f3rad\u00f3 tan\u00e1r (1925\u201326,1927\u201331,1934\u201338). A rom\u00e1n nyelv\u0171 mv.-i tan\u00edt\u00f3k\u00e9pz\u0151 tan\u00e1ra, (1932\u201334; 1937\u201340; 1944\u201348), igazgat\u00f3ja (1939). J\u00f3 gazdas\u00e1gi \u00e9rz\u00e9kkel vezette az iskol\u00e1t, gondoskodott a sz\u00fcks\u00e9ges felszerel\u00e9sekr\u0151l, jav\u00edt\u00e1sokat v\u00e9gzett, feljav\u00edtotta az intern\u00e1tusi \u00e9tkezde kosztj\u00e1t. Az \u00e1rva tanul\u00f3kat a m\u00f3dosabb sz\u00fcl\u0151k seg\u00edts\u00e9g\u00e9vel ruh\u00e1zattal l\u00e1ttatta el. Az iskola kertj\u00e9ben a [&hellip;]<\/p>\n","protected":false},"featured_media":0,"comment_status":"open","ping_status":"closed","template":"","meta":[],"product_brand":[],"product_cat":[137],"product_tag":[],"class_list":{"0":"post-14185","1":"product","2":"type-product","3":"status-publish","5":"product_cat-maros-megyei-eletrajzi-lexikon","7":"first","8":"instock","9":"shipping-taxable","10":"product-type-simple"},"_links":{"self":[{"href":"https:\/\/uj.adatbank.ro\/lexikon\/wp-json\/wp\/v2\/product\/14185","targetHints":{"allow":["GET"]}}],"collection":[{"href":"https:\/\/uj.adatbank.ro\/lexikon\/wp-json\/wp\/v2\/product"}],"about":[{"href":"https:\/\/uj.adatbank.ro\/lexikon\/wp-json\/wp\/v2\/types\/product"}],"replies":[{"embeddable":true,"href":"https:\/\/uj.adatbank.ro\/lexikon\/wp-json\/wp\/v2\/comments?post=14185"}],"wp:attachment":[{"href":"https:\/\/uj.adatbank.ro\/lexikon\/wp-json\/wp\/v2\/media?parent=14185"}],"wp:term":[{"taxonomy":"product_brand","embeddable":true,"href":"https:\/\/uj.adatbank.ro\/lexikon\/wp-json\/wp\/v2\/product_brand?post=14185"},{"taxonomy":"product_cat","embeddable":true,"href":"https:\/\/uj.adatbank.ro\/lexikon\/wp-json\/wp\/v2\/product_cat?post=14185"},{"taxonomy":"product_tag","embeddable":true,"href":"https:\/\/uj.adatbank.ro\/lexikon\/wp-json\/wp\/v2\/product_tag?post=14185"}],"curies":[{"name":"wp","href":"https:\/\/api.w.org\/{rel}","templated":true}]}}

LUPŞA, Ioan, §

<p>? † ? : tanár, igazgató. – A mv.-i Ref. Koll.-ban volt óradó tanár (1925–26,1927–31,1934–38). A román nyelvű mv.-i tanítóképző tanára, (1932–34; 1937–40; 1944–48), igazgatója (1939). Jó gazdasági érzékkel vezette az iskolát, gondoskodott a szükséges felszerelésekről, javításokat végzett, feljavította az internátusi étkezde kosztját. Az árva tanulókat a módosabb szülők segítségével ruházattal láttatta el. Az iskola kertjében a tanulók által termesztett terményeket értékesítette és az iskola javára fordította. Elmenekült Mv.-ről (1941–45), majd visszatért. A tanítóképzőt áthelyezték a Papiu Líc.- épületébe, majd Szászrégenbe költöztették (1948). A Papiu Ilarian Líc.-ban tanított (1948–61). – <strong>F. m.:</strong> <strong>társsz.:</strong> Farczády Elek, Fuchs Simon–nal Marosvásárhely története  (kézirat, 1958). <br /><strong>Irod.:</strong> Chertes-Cioată; Időtár 3; Mv. tört. 2, MMK</br></p>

<p>? † ? : tanár, igazgató. – A mv.-i Ref. Koll.-ban volt óradó tanár (1925–26,1927–31,1934–38). A román nyelvű mv.-i tanítóképző tanára, (1932–34; 1937–40; 1944–48), igazgatója (1939). Jó gazdasági érzékkel vezette az iskolát, gondoskodott a szükséges felszerelésekről, javításokat végzett, feljavította az internátusi étkezde kosztját. Az árva tanulókat a módosabb szülők segítségével ruházattal láttatta el. Az iskola kertjében a [&hellip;]</p>
