{"id":14186,"date":"2025-07-15T12:53:26","date_gmt":"2025-07-15T10:53:26","guid":{"rendered":"https:\/\/uj.adatbank.ro\/lexikon\/termek\/lupsan-valer-ioan\/"},"modified":"2025-07-15T12:53:26","modified_gmt":"2025-07-15T10:53:26","slug":"lupsan-valer-ioan","status":"publish","type":"product","link":"https:\/\/uj.adatbank.ro\/lexikon\/termek\/lupsan-valer-ioan\/","title":{"rendered":"LUP\u015eAN, Valer Ioan"},"content":{"rendered":"<p>Marosszentkir\u00e1ly, 1920. jan. 20., \u2020 Mv., 2002. jan. 26.: m\u00e9rn\u00f6k. \u2013 A k\u00f6z\u00e9piskol\u00e1t a mv.-i Papiu Ilarian Lic.-ban v\u00e9gezte (1938), az egyetemet Ia\u0219iban v\u00e9gezte \u00e9s vegy\u00e9szm\u00e9rn\u00f6ki diplom\u00e1t szerzett (1945). Mv.-en kezdett dolgozni, de 3 \u00e9v m\u00falva letart\u00f3ztatt\u00e1k \u00e9s 5 \u00e9vig b\u00f6rt\u00f6nben volt, an\u00e9lk\u00fcl hogy valaha is el\u00edt\u00e9lt\u00e9k volna; nyugd\u00edjba vonult 44 \u00e9vi munka ut\u00e1n (1989). Gyermekkor\u00e1t\u00f3l vonz\u00f3dott a m\u00e9h\u00e9szethez, amit m\u0171velt is (1975\u2013). \u00c9rdekl\u0151d\u00e9si ter\u00fclete:a t\u00f6rt\u00e9nelem, a mez\u0151gazdas\u00e1g m\u00faltja. 62 tanulm\u00e1nya jelent meg m\u00e9h\u00e9szeti sizmpoziumok k\u00f6teteiben: For\u0163ele culturii \u015fi apicultura (1992); Zeii daci \u015fi daco-romani \u00een raport cu albinele; Sfin\u0163ii \u015fi albinele,. valamint a Marisia, Revista Apicol\u0103, St.R., C. L. napilapokban. 4 tal\u00e1lm\u00e1nya, felfedez\u00e9se van a m\u00e9h csal\u00e1dok biol\u00f3gi\u00e1j\u00e1t, \u00e9s a m\u00e9z tart\u00f3s\u00edt\u00e1s\u00e1t illet\u0151en.Tagja a M\u00e9hteny\u00e9szt\u0151k Egyes\u00fclete mv.-i Fi\u00f3kj\u00e1nak; aleln\u00f6ke a Societtea de Istorie \u015fi Retrologie Agrar\u0103 Rom\u00e2n\u0103. (1994); Diploma de Excelen\u0163\u0103 \u00een Agricultur\u0103 (2001) kit\u0171ntetettje. \u2013 <strong>F. m.:<\/strong> \u00centroducere \u00een istoria apiculturii rom\u00e2ne\u015fti (TgM., 2001). <br \/><strong>Irod.:<\/strong> C.l. (2001. dec. 11.; 2002. jan. 29.; 2002. m\u00e1rc. 6.)<\/br><\/p>\n","protected":false},"excerpt":{"rendered":"<p>Marosszentkir\u00e1ly, 1920. jan. 20., \u2020 Mv., 2002. jan. 26.: m\u00e9rn\u00f6k. \u2013 A k\u00f6z\u00e9piskol\u00e1t a mv.-i Papiu Ilarian Lic.-ban v\u00e9gezte (1938), az egyetemet Ia\u0219iban v\u00e9gezte \u00e9s vegy\u00e9szm\u00e9rn\u00f6ki diplom\u00e1t szerzett (1945). Mv.-en kezdett dolgozni, de 3 \u00e9v m\u00falva letart\u00f3ztatt\u00e1k \u00e9s 5 \u00e9vig b\u00f6rt\u00f6nben volt, an\u00e9lk\u00fcl hogy valaha is el\u00edt\u00e9lt\u00e9k volna; nyugd\u00edjba vonult 44 \u00e9vi munka ut\u00e1n (1989). [&hellip;]<\/p>\n","protected":false},"featured_media":0,"comment_status":"open","ping_status":"closed","template":"","meta":[],"product_brand":[],"product_cat":[137],"product_tag":[],"class_list":{"0":"post-14186","1":"product","2":"type-product","3":"status-publish","5":"product_cat-maros-megyei-eletrajzi-lexikon","7":"first","8":"instock","9":"shipping-taxable","10":"product-type-simple"},"_links":{"self":[{"href":"https:\/\/uj.adatbank.ro\/lexikon\/wp-json\/wp\/v2\/product\/14186","targetHints":{"allow":["GET"]}}],"collection":[{"href":"https:\/\/uj.adatbank.ro\/lexikon\/wp-json\/wp\/v2\/product"}],"about":[{"href":"https:\/\/uj.adatbank.ro\/lexikon\/wp-json\/wp\/v2\/types\/product"}],"replies":[{"embeddable":true,"href":"https:\/\/uj.adatbank.ro\/lexikon\/wp-json\/wp\/v2\/comments?post=14186"}],"wp:attachment":[{"href":"https:\/\/uj.adatbank.ro\/lexikon\/wp-json\/wp\/v2\/media?parent=14186"}],"wp:term":[{"taxonomy":"product_brand","embeddable":true,"href":"https:\/\/uj.adatbank.ro\/lexikon\/wp-json\/wp\/v2\/product_brand?post=14186"},{"taxonomy":"product_cat","embeddable":true,"href":"https:\/\/uj.adatbank.ro\/lexikon\/wp-json\/wp\/v2\/product_cat?post=14186"},{"taxonomy":"product_tag","embeddable":true,"href":"https:\/\/uj.adatbank.ro\/lexikon\/wp-json\/wp\/v2\/product_tag?post=14186"}],"curies":[{"name":"wp","href":"https:\/\/api.w.org\/{rel}","templated":true}]}}

LUPŞAN, Valer Ioan

<p>Marosszentkirály, 1920. jan. 20., † Mv., 2002. jan. 26.: mérnök. – A középiskolát a mv.-i Papiu Ilarian Lic.-ban végezte (1938), az egyetemet Iașiban végezte és vegyészmérnöki diplomát szerzett (1945). Mv.-en kezdett dolgozni, de 3 év múlva letartóztatták és 5 évig börtönben volt, anélkül hogy valaha is elítélték volna; nyugdíjba vonult 44 évi munka után (1989). Gyermekkorától vonzódott a méhészethez, amit művelt is (1975–). Érdeklődési területe:a történelem, a mezőgazdaság múltja. 62 tanulmánya jelent meg méhészeti sizmpoziumok köteteiben: Forţele culturii şi apicultura (1992); Zeii daci şi daco-romani în raport cu albinele; Sfinţii şi albinele,. valamint a Marisia, Revista Apicolă, St.R., C. L. napilapokban. 4 találmánya, felfedezése van a méh családok biológiáját, és a méz tartósítását illetően.Tagja a Méhtenyésztők Egyesülete mv.-i Fiókjának; alelnöke a Societtea de Istorie şi Retrologie Agrară Română. (1994); Diploma de Excelenţă în Agricultură (2001) kitűntetettje. – <strong>F. m.:</strong> Întroducere în istoria apiculturii româneşti (TgM., 2001). <br /><strong>Irod.:</strong> C.l. (2001. dec. 11.; 2002. jan. 29.; 2002. márc. 6.)</br></p>

<p>Marosszentkirály, 1920. jan. 20., † Mv., 2002. jan. 26.: mérnök. – A középiskolát a mv.-i Papiu Ilarian Lic.-ban végezte (1938), az egyetemet Iașiban végezte és vegyészmérnöki diplomát szerzett (1945). Mv.-en kezdett dolgozni, de 3 év múlva letartóztatták és 5 évig börtönben volt, anélkül hogy valaha is elítélték volna; nyugdíjba vonult 44 évi munka után (1989). [&hellip;]</p>
