{"id":14188,"date":"2025-07-15T12:53:29","date_gmt":"2025-07-15T10:53:29","guid":{"rendered":"https:\/\/uj.adatbank.ro\/lexikon\/termek\/lupu-aurel\/"},"modified":"2025-07-15T12:53:29","modified_gmt":"2025-07-15T10:53:29","slug":"lupu-aurel","status":"publish","type":"product","link":"https:\/\/uj.adatbank.ro\/lexikon\/termek\/lupu-aurel\/","title":{"rendered":"LUPU, Aurel"},"content":{"rendered":"<p>? \u2020 ? : politikus.- A Maros megyei P\u00e1rtbizotts\u00e1g propaganda titk\u00e1ra. \u2013 F. m.\u00a0: Propaganda vizual\u0103 \u00een consens cu imperativele produc\u0163iei (Tg. M., 1980); <strong>t\u00e1rssz.:<\/strong> Jude\u0163ul Mure\u015f pe coordonatele socialismului (Olteanu Vasilevel \u00e9s Popa, Atanasieval; Tg.M., 1968); C\u0103minul cultural, tribun\u0103 de popularizare a politicii partidului (Moldovan Iuliuval; Tg.M., 1969);  Institu\u0163iile culturale \u00een \u00eent\u00eempinarea anivers\u0103rii semicentenarului partidului (Moldovan Iuliuval; Tg.M., 1971); Kultur\u00e1lis int\u00e9zm\u00e9nyeink k\u00f6sz\u00f6ntik a p\u00e1rt f\u00e9l\u00e9vsz\u00e1zados megalakul\u00e1s\u00e1t; Mv., 1971); Mure\u015f (monogr.; Buc., 1980); <strong>szerk.:<\/strong> Jude\u0163ul Mure\u015f = Maros megye = Der Kreis Mure\u015f (Tg.M., 1979); Eroism pe Mure\u015f \u015fi pe T\u00eernave = H\u0151siess\u00e9g a Maros \u00e9s k\u00e9t K\u00fck\u00fcll\u0151 ment\u00e9n = Heldentum am Mieresch und an den Kokeln (Cluj, 1971)<\/br><\/p>\n","protected":false},"excerpt":{"rendered":"<p>? \u2020 ? : politikus.- A Maros megyei P\u00e1rtbizotts\u00e1g propaganda titk\u00e1ra. \u2013 F. m.\u00a0: Propaganda vizual\u0103 \u00een consens cu imperativele produc\u0163iei (Tg. M., 1980); t\u00e1rssz.: Jude\u0163ul Mure\u015f pe coordonatele socialismului (Olteanu Vasilevel \u00e9s Popa, Atanasieval; Tg.M., 1968); C\u0103minul cultural, tribun\u0103 de popularizare a politicii partidului (Moldovan Iuliuval; Tg.M., 1969); Institu\u0163iile culturale \u00een \u00eent\u00eempinarea anivers\u0103rii semicentenarului [&hellip;]<\/p>\n","protected":false},"featured_media":0,"comment_status":"open","ping_status":"closed","template":"","meta":[],"product_brand":[],"product_cat":[137],"product_tag":[],"class_list":{"0":"post-14188","1":"product","2":"type-product","3":"status-publish","5":"product_cat-maros-megyei-eletrajzi-lexikon","7":"first","8":"instock","9":"shipping-taxable","10":"product-type-simple"},"_links":{"self":[{"href":"https:\/\/uj.adatbank.ro\/lexikon\/wp-json\/wp\/v2\/product\/14188","targetHints":{"allow":["GET"]}}],"collection":[{"href":"https:\/\/uj.adatbank.ro\/lexikon\/wp-json\/wp\/v2\/product"}],"about":[{"href":"https:\/\/uj.adatbank.ro\/lexikon\/wp-json\/wp\/v2\/types\/product"}],"replies":[{"embeddable":true,"href":"https:\/\/uj.adatbank.ro\/lexikon\/wp-json\/wp\/v2\/comments?post=14188"}],"wp:attachment":[{"href":"https:\/\/uj.adatbank.ro\/lexikon\/wp-json\/wp\/v2\/media?parent=14188"}],"wp:term":[{"taxonomy":"product_brand","embeddable":true,"href":"https:\/\/uj.adatbank.ro\/lexikon\/wp-json\/wp\/v2\/product_brand?post=14188"},{"taxonomy":"product_cat","embeddable":true,"href":"https:\/\/uj.adatbank.ro\/lexikon\/wp-json\/wp\/v2\/product_cat?post=14188"},{"taxonomy":"product_tag","embeddable":true,"href":"https:\/\/uj.adatbank.ro\/lexikon\/wp-json\/wp\/v2\/product_tag?post=14188"}],"curies":[{"name":"wp","href":"https:\/\/api.w.org\/{rel}","templated":true}]}}