{"id":14190,"date":"2025-07-15T12:53:33","date_gmt":"2025-07-15T10:53:33","guid":{"rendered":"https:\/\/uj.adatbank.ro\/lexikon\/termek\/lupu-dumitru\/"},"modified":"2025-07-15T12:53:33","modified_gmt":"2025-07-15T10:53:33","slug":"lupu-dumitru","status":"publish","type":"product","link":"https:\/\/uj.adatbank.ro\/lexikon\/termek\/lupu-dumitru\/","title":{"rendered":"LUPU, Dumitru"},"content":{"rendered":"<p>G\u00f6rg\u00e9nyhod\u00e1k, 1886., \u2020 ? : orvos. \u2013Bel\u00e9nyesen \u00e9retts\u00e9gizett, az egyetem orvosi fakult\u00e1s\u00e1t Kv.-on v\u00e9gezte. Eleinte a kv.-i klinik\u00e1n praktiz\u00e1lt, majd a nagyv\u00e1radi, aradi \u00e9s lugosi \u00e1llami k\u00f3rh\u00e1zakban m\u0171k\u00f6d\u00f6tt, Mez\u0151hegyesen orvos (1914), majd a piskii vas\u00fati k\u00f3rh\u00e1zban, k\u00e9s\u0151bb Mez\u0151b\u00e1ndon \u00e9s Cs\u00edkmegy\u00e9ben j\u00e1r\u00e1si \u00e9s k\u00f6rorvos. Sz\u00e1szr\u00e9genben v\u00e1rosi orvos (1925\u2013), mint ilyen a v\u00e1ros k\u00f6zeg\u00e9szs\u00e9g\u00fcgyi viszonyainak fejleszt\u00e9se ter\u00e9n kiv\u00e1l\u00f3 \u00e9rdemeket szerzett, megszervezte az orvosi hivatalt, elk\u00fcl\u00f6n\u00edt\u0151 izol\u00e1l\u00f3 h\u00e1zat l\u00e9tes\u00edtett a rag\u00e1lyos betegek r\u00e9sz\u00e9re, eg\u00e9szs\u00e9g\u00fcgyi tisztvisel\u0151ket \u00e1ll\u00edtott a v\u00e1ros szolg\u00e1lat\u00e1ba, szigor\u00faan ellen\u0151r\u00edzte a vend\u00e9gl\u0151k \u00e9s \u00e9ttermek tisztas\u00e1g\u00e1t, szem\u00e9tlerak\u00f3 telepet l\u00e9tes\u00edtett \u00e9s k\u00e9t utcai \u00f6nt\u0151z\u0151 j\u00e1rm\u0171vet szerzett be. <br \/><strong>Irod.:<\/strong> Ki kicsoda?<\/br><\/p>\n","protected":false},"excerpt":{"rendered":"<p>G\u00f6rg\u00e9nyhod\u00e1k, 1886., \u2020 ? : orvos. \u2013Bel\u00e9nyesen \u00e9retts\u00e9gizett, az egyetem orvosi fakult\u00e1s\u00e1t Kv.-on v\u00e9gezte. Eleinte a kv.-i klinik\u00e1n praktiz\u00e1lt, majd a nagyv\u00e1radi, aradi \u00e9s lugosi \u00e1llami k\u00f3rh\u00e1zakban m\u0171k\u00f6d\u00f6tt, Mez\u0151hegyesen orvos (1914), majd a piskii vas\u00fati k\u00f3rh\u00e1zban, k\u00e9s\u0151bb Mez\u0151b\u00e1ndon \u00e9s Cs\u00edkmegy\u00e9ben j\u00e1r\u00e1si \u00e9s k\u00f6rorvos. Sz\u00e1szr\u00e9genben v\u00e1rosi orvos (1925\u2013), mint ilyen a v\u00e1ros k\u00f6zeg\u00e9szs\u00e9g\u00fcgyi viszonyainak fejleszt\u00e9se ter\u00e9n [&hellip;]<\/p>\n","protected":false},"featured_media":0,"comment_status":"open","ping_status":"closed","template":"","meta":[],"product_brand":[],"product_cat":[137],"product_tag":[],"class_list":{"0":"post-14190","1":"product","2":"type-product","3":"status-publish","5":"product_cat-maros-megyei-eletrajzi-lexikon","7":"first","8":"instock","9":"shipping-taxable","10":"product-type-simple"},"_links":{"self":[{"href":"https:\/\/uj.adatbank.ro\/lexikon\/wp-json\/wp\/v2\/product\/14190","targetHints":{"allow":["GET"]}}],"collection":[{"href":"https:\/\/uj.adatbank.ro\/lexikon\/wp-json\/wp\/v2\/product"}],"about":[{"href":"https:\/\/uj.adatbank.ro\/lexikon\/wp-json\/wp\/v2\/types\/product"}],"replies":[{"embeddable":true,"href":"https:\/\/uj.adatbank.ro\/lexikon\/wp-json\/wp\/v2\/comments?post=14190"}],"wp:attachment":[{"href":"https:\/\/uj.adatbank.ro\/lexikon\/wp-json\/wp\/v2\/media?parent=14190"}],"wp:term":[{"taxonomy":"product_brand","embeddable":true,"href":"https:\/\/uj.adatbank.ro\/lexikon\/wp-json\/wp\/v2\/product_brand?post=14190"},{"taxonomy":"product_cat","embeddable":true,"href":"https:\/\/uj.adatbank.ro\/lexikon\/wp-json\/wp\/v2\/product_cat?post=14190"},{"taxonomy":"product_tag","embeddable":true,"href":"https:\/\/uj.adatbank.ro\/lexikon\/wp-json\/wp\/v2\/product_tag?post=14190"}],"curies":[{"name":"wp","href":"https:\/\/api.w.org\/{rel}","templated":true}]}}

<p>Görgényhodák, 1886., † ? : orvos. –Belényesen érettségizett, az egyetem orvosi fakultását Kv.-on végezte. Eleinte a kv.-i klinikán praktizált, majd a nagyváradi, aradi és lugosi állami kórházakban működött, Mezőhegyesen orvos (1914), majd a piskii vasúti kórházban, később Mezőbándon és Csíkmegyében járási és körorvos. Szászrégenben városi orvos (1925–), mint ilyen a város közegészségügyi viszonyainak fejlesztése terén kiváló érdemeket szerzett, megszervezte az orvosi hivatalt, elkülönítő izoláló házat létesített a ragályos betegek részére, egészségügyi tisztviselőket állított a város szolgálatába, szigorúan ellenőrízte a vendéglők és éttermek tisztaságát, szemétlerakó telepet létesített és két utcai öntőző járművet szerzett be. <br /><strong>Irod.:</strong> Ki kicsoda?</br></p>

<p>Görgényhodák, 1886., † ? : orvos. –Belényesen érettségizett, az egyetem orvosi fakultását Kv.-on végezte. Eleinte a kv.-i klinikán praktizált, majd a nagyváradi, aradi és lugosi állami kórházakban működött, Mezőhegyesen orvos (1914), majd a piskii vasúti kórházban, később Mezőbándon és Csíkmegyében járási és körorvos. Szászrégenben városi orvos (1925–), mint ilyen a város közegészségügyi viszonyainak fejlesztése terén [&hellip;]</p>
