{"id":14192,"date":"2025-07-15T12:53:36","date_gmt":"2025-07-15T10:53:36","guid":{"rendered":"https:\/\/uj.adatbank.ro\/lexikon\/termek\/lupu-iacob\/"},"modified":"2025-07-15T12:53:36","modified_gmt":"2025-07-15T10:53:36","slug":"lupu-iacob","status":"publish","type":"product","link":"https:\/\/uj.adatbank.ro\/lexikon\/termek\/lupu-iacob\/","title":{"rendered":"LUPU, Iacob"},"content":{"rendered":"<p>L\u00f6v\u00e9r, ? \u2020 Brass\u00f3,? : m\u00e9rn\u00f6k. \u2013 A Maros \u2013 Brass\u00f3 CFR \/ vas\u00fatn\u00e1l dolgozott. Nasz\u00f3don a George Co\u015fbuc L\u00edc.-ban \u00e9retts\u00e9gizett. M\u00e1r k\u00f6z\u00e9piskol\u00e1s kor\u00e1ban tagja volt az iskola t\u00e1nccsoportj\u00e1nak. Egyetemista kor\u00e1ban Moldovan Mihai tan\u00edt\u00f3val egy\u00fctt megszervezte L\u00f6v\u00e9r els\u0151 leg\u00e9ny \u2013 t\u00e1nccsoportj\u00e1t (1928), betan\u00edtott\u00e1k a B\u0103tuta \u00e9s C\u0103lu\u015farul t\u00e1ncokat. Tagja volt a Sz\u00e1szr\u00e9gen \u00e9s k\u00f6rny\u00e9ke Rom\u00e1n Ifjak T\u00e1rsas\u00e1g\u00e1nak (Societatea Tinerimea Rom. din Reghin \u015fi jur t\u00e1rsas\u00e1gnak), amely a Maros megyei rom\u00e1n ifj\u00fas\u00e1gnak nevel\u00e9s\u00e9vel foglalkozott, nemzettudat\u00e1t fejlesztette. Sok faluban tartottak tud.-os \u00e9s m\u0171v\u00e9szi el\u0151ad\u00e1sokat: Deda, Marosoroszfalu, Hodak, Nyulas, Monor, L\u00f6v\u00e9r, stb. A r\u00e9geni \u00edfj\u00fas\u00e1gi szervezet k\u00e9s\u0151bb feloszlott (1936. \u00e1pr. 5). A t\u00e1nccsoport viszont, kisebb-nagyobb megszak\u00edt\u00e1sokkal ma is m\u0171k\u0151dik, \u00e9s sz\u00e9p sikereket mondhat mag\u00e1\u00e9nak. <br \/><strong>Irod.:<\/strong> Lueriu<\/br><\/p>\n","protected":false},"excerpt":{"rendered":"<p>L\u00f6v\u00e9r, ? \u2020 Brass\u00f3,? : m\u00e9rn\u00f6k. \u2013 A Maros \u2013 Brass\u00f3 CFR \/ vas\u00fatn\u00e1l dolgozott. Nasz\u00f3don a George Co\u015fbuc L\u00edc.-ban \u00e9retts\u00e9gizett. M\u00e1r k\u00f6z\u00e9piskol\u00e1s kor\u00e1ban tagja volt az iskola t\u00e1nccsoportj\u00e1nak. Egyetemista kor\u00e1ban Moldovan Mihai tan\u00edt\u00f3val egy\u00fctt megszervezte L\u00f6v\u00e9r els\u0151 leg\u00e9ny \u2013 t\u00e1nccsoportj\u00e1t (1928), betan\u00edtott\u00e1k a B\u0103tuta \u00e9s C\u0103lu\u015farul t\u00e1ncokat. Tagja volt a Sz\u00e1szr\u00e9gen \u00e9s k\u00f6rny\u00e9ke Rom\u00e1n [&hellip;]<\/p>\n","protected":false},"featured_media":0,"comment_status":"open","ping_status":"closed","template":"","meta":[],"product_brand":[],"product_cat":[137],"product_tag":[],"class_list":{"0":"post-14192","1":"product","2":"type-product","3":"status-publish","5":"product_cat-maros-megyei-eletrajzi-lexikon","7":"first","8":"instock","9":"shipping-taxable","10":"product-type-simple"},"_links":{"self":[{"href":"https:\/\/uj.adatbank.ro\/lexikon\/wp-json\/wp\/v2\/product\/14192","targetHints":{"allow":["GET"]}}],"collection":[{"href":"https:\/\/uj.adatbank.ro\/lexikon\/wp-json\/wp\/v2\/product"}],"about":[{"href":"https:\/\/uj.adatbank.ro\/lexikon\/wp-json\/wp\/v2\/types\/product"}],"replies":[{"embeddable":true,"href":"https:\/\/uj.adatbank.ro\/lexikon\/wp-json\/wp\/v2\/comments?post=14192"}],"wp:attachment":[{"href":"https:\/\/uj.adatbank.ro\/lexikon\/wp-json\/wp\/v2\/media?parent=14192"}],"wp:term":[{"taxonomy":"product_brand","embeddable":true,"href":"https:\/\/uj.adatbank.ro\/lexikon\/wp-json\/wp\/v2\/product_brand?post=14192"},{"taxonomy":"product_cat","embeddable":true,"href":"https:\/\/uj.adatbank.ro\/lexikon\/wp-json\/wp\/v2\/product_cat?post=14192"},{"taxonomy":"product_tag","embeddable":true,"href":"https:\/\/uj.adatbank.ro\/lexikon\/wp-json\/wp\/v2\/product_tag?post=14192"}],"curies":[{"name":"wp","href":"https:\/\/api.w.org\/{rel}","templated":true}]}}

<p>Lövér, ? † Brassó,? : mérnök. – A Maros – Brassó CFR / vasútnál dolgozott. Naszódon a George Coşbuc Líc.-ban érettségizett. Már középiskolás korában tagja volt az iskola tánccsoportjának. Egyetemista korában Moldovan Mihai tanítóval együtt megszervezte Lövér első legény – tánccsoportját (1928), betanították a Bătuta és Căluşarul táncokat. Tagja volt a Szászrégen és környéke Román Ifjak Társaságának (Societatea Tinerimea Rom. din Reghin şi jur társaságnak), amely a Maros megyei román ifjúságnak nevelésével foglalkozott, nemzettudatát fejlesztette. Sok faluban tartottak tud.-os és művészi előadásokat: Deda, Marosoroszfalu, Hodak, Nyulas, Monor, Lövér, stb. A régeni ífjúsági szervezet később feloszlott (1936. ápr. 5). A tánccsoport viszont, kisebb-nagyobb megszakításokkal ma is műkődik, és szép sikereket mondhat magáénak. <br /><strong>Irod.:</strong> Lueriu</br></p>

<p>Lövér, ? † Brassó,? : mérnök. – A Maros – Brassó CFR / vasútnál dolgozott. Naszódon a George Coşbuc Líc.-ban érettségizett. Már középiskolás korában tagja volt az iskola tánccsoportjának. Egyetemista korában Moldovan Mihai tanítóval együtt megszervezte Lövér első legény – tánccsoportját (1928), betanították a Bătuta és Căluşarul táncokat. Tagja volt a Szászrégen és környéke Román [&hellip;]</p>
