{"id":14194,"date":"2025-07-15T12:53:39","date_gmt":"2025-07-15T10:53:39","guid":{"rendered":"https:\/\/uj.adatbank.ro\/lexikon\/termek\/lupu-leon\/"},"modified":"2025-07-15T12:53:39","modified_gmt":"2025-07-15T10:53:39","slug":"lupu-leon","status":"publish","type":"product","link":"https:\/\/uj.adatbank.ro\/lexikon\/termek\/lupu-leon\/","title":{"rendered":"LUPU, Leon"},"content":{"rendered":"<p>G\u00f6rg\u00e9nyhod\u00e1k, 1896.okt. 2., \u2020 ?: \u00fcgyv\u00e9d. \u2013 Apja, Zaharia Lupu, Hod\u00e1k ort. lelk\u00e9sze volt. \u2013 Besztercenasz\u00f3don \u00e9retts\u00e9gizett, jogot Kv.-on a FJTE- en v\u00e9gzett (1918\u201319). A rom\u00e1n nemzeti \u00e9rdekek lelkes harcosak\u00e9nt, Hod\u00e1k Rom\u00e1n Nemzeti Tan\u00e1csa k\u00fcld\u00f6ttek\u00e9nt- amelynek eln\u00f6ke is volt, r\u00e9szt vett a gyulafeh\u00e9rv\u00e1ri egyes\u00fcl\u00e9si gy\u0171l\u00e9sen (1918. dec. 1.).Tagja volt a Nemzeti G\u00e1rd\u00e1nak is. Sz\u00e1szr\u00e9genben \u00f6n\u00e1ll\u00f3 \u00fcgyv\u00e9d (1928\u2013), a hodaki Banca Popurala \u00e9s vad\u00e1szegylet \u00fcgy\u00e9sze. Gyakran volt II.K\u00e1roly kir\u00e1ly vad\u00e1szt\u00e1rsa a laposnyai erd\u0151kben. A Liber\u00e1lis P\u00e1rt tagozat\u00e1nak vezet\u0151s\u00e9gi tagja. A Nemzeti G\u00e1rda tisztje. Sz\u00e1szr\u00e9genben, a hadseregeben tartal\u00e9kos hadnagy, t\u00f6bb kit\u00fcntet\u00e9s tulajdonosa. A Reg\u00e1tba menek\u00fclt (1940\u2013), ahol \u00e9lete v\u00e9g\u00e9ig \u00e9lt. K\u00edv\u00e1ns\u00e1g\u00e1ra Hod\u00e1kon temett\u00e9k. <br \/><strong>Irod.:<\/strong> Albu; Gurghiul vale; Ki kicsoda?; Sigmirean<\/br><\/p>\n","protected":false},"excerpt":{"rendered":"<p>G\u00f6rg\u00e9nyhod\u00e1k, 1896.okt. 2., \u2020 ?: \u00fcgyv\u00e9d. \u2013 Apja, Zaharia Lupu, Hod\u00e1k ort. lelk\u00e9sze volt. \u2013 Besztercenasz\u00f3don \u00e9retts\u00e9gizett, jogot Kv.-on a FJTE- en v\u00e9gzett (1918\u201319). A rom\u00e1n nemzeti \u00e9rdekek lelkes harcosak\u00e9nt, Hod\u00e1k Rom\u00e1n Nemzeti Tan\u00e1csa k\u00fcld\u00f6ttek\u00e9nt- amelynek eln\u00f6ke is volt, r\u00e9szt vett a gyulafeh\u00e9rv\u00e1ri egyes\u00fcl\u00e9si gy\u0171l\u00e9sen (1918. dec. 1.).Tagja volt a Nemzeti G\u00e1rd\u00e1nak is. Sz\u00e1szr\u00e9genben \u00f6n\u00e1ll\u00f3 [&hellip;]<\/p>\n","protected":false},"featured_media":0,"comment_status":"open","ping_status":"closed","template":"","meta":[],"product_brand":[],"product_cat":[137],"product_tag":[],"class_list":{"0":"post-14194","1":"product","2":"type-product","3":"status-publish","5":"product_cat-maros-megyei-eletrajzi-lexikon","7":"first","8":"instock","9":"shipping-taxable","10":"product-type-simple"},"_links":{"self":[{"href":"https:\/\/uj.adatbank.ro\/lexikon\/wp-json\/wp\/v2\/product\/14194","targetHints":{"allow":["GET"]}}],"collection":[{"href":"https:\/\/uj.adatbank.ro\/lexikon\/wp-json\/wp\/v2\/product"}],"about":[{"href":"https:\/\/uj.adatbank.ro\/lexikon\/wp-json\/wp\/v2\/types\/product"}],"replies":[{"embeddable":true,"href":"https:\/\/uj.adatbank.ro\/lexikon\/wp-json\/wp\/v2\/comments?post=14194"}],"wp:attachment":[{"href":"https:\/\/uj.adatbank.ro\/lexikon\/wp-json\/wp\/v2\/media?parent=14194"}],"wp:term":[{"taxonomy":"product_brand","embeddable":true,"href":"https:\/\/uj.adatbank.ro\/lexikon\/wp-json\/wp\/v2\/product_brand?post=14194"},{"taxonomy":"product_cat","embeddable":true,"href":"https:\/\/uj.adatbank.ro\/lexikon\/wp-json\/wp\/v2\/product_cat?post=14194"},{"taxonomy":"product_tag","embeddable":true,"href":"https:\/\/uj.adatbank.ro\/lexikon\/wp-json\/wp\/v2\/product_tag?post=14194"}],"curies":[{"name":"wp","href":"https:\/\/api.w.org\/{rel}","templated":true}]}}

<p>Görgényhodák, 1896.okt. 2., † ?: ügyvéd. – Apja, Zaharia Lupu, Hodák ort. lelkésze volt. – Besztercenaszódon érettségizett, jogot Kv.-on a FJTE- en végzett (1918–19). A román nemzeti érdekek lelkes harcosaként, Hodák Román Nemzeti Tanácsa küldötteként- amelynek elnöke is volt, részt vett a gyulafehérvári egyesülési gyűlésen (1918. dec. 1.).Tagja volt a Nemzeti Gárdának is. Szászrégenben önálló ügyvéd (1928–), a hodaki Banca Popurala és vadászegylet ügyésze. Gyakran volt II.Károly király vadásztársa a laposnyai erdőkben. A Liberális Párt tagozatának vezetőségi tagja. A Nemzeti Gárda tisztje. Szászrégenben, a hadseregeben tartalékos hadnagy, több kitüntetés tulajdonosa. A Regátba menekült (1940–), ahol élete végéig élt. Kívánságára Hodákon temették. <br /><strong>Irod.:</strong> Albu; Gurghiul vale; Ki kicsoda?; Sigmirean</br></p>

<p>Görgényhodák, 1896.okt. 2., † ?: ügyvéd. – Apja, Zaharia Lupu, Hodák ort. lelkésze volt. – Besztercenaszódon érettségizett, jogot Kv.-on a FJTE- en végzett (1918–19). A román nemzeti érdekek lelkes harcosaként, Hodák Román Nemzeti Tanácsa küldötteként- amelynek elnöke is volt, részt vett a gyulafehérvári egyesülési gyűlésen (1918. dec. 1.).Tagja volt a Nemzeti Gárdának is. Szászrégenben önálló [&hellip;]</p>
