{"id":14198,"date":"2025-07-15T12:53:49","date_gmt":"2025-07-15T10:53:49","guid":{"rendered":"https:\/\/uj.adatbank.ro\/lexikon\/termek\/lupu-stefan-farcas-stefan\/"},"modified":"2025-07-15T12:53:49","modified_gmt":"2025-07-15T10:53:49","slug":"lupu-stefan-farcas-stefan","status":"publish","type":"product","link":"https:\/\/uj.adatbank.ro\/lexikon\/termek\/lupu-stefan-farcas-stefan\/","title":{"rendered":"LUPU, \u015etefan, Farca\u015f, \u015etefan"},"content":{"rendered":"<p>1790.,\u2020 G\u00f6rg\u00e9nyhod\u00e1k, 1868. jun. 30.: ort. pap. \u2013 Hod\u00e1kban szolg\u00e1lt (1826 (?)\u20131868). <br \/><strong>Irod.:<\/strong> Dobozi<\/br><\/p>\n","protected":false},"excerpt":{"rendered":"<p>1790.,\u2020 G\u00f6rg\u00e9nyhod\u00e1k, 1868. jun. 30.: ort. pap. \u2013 Hod\u00e1kban szolg\u00e1lt (1826 (?)\u20131868). Irod.: Dobozi<\/p>\n","protected":false},"featured_media":0,"comment_status":"open","ping_status":"closed","template":"","meta":[],"product_brand":[],"product_cat":[137],"product_tag":[],"class_list":{"0":"post-14198","1":"product","2":"type-product","3":"status-publish","5":"product_cat-maros-megyei-eletrajzi-lexikon","7":"first","8":"instock","9":"shipping-taxable","10":"product-type-simple"},"_links":{"self":[{"href":"https:\/\/uj.adatbank.ro\/lexikon\/wp-json\/wp\/v2\/product\/14198","targetHints":{"allow":["GET"]}}],"collection":[{"href":"https:\/\/uj.adatbank.ro\/lexikon\/wp-json\/wp\/v2\/product"}],"about":[{"href":"https:\/\/uj.adatbank.ro\/lexikon\/wp-json\/wp\/v2\/types\/product"}],"replies":[{"embeddable":true,"href":"https:\/\/uj.adatbank.ro\/lexikon\/wp-json\/wp\/v2\/comments?post=14198"}],"wp:attachment":[{"href":"https:\/\/uj.adatbank.ro\/lexikon\/wp-json\/wp\/v2\/media?parent=14198"}],"wp:term":[{"taxonomy":"product_brand","embeddable":true,"href":"https:\/\/uj.adatbank.ro\/lexikon\/wp-json\/wp\/v2\/product_brand?post=14198"},{"taxonomy":"product_cat","embeddable":true,"href":"https:\/\/uj.adatbank.ro\/lexikon\/wp-json\/wp\/v2\/product_cat?post=14198"},{"taxonomy":"product_tag","embeddable":true,"href":"https:\/\/uj.adatbank.ro\/lexikon\/wp-json\/wp\/v2\/product_tag?post=14198"}],"curies":[{"name":"wp","href":"https:\/\/api.w.org\/{rel}","templated":true}]}}