{"id":14200,"date":"2025-07-15T12:53:54","date_gmt":"2025-07-15T10:53:54","guid":{"rendered":"https:\/\/uj.adatbank.ro\/lexikon\/termek\/lupu-vasile-%c2%a7\/"},"modified":"2025-07-15T12:53:54","modified_gmt":"2025-07-15T10:53:54","slug":"lupu-vasile-%c2%a7","status":"publish","type":"product","link":"https:\/\/uj.adatbank.ro\/lexikon\/termek\/lupu-vasile-%c2%a7\/","title":{"rendered":"LUPU, Vasile, \u00a7"},"content":{"rendered":"<p>Hod\u00e1k, 1925. \u00e1pr. 13.,\u2020 Hod\u00e1k, 1986. m\u00e1j. 10.: tan\u00edt\u00f3. \u2013 A sz\u00fcl\u0151falu elemi iskol\u00e1ja ut\u00e1n (1940\u201344) Bal\u00e1zsfalv\u00e1n, majd Szamos\u00fajv\u00e1ron gimn.-ot \u00e9s tan\u00edt\u00f3k\u00e9pz\u0151t v\u00e9gzett. Lib\u00e1nfalv\u00e1n h. tan\u00edt\u00f3 (1946\u201348). Katonai szolg\u00e1lat ut\u00e1n (1950\u201352),Sz\u00e1szr\u00e9genben a Tan\u00edt\u00f3k\u00e9pz\u0151 labor\u00e1nsa, k\u00e9s\u0151bb nevel\u0151je. Hod\u00e1kra nevezt\u00e9k ki (1952\u2013), ahol kult\u00farigazgat\u00f3 is volt, iskolaigazgat\u00f3 lett (1969\u2013). L\u00e9trehozta a furulyaegy\u00fcttest, a \u201eCiobanasul\u201d t\u00e1ncegy\u00fcttest (zenekar-t\u00e1nckar-k\u00f3rus), amellyel sz\u00e1mos versenyen d\u00edjat nyertek. Hod\u00e1kon \u00faj iskol\u00e1t \u00e9p\u00edttetett 8 tantermmel, laborat\u00f3riummal, tornateremmel felszerelve.Jelent\u0151s n\u00e9pk\u00f6lt\u00e9szeti gy\u0171jt\u0151munk\u00e1t v\u00e9gzett, sok dalt, sirat\u00f3t t\u00e1nckurjant\u00f3t sz\u00ednpadra dolgoz ott fel, az egy\u00fcttes r\u00e9sz\u00e9re. \u00c9rt\u00e9kes gy\u0171jtem\u00e9nye \u00e9s f\u00e9nyk\u00e9pgy\u0171jtem\u00e9nye maradt h\u00e1tra, de a korabeli sajt\u00f3ban is sokat k\u00f6z\u00f6lt. Meg\u00edrta Hod\u00e1k k\u00f6zs\u00e9g monogr\u00e1fi\u00e1j\u00e1t (1978). Munk\u00e1ss\u00e1g\u00e1t elismert\u00e9k (Diploma de Onoare) kit\u00fcntett\u00e9k (1983). <br \/><strong>Irod.:<\/strong> Dasc\u0103li mure\u015feni, 2.<\/br><\/p>\n","protected":false},"excerpt":{"rendered":"<p>Hod\u00e1k, 1925. \u00e1pr. 13.,\u2020 Hod\u00e1k, 1986. m\u00e1j. 10.: tan\u00edt\u00f3. \u2013 A sz\u00fcl\u0151falu elemi iskol\u00e1ja ut\u00e1n (1940\u201344) Bal\u00e1zsfalv\u00e1n, majd Szamos\u00fajv\u00e1ron gimn.-ot \u00e9s tan\u00edt\u00f3k\u00e9pz\u0151t v\u00e9gzett. Lib\u00e1nfalv\u00e1n h. tan\u00edt\u00f3 (1946\u201348). Katonai szolg\u00e1lat ut\u00e1n (1950\u201352),Sz\u00e1szr\u00e9genben a Tan\u00edt\u00f3k\u00e9pz\u0151 labor\u00e1nsa, k\u00e9s\u0151bb nevel\u0151je. Hod\u00e1kra nevezt\u00e9k ki (1952\u2013), ahol kult\u00farigazgat\u00f3 is volt, iskolaigazgat\u00f3 lett (1969\u2013). L\u00e9trehozta a furulyaegy\u00fcttest, a \u201eCiobanasul\u201d t\u00e1ncegy\u00fcttest (zenekar-t\u00e1nckar-k\u00f3rus), amellyel [&hellip;]<\/p>\n","protected":false},"featured_media":0,"comment_status":"open","ping_status":"closed","template":"","meta":[],"product_brand":[],"product_cat":[137],"product_tag":[],"class_list":{"0":"post-14200","1":"product","2":"type-product","3":"status-publish","5":"product_cat-maros-megyei-eletrajzi-lexikon","7":"first","8":"instock","9":"shipping-taxable","10":"product-type-simple"},"_links":{"self":[{"href":"https:\/\/uj.adatbank.ro\/lexikon\/wp-json\/wp\/v2\/product\/14200","targetHints":{"allow":["GET"]}}],"collection":[{"href":"https:\/\/uj.adatbank.ro\/lexikon\/wp-json\/wp\/v2\/product"}],"about":[{"href":"https:\/\/uj.adatbank.ro\/lexikon\/wp-json\/wp\/v2\/types\/product"}],"replies":[{"embeddable":true,"href":"https:\/\/uj.adatbank.ro\/lexikon\/wp-json\/wp\/v2\/comments?post=14200"}],"wp:attachment":[{"href":"https:\/\/uj.adatbank.ro\/lexikon\/wp-json\/wp\/v2\/media?parent=14200"}],"wp:term":[{"taxonomy":"product_brand","embeddable":true,"href":"https:\/\/uj.adatbank.ro\/lexikon\/wp-json\/wp\/v2\/product_brand?post=14200"},{"taxonomy":"product_cat","embeddable":true,"href":"https:\/\/uj.adatbank.ro\/lexikon\/wp-json\/wp\/v2\/product_cat?post=14200"},{"taxonomy":"product_tag","embeddable":true,"href":"https:\/\/uj.adatbank.ro\/lexikon\/wp-json\/wp\/v2\/product_tag?post=14200"}],"curies":[{"name":"wp","href":"https:\/\/api.w.org\/{rel}","templated":true}]}}