{"id":14209,"date":"2025-07-15T12:54:11","date_gmt":"2025-07-15T10:54:11","guid":{"rendered":"https:\/\/uj.adatbank.ro\/lexikon\/termek\/lutz-jozsef\/"},"modified":"2025-07-15T12:54:11","modified_gmt":"2025-07-15T10:54:11","slug":"lutz-jozsef","status":"publish","type":"product","link":"https:\/\/uj.adatbank.ro\/lexikon\/termek\/lutz-jozsef\/","title":{"rendered":"LUTZ J\u00f3zsef"},"content":{"rendered":"<p>1878., \u2020\u00a0?: \u00fcgy\u00e9sz, f\u00f6ldbirtokos. \u2013 Feles\u00e9ge: sepsik\u00f6r\u00f6spataki Tib\u00e1ld Margit. \u2013 Iskol\u00e1it L\u00e9v\u00e1n v\u00e9gezte, az egyetemet Pesten. Pozsonyban az It\u00e9l\u0151t\u00e1bl\u00e1n kezdte p\u00e1ly\u00e1j\u00e1t (1901), onnan Aranyosmar\u00f3tra a T\u00f6rv\u00e9nysz\u00e9kre, majd Mv.-re ker\u00fclt a kir. \u00fcgy\u00e9szs\u00e9ghez, \u00e1llam\u0171gy\u00e9sz. \u00c1ll\u00e1s\u00e1b\u00f3l visszavonult (1918) \u00e9s K\u00e1poszt\u00e1sszentmikl\u00f3son \u00e9s Ny\u00e1r\u00e1dremet\u00e9n l\u00e9v\u0151 birtokain gazd\u00e1lkodott. Az els\u0151 vh.-ban a 22. h. gy. e.-n\u00e9l mint hadnagy szolg\u00e1lt. <br \/><strong>Irod.:<\/strong> Gy\u00e1szjelent\u0151; Sz\u00e9kelyf\u00f6ld \u00ed.k.<\/br><\/p>\n","protected":false},"excerpt":{"rendered":"<p>1878., \u2020\u00a0?: \u00fcgy\u00e9sz, f\u00f6ldbirtokos. \u2013 Feles\u00e9ge: sepsik\u00f6r\u00f6spataki Tib\u00e1ld Margit. \u2013 Iskol\u00e1it L\u00e9v\u00e1n v\u00e9gezte, az egyetemet Pesten. Pozsonyban az It\u00e9l\u0151t\u00e1bl\u00e1n kezdte p\u00e1ly\u00e1j\u00e1t (1901), onnan Aranyosmar\u00f3tra a T\u00f6rv\u00e9nysz\u00e9kre, majd Mv.-re ker\u00fclt a kir. \u00fcgy\u00e9szs\u00e9ghez, \u00e1llam\u0171gy\u00e9sz. \u00c1ll\u00e1s\u00e1b\u00f3l visszavonult (1918) \u00e9s K\u00e1poszt\u00e1sszentmikl\u00f3son \u00e9s Ny\u00e1r\u00e1dremet\u00e9n l\u00e9v\u0151 birtokain gazd\u00e1lkodott. Az els\u0151 vh.-ban a 22. h. gy. e.-n\u00e9l mint hadnagy szolg\u00e1lt. Irod.: [&hellip;]<\/p>\n","protected":false},"featured_media":0,"comment_status":"open","ping_status":"closed","template":"","meta":[],"product_brand":[],"product_cat":[137],"product_tag":[],"class_list":{"0":"post-14209","1":"product","2":"type-product","3":"status-publish","5":"product_cat-maros-megyei-eletrajzi-lexikon","7":"first","8":"instock","9":"shipping-taxable","10":"product-type-simple"},"_links":{"self":[{"href":"https:\/\/uj.adatbank.ro\/lexikon\/wp-json\/wp\/v2\/product\/14209","targetHints":{"allow":["GET"]}}],"collection":[{"href":"https:\/\/uj.adatbank.ro\/lexikon\/wp-json\/wp\/v2\/product"}],"about":[{"href":"https:\/\/uj.adatbank.ro\/lexikon\/wp-json\/wp\/v2\/types\/product"}],"replies":[{"embeddable":true,"href":"https:\/\/uj.adatbank.ro\/lexikon\/wp-json\/wp\/v2\/comments?post=14209"}],"wp:attachment":[{"href":"https:\/\/uj.adatbank.ro\/lexikon\/wp-json\/wp\/v2\/media?parent=14209"}],"wp:term":[{"taxonomy":"product_brand","embeddable":true,"href":"https:\/\/uj.adatbank.ro\/lexikon\/wp-json\/wp\/v2\/product_brand?post=14209"},{"taxonomy":"product_cat","embeddable":true,"href":"https:\/\/uj.adatbank.ro\/lexikon\/wp-json\/wp\/v2\/product_cat?post=14209"},{"taxonomy":"product_tag","embeddable":true,"href":"https:\/\/uj.adatbank.ro\/lexikon\/wp-json\/wp\/v2\/product_tag?post=14209"}],"curies":[{"name":"wp","href":"https:\/\/api.w.org\/{rel}","templated":true}]}}

LUTZ József

<p>1878., † ?: ügyész, földbirtokos. – Felesége: sepsiköröspataki Tibáld Margit. – Iskoláit Léván végezte, az egyetemet Pesten. Pozsonyban az Itélőtáblán kezdte pályáját (1901), onnan Aranyosmarótra a Törvényszékre, majd Mv.-re került a kir. ügyészséghez, államűgyész. Állásából visszavonult (1918) és Káposztásszentmiklóson és Nyárádremetén lévő birtokain gazdálkodott. Az első vh.-ban a 22. h. gy. e.-nél mint hadnagy szolgált. <br /><strong>Irod.:</strong> Gyászjelentő; Székelyföld í.k.</br></p>

<p>1878., † ?: ügyész, földbirtokos. – Felesége: sepsiköröspataki Tibáld Margit. – Iskoláit Léván végezte, az egyetemet Pesten. Pozsonyban az Itélőtáblán kezdte pályáját (1901), onnan Aranyosmarótra a Törvényszékre, majd Mv.-re került a kir. ügyészséghez, államűgyész. Állásából visszavonult (1918) és Káposztásszentmiklóson és Nyárádremetén lévő birtokain gazdálkodott. Az első vh.-ban a 22. h. gy. e.-nél mint hadnagy szolgált. Irod.: [&hellip;]</p>
