{"id":14213,"date":"2025-07-15T12:54:18","date_gmt":"2025-07-15T10:54:18","guid":{"rendered":"https:\/\/uj.adatbank.ro\/lexikon\/termek\/macaria-popa-micu-mikul-popa\/"},"modified":"2025-07-15T12:54:18","modified_gmt":"2025-07-15T10:54:18","slug":"macaria-popa-micu-mikul-popa","status":"publish","type":"product","link":"https:\/\/uj.adatbank.ro\/lexikon\/termek\/macaria-popa-micu-mikul-popa\/","title":{"rendered":"MACARIA popa, Micu (Mikul) popa"},"content":{"rendered":"<p>? \u2020\u00a0?: g. kat. pap. \u2013 Uzdiszentp\u00e9terben az els\u0151 ismert rom\u00e1n g. kat. pap (1733, 1752\u201366). Az els\u0151 g. kat. Szt. Mikl\u00f3s fatemplomot (1711-ben \u00e9p\u00fclt), saj\u00e1t k\u00f6lts\u00e9g\u00e9n falfestm\u00e9nyekkel festette ki a kor h\u00edres szentk\u00e9pfest\u0151j\u00e9vel, Matei Violeanuval (1752). Az egyh\u00e1zk\u00f6zs\u00e9g\u00fck Mez\u0151r\u00fccsben volt. Papi lak\u00e1s \u00e9s egyh\u00e1zi f\u00f6ldbirtok volt a tulajdonukban. Papt\u00e1rsa volt m\u00e9g popa Petre. <br \/><strong>Irod.:<\/strong> S\u00e2npetru de C\u00e2mpie<\/br><\/p>\n","protected":false},"excerpt":{"rendered":"<p>? \u2020\u00a0?: g. kat. pap. \u2013 Uzdiszentp\u00e9terben az els\u0151 ismert rom\u00e1n g. kat. pap (1733, 1752\u201366). Az els\u0151 g. kat. Szt. Mikl\u00f3s fatemplomot (1711-ben \u00e9p\u00fclt), saj\u00e1t k\u00f6lts\u00e9g\u00e9n falfestm\u00e9nyekkel festette ki a kor h\u00edres szentk\u00e9pfest\u0151j\u00e9vel, Matei Violeanuval (1752). Az egyh\u00e1zk\u00f6zs\u00e9g\u00fck Mez\u0151r\u00fccsben volt. Papi lak\u00e1s \u00e9s egyh\u00e1zi f\u00f6ldbirtok volt a tulajdonukban. Papt\u00e1rsa volt m\u00e9g popa Petre. Irod.: [&hellip;]<\/p>\n","protected":false},"featured_media":0,"comment_status":"open","ping_status":"closed","template":"","meta":[],"product_brand":[],"product_cat":[137],"product_tag":[],"class_list":{"0":"post-14213","1":"product","2":"type-product","3":"status-publish","5":"product_cat-maros-megyei-eletrajzi-lexikon","7":"first","8":"instock","9":"shipping-taxable","10":"product-type-simple"},"_links":{"self":[{"href":"https:\/\/uj.adatbank.ro\/lexikon\/wp-json\/wp\/v2\/product\/14213","targetHints":{"allow":["GET"]}}],"collection":[{"href":"https:\/\/uj.adatbank.ro\/lexikon\/wp-json\/wp\/v2\/product"}],"about":[{"href":"https:\/\/uj.adatbank.ro\/lexikon\/wp-json\/wp\/v2\/types\/product"}],"replies":[{"embeddable":true,"href":"https:\/\/uj.adatbank.ro\/lexikon\/wp-json\/wp\/v2\/comments?post=14213"}],"wp:attachment":[{"href":"https:\/\/uj.adatbank.ro\/lexikon\/wp-json\/wp\/v2\/media?parent=14213"}],"wp:term":[{"taxonomy":"product_brand","embeddable":true,"href":"https:\/\/uj.adatbank.ro\/lexikon\/wp-json\/wp\/v2\/product_brand?post=14213"},{"taxonomy":"product_cat","embeddable":true,"href":"https:\/\/uj.adatbank.ro\/lexikon\/wp-json\/wp\/v2\/product_cat?post=14213"},{"taxonomy":"product_tag","embeddable":true,"href":"https:\/\/uj.adatbank.ro\/lexikon\/wp-json\/wp\/v2\/product_tag?post=14213"}],"curies":[{"name":"wp","href":"https:\/\/api.w.org\/{rel}","templated":true}]}}

<p>? † ?: g. kat. pap. – Uzdiszentpéterben az első ismert román g. kat. pap (1733, 1752–66). Az első g. kat. Szt. Miklós fatemplomot (1711-ben épült), saját költségén falfestményekkel festette ki a kor híres szentképfestőjével, Matei Violeanuval (1752). Az egyházközségük Mezőrücsben volt. Papi lakás és egyházi földbirtok volt a tulajdonukban. Paptársa volt még popa Petre. <br /><strong>Irod.:</strong> Sânpetru de Câmpie</br></p>

<p>? † ?: g. kat. pap. – Uzdiszentpéterben az első ismert román g. kat. pap (1733, 1752–66). Az első g. kat. Szt. Miklós fatemplomot (1711-ben épült), saját költségén falfestményekkel festette ki a kor híres szentképfestőjével, Matei Violeanuval (1752). Az egyházközségük Mezőrücsben volt. Papi lakás és egyházi földbirtok volt a tulajdonukban. Paptársa volt még popa Petre. Irod.: [&hellip;]</p>
