{"id":14215,"date":"2025-07-15T12:54:22","date_gmt":"2025-07-15T10:54:22","guid":{"rendered":"https:\/\/uj.adatbank.ro\/lexikon\/termek\/macarie-longin-alexandru-%c2%a7\/"},"modified":"2025-07-15T12:54:22","modified_gmt":"2025-07-15T10:54:22","slug":"macarie-longin-alexandru-%c2%a7","status":"publish","type":"product","link":"https:\/\/uj.adatbank.ro\/lexikon\/termek\/macarie-longin-alexandru-%c2%a7\/","title":{"rendered":"MACARIE, Longin Alexandru, \u00a7"},"content":{"rendered":"<p>Marosugra, 1870. m\u00e1j. 30., \u2020 Radn\u00f3t, 1939. j\u00fal. 9.: tan\u00edt\u00f3, memorandista. \u2013 Elemi iskol\u00e1t Mv.-en a ferences rend z\u00e1rdj\u00e1nak iskol\u00e1j\u00e1ban (1976\u201378), majd az \u00e1llami m. iskol\u00e1ban folytatta \u00e9s tan\u00edt\u00f3i oklevelet szerzett Bal\u00e1zsfalv\u00e1n a tan\u00edt\u00f3k\u00e9pz\u0151ben (1888\u201391. j\u00fan. 5.).Tan\u00edtott Kisikland (1891\u20131903), Maroscsap\u00f3 (1903\u201309), Vidr\u00e1tszegen (1909\u201317), Radn\u00f3ton, ahol g.-kat. k\u00e1ntor is nyugalomba vonul\u00e1s\u00e1ig (1917\u201331). Tagja volt a rom\u00e1nok b\u00e9csi k\u00fcld\u00f6tts\u00e9g\u00e9nek (1892. m\u00e1j. 23\u201329.), amely \u00e1tadta Ferenc J\u00f3zsef cs\u00e1sz\u00e1rnak a Memorandumot. A k\u00fcld\u00f6tts\u00e9get hazarul\u00e1ssal v\u00e1dolt\u00e1k, vezet\u0151j\u00fcket letart\u00f3ztatt\u00e1k, a v\u00e1ci \u00e9s a szegedi b\u00f6rt\u00f6nbe z\u00e1rt\u00e1k. Ezek ut\u00e1n a hat\u00f3s\u00e1gok figyelm\u00e9be ker\u00fclt, Rom\u00e1nia I. vh.-ba l\u00e9p\u00e9se ut\u00e1n letart\u00f3ztatt\u00e1k \u00e9s a fels\u0151r\u00e1kosi gy\u0171jt\u0151t\u0171borba utalt\u00e1k (1916. aug. 30.\u20131917. m\u00e1rc. 31.) \u00e9s Sopronba intern\u00e1lt\u00e1k. Kiszabadul\u00e1sa ut\u00e1n r\u00e9szt vett a gyulafeh\u00e9rv\u00e1ri n\u00e9pgy\u0171l\u00e9sen (1918 dec.1), majd Radn\u00f3ton tagja volt az agr\u00e1rreform v\u00e9grehajt\u00e1si bizotts\u00e1g\u00e1ban (1921). Alap\u00edt\u00f3 tagja a \u201eMemorandista Harcosok Egyes\u00fclet\u00e9nek\u201d (1930. m\u00e1j. 30.\u2013) \u00e9s tagja annak a k\u00fcld\u00f6tts\u00e9gnek, amely Kv.-on tal\u00e1lkozott II. K\u00e1roly kir\u00e1llyal, hogy a memorandist\u00e1k nyomorban \u00e9l\u0151 csal\u00e1djaI sz\u00e1m\u00e1ra anyagi t\u00e1mogat\u00e1st k\u00e9rjen (1937. m\u00e1j. 30).-<br \/><strong>Irod.:<\/strong> Dasc\u0103li mure\u015feni, 3.; Iernut; Ludu\u015f; Todea 2013<\/br><\/p>\n","protected":false},"excerpt":{"rendered":"<p>Marosugra, 1870. m\u00e1j. 30., \u2020 Radn\u00f3t, 1939. j\u00fal. 9.: tan\u00edt\u00f3, memorandista. \u2013 Elemi iskol\u00e1t Mv.-en a ferences rend z\u00e1rdj\u00e1nak iskol\u00e1j\u00e1ban (1976\u201378), majd az \u00e1llami m. iskol\u00e1ban folytatta \u00e9s tan\u00edt\u00f3i oklevelet szerzett Bal\u00e1zsfalv\u00e1n a tan\u00edt\u00f3k\u00e9pz\u0151ben (1888\u201391. j\u00fan. 5.).Tan\u00edtott Kisikland (1891\u20131903), Maroscsap\u00f3 (1903\u201309), Vidr\u00e1tszegen (1909\u201317), Radn\u00f3ton, ahol g.-kat. k\u00e1ntor is nyugalomba vonul\u00e1s\u00e1ig (1917\u201331). Tagja volt a rom\u00e1nok [&hellip;]<\/p>\n","protected":false},"featured_media":0,"comment_status":"open","ping_status":"closed","template":"","meta":[],"product_brand":[],"product_cat":[137],"product_tag":[],"class_list":{"0":"post-14215","1":"product","2":"type-product","3":"status-publish","5":"product_cat-maros-megyei-eletrajzi-lexikon","7":"first","8":"instock","9":"shipping-taxable","10":"product-type-simple"},"_links":{"self":[{"href":"https:\/\/uj.adatbank.ro\/lexikon\/wp-json\/wp\/v2\/product\/14215","targetHints":{"allow":["GET"]}}],"collection":[{"href":"https:\/\/uj.adatbank.ro\/lexikon\/wp-json\/wp\/v2\/product"}],"about":[{"href":"https:\/\/uj.adatbank.ro\/lexikon\/wp-json\/wp\/v2\/types\/product"}],"replies":[{"embeddable":true,"href":"https:\/\/uj.adatbank.ro\/lexikon\/wp-json\/wp\/v2\/comments?post=14215"}],"wp:attachment":[{"href":"https:\/\/uj.adatbank.ro\/lexikon\/wp-json\/wp\/v2\/media?parent=14215"}],"wp:term":[{"taxonomy":"product_brand","embeddable":true,"href":"https:\/\/uj.adatbank.ro\/lexikon\/wp-json\/wp\/v2\/product_brand?post=14215"},{"taxonomy":"product_cat","embeddable":true,"href":"https:\/\/uj.adatbank.ro\/lexikon\/wp-json\/wp\/v2\/product_cat?post=14215"},{"taxonomy":"product_tag","embeddable":true,"href":"https:\/\/uj.adatbank.ro\/lexikon\/wp-json\/wp\/v2\/product_tag?post=14215"}],"curies":[{"name":"wp","href":"https:\/\/api.w.org\/{rel}","templated":true}]}}

<p>Marosugra, 1870. máj. 30., † Radnót, 1939. júl. 9.: tanító, memorandista. – Elemi iskolát Mv.-en a ferences rend zárdjának iskolájában (1976–78), majd az állami m. iskolában folytatta és tanítói oklevelet szerzett Balázsfalván a tanítóképzőben (1888–91. jún. 5.).Tanított Kisikland (1891–1903), Maroscsapó (1903–09), Vidrátszegen (1909–17), Radnóton, ahol g.-kat. kántor is nyugalomba vonulásáig (1917–31). Tagja volt a románok bécsi küldöttségének (1892. máj. 23–29.), amely átadta Ferenc József császárnak a Memorandumot. A küldöttséget hazarulással vádolták, vezetőjüket letartóztatták, a váci és a szegedi börtönbe zárták. Ezek után a hatóságok figyelmébe került, Románia I. vh.-ba lépése után letartóztatták és a felsőrákosi gyűjtőtűborba utalták (1916. aug. 30.–1917. márc. 31.) és Sopronba internálták. Kiszabadulása után részt vett a gyulafehérvári népgyűlésen (1918 dec.1), majd Radnóton tagja volt az agrárreform végrehajtási bizottságában (1921). Alapító tagja a „Memorandista Harcosok Egyesületének” (1930. máj. 30.–) és tagja annak a küldöttségnek, amely Kv.-on találkozott II. Károly királlyal, hogy a memorandisták nyomorban élő családjaI számára anyagi támogatást kérjen (1937. máj. 30).-<br /><strong>Irod.:</strong> Dascăli mureşeni, 3.; Iernut; Luduş; Todea 2013</br></p>

<p>Marosugra, 1870. máj. 30., † Radnót, 1939. júl. 9.: tanító, memorandista. – Elemi iskolát Mv.-en a ferences rend zárdjának iskolájában (1976–78), majd az állami m. iskolában folytatta és tanítói oklevelet szerzett Balázsfalván a tanítóképzőben (1888–91. jún. 5.).Tanított Kisikland (1891–1903), Maroscsapó (1903–09), Vidrátszegen (1909–17), Radnóton, ahol g.-kat. kántor is nyugalomba vonulásáig (1917–31). Tagja volt a románok [&hellip;]</p>
