{"id":14216,"date":"2025-07-15T12:54:25","date_gmt":"2025-07-15T10:54:25","guid":{"rendered":"https:\/\/uj.adatbank.ro\/lexikon\/termek\/macarie-teodor\/"},"modified":"2025-07-15T12:54:25","modified_gmt":"2025-07-15T10:54:25","slug":"macarie-teodor","status":"publish","type":"product","link":"https:\/\/uj.adatbank.ro\/lexikon\/termek\/macarie-teodor\/","title":{"rendered":"MACARIE, Teodor"},"content":{"rendered":"<p>Mv., 1908. m\u00e1rc. 3., \u2020 Mv., 1969. dec. 6.: k\u00f6zgazd\u00e1sz. \u2013 Tanulm\u00e1nyait Mv.-en kezdte, majd Kv.-on v\u00e9gezte a kereskedelmi \u00e9s ipari akad\u00e9mi\u00e1t.A RKP tagja (1947\u2013). Katonai szolg\u00e1lata ut\u00e1n t\u00f6bb mint h\u00e1rom \u00e9vt\u00edzedig tev\u00e9kenykedett az \u00e1llami appar\u00e1tusban. A Maros megyei n\u00e9ptan\u00e1cs VB-nak tagja \u00e9s p\u00e9nz\u00fcgyi hivatal\u00e1nak igazgat\u00f3ja volt. <br \/><strong>Irod.:<\/strong> T. M. [Nekrolog] (V. Z., 1969. dec. 9.)<\/br><\/p>\n","protected":false},"excerpt":{"rendered":"<p>Mv., 1908. m\u00e1rc. 3., \u2020 Mv., 1969. dec. 6.: k\u00f6zgazd\u00e1sz. \u2013 Tanulm\u00e1nyait Mv.-en kezdte, majd Kv.-on v\u00e9gezte a kereskedelmi \u00e9s ipari akad\u00e9mi\u00e1t.A RKP tagja (1947\u2013). Katonai szolg\u00e1lata ut\u00e1n t\u00f6bb mint h\u00e1rom \u00e9vt\u00edzedig tev\u00e9kenykedett az \u00e1llami appar\u00e1tusban. A Maros megyei n\u00e9ptan\u00e1cs VB-nak tagja \u00e9s p\u00e9nz\u00fcgyi hivatal\u00e1nak igazgat\u00f3ja volt. Irod.: T. M. [Nekrolog] (V. Z., 1969. dec. [&hellip;]<\/p>\n","protected":false},"featured_media":0,"comment_status":"open","ping_status":"closed","template":"","meta":[],"product_brand":[],"product_cat":[137],"product_tag":[],"class_list":{"0":"post-14216","1":"product","2":"type-product","3":"status-publish","5":"product_cat-maros-megyei-eletrajzi-lexikon","7":"first","8":"instock","9":"shipping-taxable","10":"product-type-simple"},"_links":{"self":[{"href":"https:\/\/uj.adatbank.ro\/lexikon\/wp-json\/wp\/v2\/product\/14216","targetHints":{"allow":["GET"]}}],"collection":[{"href":"https:\/\/uj.adatbank.ro\/lexikon\/wp-json\/wp\/v2\/product"}],"about":[{"href":"https:\/\/uj.adatbank.ro\/lexikon\/wp-json\/wp\/v2\/types\/product"}],"replies":[{"embeddable":true,"href":"https:\/\/uj.adatbank.ro\/lexikon\/wp-json\/wp\/v2\/comments?post=14216"}],"wp:attachment":[{"href":"https:\/\/uj.adatbank.ro\/lexikon\/wp-json\/wp\/v2\/media?parent=14216"}],"wp:term":[{"taxonomy":"product_brand","embeddable":true,"href":"https:\/\/uj.adatbank.ro\/lexikon\/wp-json\/wp\/v2\/product_brand?post=14216"},{"taxonomy":"product_cat","embeddable":true,"href":"https:\/\/uj.adatbank.ro\/lexikon\/wp-json\/wp\/v2\/product_cat?post=14216"},{"taxonomy":"product_tag","embeddable":true,"href":"https:\/\/uj.adatbank.ro\/lexikon\/wp-json\/wp\/v2\/product_tag?post=14216"}],"curies":[{"name":"wp","href":"https:\/\/api.w.org\/{rel}","templated":true}]}}

<p>Mv., 1908. márc. 3., † Mv., 1969. dec. 6.: közgazdász. – Tanulmányait Mv.-en kezdte, majd Kv.-on végezte a kereskedelmi és ipari akadémiát.A RKP tagja (1947–). Katonai szolgálata után több mint három évtízedig tevékenykedett az állami apparátusban. A Maros megyei néptanács VB-nak tagja és pénzügyi hivatalának igazgatója volt. <br /><strong>Irod.:</strong> T. M. [Nekrolog] (V. Z., 1969. dec. 9.)</br></p>

<p>Mv., 1908. márc. 3., † Mv., 1969. dec. 6.: közgazdász. – Tanulmányait Mv.-en kezdte, majd Kv.-on végezte a kereskedelmi és ipari akadémiát.A RKP tagja (1947–). Katonai szolgálata után több mint három évtízedig tevékenykedett az állami apparátusban. A Maros megyei néptanács VB-nak tagja és pénzügyi hivatalának igazgatója volt. Irod.: T. M. [Nekrolog] (V. Z., 1969. dec. [&hellip;]</p>
