{"id":14217,"date":"2025-07-15T12:54:26","date_gmt":"2025-07-15T10:54:26","guid":{"rendered":"https:\/\/uj.adatbank.ro\/lexikon\/termek\/macavei-calin\/"},"modified":"2025-07-15T12:54:26","modified_gmt":"2025-07-15T10:54:26","slug":"macavei-calin","status":"publish","type":"product","link":"https:\/\/uj.adatbank.ro\/lexikon\/termek\/macavei-calin\/","title":{"rendered":"MACAVEI, C\u0103lin"},"content":{"rendered":"<p>? \u2020\u00a0Sz\u00e1szr\u00e9gen, 2009. m\u00e1j. 5.: operat\u0151r. \u2013 Testv\u00e9re: Mircea Macavei. Feles\u00e9ge: Imola. Fi\u00fak: Cristian. \u2013 Operat\u0151r tanfolyamot v\u00e9gzett Buk.-ben. A Rom\u00e1n TV operat\u0151re Buk.-ben (1985\u20132000), a Mv.-i R\u00e1di\u00f3studi\u00f3 alkalmazottja hal\u00e1l\u00e1ig (1990\u20132009). Szerette a sportot. Eml\u00e9k\u00e9re a nev\u00e9t viseli az egyik st\u00fadi\u00f3szoba a Mv.-i R\u00e1di\u00f3n\u00e1l \u00e9s labdar\u00fag\u00f3 C. M. eml\u00e9ktorn\u00e1t szerveztek Mv.-en (2009. okt.). <br \/><strong>Irod.:<\/strong> Czimbalmos Ferenc-Attila: C. M.-eml\u00e9ktorna (N\u00fa., 2009. okt. 12.); [Nekrol\u00f3g] (N\u00fa., 2009. m\u00e1j. 9.)<\/br><\/p>\n","protected":false},"excerpt":{"rendered":"<p>? \u2020\u00a0Sz\u00e1szr\u00e9gen, 2009. m\u00e1j. 5.: operat\u0151r. \u2013 Testv\u00e9re: Mircea Macavei. Feles\u00e9ge: Imola. Fi\u00fak: Cristian. \u2013 Operat\u0151r tanfolyamot v\u00e9gzett Buk.-ben. A Rom\u00e1n TV operat\u0151re Buk.-ben (1985\u20132000), a Mv.-i R\u00e1di\u00f3studi\u00f3 alkalmazottja hal\u00e1l\u00e1ig (1990\u20132009). Szerette a sportot. Eml\u00e9k\u00e9re a nev\u00e9t viseli az egyik st\u00fadi\u00f3szoba a Mv.-i R\u00e1di\u00f3n\u00e1l \u00e9s labdar\u00fag\u00f3 C. M. eml\u00e9ktorn\u00e1t szerveztek Mv.-en (2009. okt.). Irod.: Czimbalmos [&hellip;]<\/p>\n","protected":false},"featured_media":0,"comment_status":"open","ping_status":"closed","template":"","meta":[],"product_brand":[],"product_cat":[137],"product_tag":[],"class_list":{"0":"post-14217","1":"product","2":"type-product","3":"status-publish","5":"product_cat-maros-megyei-eletrajzi-lexikon","7":"first","8":"instock","9":"shipping-taxable","10":"product-type-simple"},"_links":{"self":[{"href":"https:\/\/uj.adatbank.ro\/lexikon\/wp-json\/wp\/v2\/product\/14217","targetHints":{"allow":["GET"]}}],"collection":[{"href":"https:\/\/uj.adatbank.ro\/lexikon\/wp-json\/wp\/v2\/product"}],"about":[{"href":"https:\/\/uj.adatbank.ro\/lexikon\/wp-json\/wp\/v2\/types\/product"}],"replies":[{"embeddable":true,"href":"https:\/\/uj.adatbank.ro\/lexikon\/wp-json\/wp\/v2\/comments?post=14217"}],"wp:attachment":[{"href":"https:\/\/uj.adatbank.ro\/lexikon\/wp-json\/wp\/v2\/media?parent=14217"}],"wp:term":[{"taxonomy":"product_brand","embeddable":true,"href":"https:\/\/uj.adatbank.ro\/lexikon\/wp-json\/wp\/v2\/product_brand?post=14217"},{"taxonomy":"product_cat","embeddable":true,"href":"https:\/\/uj.adatbank.ro\/lexikon\/wp-json\/wp\/v2\/product_cat?post=14217"},{"taxonomy":"product_tag","embeddable":true,"href":"https:\/\/uj.adatbank.ro\/lexikon\/wp-json\/wp\/v2\/product_tag?post=14217"}],"curies":[{"name":"wp","href":"https:\/\/api.w.org\/{rel}","templated":true}]}}

MACAVEI, Călin

<p>? † Szászrégen, 2009. máj. 5.: operatőr. – Testvére: Mircea Macavei. Felesége: Imola. Fiúk: Cristian. – Operatőr tanfolyamot végzett Buk.-ben. A Román TV operatőre Buk.-ben (1985–2000), a Mv.-i Rádióstudió alkalmazottja haláláig (1990–2009). Szerette a sportot. Emlékére a nevét viseli az egyik stúdiószoba a Mv.-i Rádiónál és labdarúgó C. M. emléktornát szerveztek Mv.-en (2009. okt.). <br /><strong>Irod.:</strong> Czimbalmos Ferenc-Attila: C. M.-emléktorna (Nú., 2009. okt. 12.); [Nekrológ] (Nú., 2009. máj. 9.)</br></p>

<p>? † Szászrégen, 2009. máj. 5.: operatőr. – Testvére: Mircea Macavei. Felesége: Imola. Fiúk: Cristian. – Operatőr tanfolyamot végzett Buk.-ben. A Román TV operatőre Buk.-ben (1985–2000), a Mv.-i Rádióstudió alkalmazottja haláláig (1990–2009). Szerette a sportot. Emlékére a nevét viseli az egyik stúdiószoba a Mv.-i Rádiónál és labdarúgó C. M. emléktornát szerveztek Mv.-en (2009. okt.). Irod.: Czimbalmos [&hellip;]</p>
