{"id":14218,"date":"2025-07-15T12:54:29","date_gmt":"2025-07-15T10:54:29","guid":{"rendered":"https:\/\/uj.adatbank.ro\/lexikon\/termek\/macavei-emil\/"},"modified":"2025-07-15T12:54:29","modified_gmt":"2025-07-15T10:54:29","slug":"macavei-emil","status":"publish","type":"product","link":"https:\/\/uj.adatbank.ro\/lexikon\/termek\/macavei-emil\/","title":{"rendered":"MACAVEI, Emil"},"content":{"rendered":"<p>? \u2020\u00a0?: ort. pap. \u2013 A Mv.-i M. Kir. \u00c1llami Tan\u00edt\u00f3k\u00e9pz\u0151 Int\u00e9zet \u00e9s L\u00edc.-ban hittant tan\u00edtott (1940\u201344). M\u00e9g szolg\u00e1ltati helyei Gernyeszeg (1941\u201365), K\u00f6rtv\u00e9lyf\u00e1ja is (1948 \u2013 65). <br \/><strong>Irod.:<\/strong> Mv. m\u0171v. v\u00e1r.; Szab\u00f3 K. Attila; \u015eincan 2006<\/br><\/p>\n","protected":false},"excerpt":{"rendered":"<p>? \u2020\u00a0?: ort. pap. \u2013 A Mv.-i M. Kir. \u00c1llami Tan\u00edt\u00f3k\u00e9pz\u0151 Int\u00e9zet \u00e9s L\u00edc.-ban hittant tan\u00edtott (1940\u201344). M\u00e9g szolg\u00e1ltati helyei Gernyeszeg (1941\u201365), K\u00f6rtv\u00e9lyf\u00e1ja is (1948 \u2013 65). Irod.: Mv. m\u0171v. v\u00e1r.; Szab\u00f3 K. Attila; \u015eincan 2006<\/p>\n","protected":false},"featured_media":0,"comment_status":"open","ping_status":"closed","template":"","meta":[],"product_brand":[],"product_cat":[137],"product_tag":[],"class_list":{"0":"post-14218","1":"product","2":"type-product","3":"status-publish","5":"product_cat-maros-megyei-eletrajzi-lexikon","7":"first","8":"instock","9":"shipping-taxable","10":"product-type-simple"},"_links":{"self":[{"href":"https:\/\/uj.adatbank.ro\/lexikon\/wp-json\/wp\/v2\/product\/14218","targetHints":{"allow":["GET"]}}],"collection":[{"href":"https:\/\/uj.adatbank.ro\/lexikon\/wp-json\/wp\/v2\/product"}],"about":[{"href":"https:\/\/uj.adatbank.ro\/lexikon\/wp-json\/wp\/v2\/types\/product"}],"replies":[{"embeddable":true,"href":"https:\/\/uj.adatbank.ro\/lexikon\/wp-json\/wp\/v2\/comments?post=14218"}],"wp:attachment":[{"href":"https:\/\/uj.adatbank.ro\/lexikon\/wp-json\/wp\/v2\/media?parent=14218"}],"wp:term":[{"taxonomy":"product_brand","embeddable":true,"href":"https:\/\/uj.adatbank.ro\/lexikon\/wp-json\/wp\/v2\/product_brand?post=14218"},{"taxonomy":"product_cat","embeddable":true,"href":"https:\/\/uj.adatbank.ro\/lexikon\/wp-json\/wp\/v2\/product_cat?post=14218"},{"taxonomy":"product_tag","embeddable":true,"href":"https:\/\/uj.adatbank.ro\/lexikon\/wp-json\/wp\/v2\/product_tag?post=14218"}],"curies":[{"name":"wp","href":"https:\/\/api.w.org\/{rel}","templated":true}]}}