{"id":14220,"date":"2025-07-15T12:54:33","date_gmt":"2025-07-15T10:54:33","guid":{"rendered":"https:\/\/uj.adatbank.ro\/lexikon\/termek\/machat-christoph-albert\/"},"modified":"2025-07-15T12:54:33","modified_gmt":"2025-07-15T10:54:33","slug":"machat-christoph-albert","status":"publish","type":"product","link":"https:\/\/uj.adatbank.ro\/lexikon\/termek\/machat-christoph-albert\/","title":{"rendered":"MACHAT, Christoph Albert"},"content":{"rendered":"<p>Segesv\u00e1r, 1946. jan. 18. \u2020\u00a0?: m\u0171v\u00e9szett\u00f6rt\u00e9n\u00e9sz, m\u0171eml\u00e9kv\u00e9d\u0151. Buk.-ben v\u00e9gzett m\u0171v\u00e9szett\u00f6rt\u00e9neti, r\u00e9g\u00e9szeti \u00e9s \u00f6sszehasonl\u00edt\u00f3 irodalomtudom\u00e1nyi tanulm\u00e1nyokat. A bukaresti M\u0171eml\u00e9kv\u00e9d\u0151 Int\u00e9zet erd\u00e9lyi ter\u00fcleti referense egy \u00e9vig. NSzK-ba telepedett \u00e1t (1973), a k\u00f6lni egyetemen szerzett doktor\u00e1tust. M\u0171eml\u00e9kgondnok Bajoro.-ban, majd a Rajnai M\u0171eml\u00e9kv\u00e9d\u0151 Int\u00e9zet K\u00f6zponti Eml\u00e9km\u0171archivum\u00e1nak vezet\u0151je (1980\u2013). Kiad\u00f3ja a Denkmaltopographie Rheinland-nak. Az Eur\u00f3pai Tan\u00e1cs kinevezett szak\u00e9rt\u0151je\u00a0a t\u00f6rt\u00e9nelmi kult\u00farvid\u00e9kek \u00e9s m\u0171eml\u00e9kek ter\u00fclet\u00e9n; f\u0151titk\u00e1ra a Nemzetk\u00f6zi Falusi\u00e9p\u00edt\u00e9szet Bizotts\u00e1g\u00e1nak, az ICOMOS-nak (Nemzetk\u00f6zi M\u0171eml\u00e9kgondoz\u00f3 Tan\u00e1cs UNESCO). <br \/><strong>Irod.:<\/strong> LSS<\/br><\/p>\n","protected":false},"excerpt":{"rendered":"<p>Segesv\u00e1r, 1946. jan. 18. \u2020\u00a0?: m\u0171v\u00e9szett\u00f6rt\u00e9n\u00e9sz, m\u0171eml\u00e9kv\u00e9d\u0151. Buk.-ben v\u00e9gzett m\u0171v\u00e9szett\u00f6rt\u00e9neti, r\u00e9g\u00e9szeti \u00e9s \u00f6sszehasonl\u00edt\u00f3 irodalomtudom\u00e1nyi tanulm\u00e1nyokat. A bukaresti M\u0171eml\u00e9kv\u00e9d\u0151 Int\u00e9zet erd\u00e9lyi ter\u00fcleti referense egy \u00e9vig. NSzK-ba telepedett \u00e1t (1973), a k\u00f6lni egyetemen szerzett doktor\u00e1tust. M\u0171eml\u00e9kgondnok Bajoro.-ban, majd a Rajnai M\u0171eml\u00e9kv\u00e9d\u0151 Int\u00e9zet K\u00f6zponti Eml\u00e9km\u0171archivum\u00e1nak vezet\u0151je (1980\u2013). Kiad\u00f3ja a Denkmaltopographie Rheinland-nak. Az Eur\u00f3pai Tan\u00e1cs kinevezett szak\u00e9rt\u0151je\u00a0a t\u00f6rt\u00e9nelmi kult\u00farvid\u00e9kek [&hellip;]<\/p>\n","protected":false},"featured_media":0,"comment_status":"open","ping_status":"closed","template":"","meta":[],"product_brand":[],"product_cat":[137],"product_tag":[],"class_list":{"0":"post-14220","1":"product","2":"type-product","3":"status-publish","5":"product_cat-maros-megyei-eletrajzi-lexikon","7":"first","8":"instock","9":"shipping-taxable","10":"product-type-simple"},"_links":{"self":[{"href":"https:\/\/uj.adatbank.ro\/lexikon\/wp-json\/wp\/v2\/product\/14220","targetHints":{"allow":["GET"]}}],"collection":[{"href":"https:\/\/uj.adatbank.ro\/lexikon\/wp-json\/wp\/v2\/product"}],"about":[{"href":"https:\/\/uj.adatbank.ro\/lexikon\/wp-json\/wp\/v2\/types\/product"}],"replies":[{"embeddable":true,"href":"https:\/\/uj.adatbank.ro\/lexikon\/wp-json\/wp\/v2\/comments?post=14220"}],"wp:attachment":[{"href":"https:\/\/uj.adatbank.ro\/lexikon\/wp-json\/wp\/v2\/media?parent=14220"}],"wp:term":[{"taxonomy":"product_brand","embeddable":true,"href":"https:\/\/uj.adatbank.ro\/lexikon\/wp-json\/wp\/v2\/product_brand?post=14220"},{"taxonomy":"product_cat","embeddable":true,"href":"https:\/\/uj.adatbank.ro\/lexikon\/wp-json\/wp\/v2\/product_cat?post=14220"},{"taxonomy":"product_tag","embeddable":true,"href":"https:\/\/uj.adatbank.ro\/lexikon\/wp-json\/wp\/v2\/product_tag?post=14220"}],"curies":[{"name":"wp","href":"https:\/\/api.w.org\/{rel}","templated":true}]}}

<p>Segesvár, 1946. jan. 18. † ?: művészettörténész, műemlékvédő. Buk.-ben végzett művészettörténeti, régészeti és összehasonlító irodalomtudományi tanulmányokat. A bukaresti Műemlékvédő Intézet erdélyi területi referense egy évig. NSzK-ba telepedett át (1973), a kölni egyetemen szerzett doktorátust. Műemlékgondnok Bajoro.-ban, majd a Rajnai Műemlékvédő Intézet Központi Emlékműarchivumának vezetője (1980–). Kiadója a Denkmaltopographie Rheinland-nak. Az Európai Tanács kinevezett szakértője a történelmi kultúrvidékek és műemlékek területén; főtitkára a Nemzetközi Falusiépítészet Bizottságának, az ICOMOS-nak (Nemzetközi Műemlékgondozó Tanács UNESCO). <br /><strong>Irod.:</strong> LSS</br></p>

<p>Segesvár, 1946. jan. 18. † ?: művészettörténész, műemlékvédő. Buk.-ben végzett művészettörténeti, régészeti és összehasonlító irodalomtudományi tanulmányokat. A bukaresti Műemlékvédő Intézet erdélyi területi referense egy évig. NSzK-ba telepedett át (1973), a kölni egyetemen szerzett doktorátust. Műemlékgondnok Bajoro.-ban, majd a Rajnai Műemlékvédő Intézet Központi Emlékműarchivumának vezetője (1980–). Kiadója a Denkmaltopographie Rheinland-nak. Az Európai Tanács kinevezett szakértője a történelmi kultúrvidékek [&hellip;]</p>
