{"id":14221,"date":"2025-07-15T12:54:35","date_gmt":"2025-07-15T10:54:35","guid":{"rendered":"https:\/\/uj.adatbank.ro\/lexikon\/termek\/macovei-leonte\/"},"modified":"2025-07-15T12:54:35","modified_gmt":"2025-07-15T10:54:35","slug":"macovei-leonte","status":"publish","type":"product","link":"https:\/\/uj.adatbank.ro\/lexikon\/termek\/macovei-leonte\/","title":{"rendered":"MACOVEI, Leonte"},"content":{"rendered":"<p>M\u0103n\u0103stirea Humorului, 1922. dec. 19., \u2020 Dics\u0151szentm\u00e1rton, 1944. szept. 15.: \u0151rvezet\u0151. \u2013 Szeg\u00e9nyparaszti csal\u00e1dban sz\u00fcletett, a sz\u00fcl\u0151faluj\u00e1ban j\u00e1rt iskol\u00e1ba, Buk.-ben egy vend\u00e9gl\u0151ben kapott munk\u00e1t (1938\u2013), megn\u0151s\u00fclt. Bevonult katon\u00e1nak (1943\u2013), r\u00e9szt vett Rom\u00e1nia \u00e9szak-nyugati r\u00e9sz\u00e9nek felszabad\u00edt\u00e1s\u00e1\u00e9rt folytatott harcokban, a marosorb\u00f3i harcokban (1944. szept. 5.\u201315.), \u00e1tvette a harcok vezet\u00e9s\u00e9t (1944. szept. 15.) \u00e9s a harc hev\u00e9ben s\u00falyosan megsebes\u00fclt, \u00e9s a dics\u0151szentm\u00e1rtoni t\u00e1bori k\u00f3rh\u00e1zban meghalt. Post mortem a Katonai Vit\u00e9zs\u00e9gi \u00c9rem II. fokozat\u00e1val t\u00fcntett\u00e9k ki. <br \/><strong>Irod.:<\/strong> Vasile T. Suciu: Goly\u00f3z\u00e1poron \u00e1t (V. Z., 1989. szept. 3.)<\/br><\/p>\n","protected":false},"excerpt":{"rendered":"<p>M\u0103n\u0103stirea Humorului, 1922. dec. 19., \u2020 Dics\u0151szentm\u00e1rton, 1944. szept. 15.: \u0151rvezet\u0151. \u2013 Szeg\u00e9nyparaszti csal\u00e1dban sz\u00fcletett, a sz\u00fcl\u0151faluj\u00e1ban j\u00e1rt iskol\u00e1ba, Buk.-ben egy vend\u00e9gl\u0151ben kapott munk\u00e1t (1938\u2013), megn\u0151s\u00fclt. Bevonult katon\u00e1nak (1943\u2013), r\u00e9szt vett Rom\u00e1nia \u00e9szak-nyugati r\u00e9sz\u00e9nek felszabad\u00edt\u00e1s\u00e1\u00e9rt folytatott harcokban, a marosorb\u00f3i harcokban (1944. szept. 5.\u201315.), \u00e1tvette a harcok vezet\u00e9s\u00e9t (1944. szept. 15.) \u00e9s a harc hev\u00e9ben s\u00falyosan [&hellip;]<\/p>\n","protected":false},"featured_media":0,"comment_status":"open","ping_status":"closed","template":"","meta":[],"product_brand":[],"product_cat":[137],"product_tag":[],"class_list":{"0":"post-14221","1":"product","2":"type-product","3":"status-publish","5":"product_cat-maros-megyei-eletrajzi-lexikon","7":"first","8":"instock","9":"shipping-taxable","10":"product-type-simple"},"_links":{"self":[{"href":"https:\/\/uj.adatbank.ro\/lexikon\/wp-json\/wp\/v2\/product\/14221","targetHints":{"allow":["GET"]}}],"collection":[{"href":"https:\/\/uj.adatbank.ro\/lexikon\/wp-json\/wp\/v2\/product"}],"about":[{"href":"https:\/\/uj.adatbank.ro\/lexikon\/wp-json\/wp\/v2\/types\/product"}],"replies":[{"embeddable":true,"href":"https:\/\/uj.adatbank.ro\/lexikon\/wp-json\/wp\/v2\/comments?post=14221"}],"wp:attachment":[{"href":"https:\/\/uj.adatbank.ro\/lexikon\/wp-json\/wp\/v2\/media?parent=14221"}],"wp:term":[{"taxonomy":"product_brand","embeddable":true,"href":"https:\/\/uj.adatbank.ro\/lexikon\/wp-json\/wp\/v2\/product_brand?post=14221"},{"taxonomy":"product_cat","embeddable":true,"href":"https:\/\/uj.adatbank.ro\/lexikon\/wp-json\/wp\/v2\/product_cat?post=14221"},{"taxonomy":"product_tag","embeddable":true,"href":"https:\/\/uj.adatbank.ro\/lexikon\/wp-json\/wp\/v2\/product_tag?post=14221"}],"curies":[{"name":"wp","href":"https:\/\/api.w.org\/{rel}","templated":true}]}}

<p>Mănăstirea Humorului, 1922. dec. 19., † Dicsőszentmárton, 1944. szept. 15.: őrvezető. – Szegényparaszti családban született, a szülőfalujában járt iskolába, Buk.-ben egy vendéglőben kapott munkát (1938–), megnősült. Bevonult katonának (1943–), részt vett Románia észak-nyugati részének felszabadításáért folytatott harcokban, a marosorbói harcokban (1944. szept. 5.–15.), átvette a harcok vezetését (1944. szept. 15.) és a harc hevében súlyosan megsebesült, és a dicsőszentmártoni tábori kórházban meghalt. Post mortem a Katonai Vitézségi Érem II. fokozatával tüntették ki. <br /><strong>Irod.:</strong> Vasile T. Suciu: Golyózáporon át (V. Z., 1989. szept. 3.)</br></p>

<p>Mănăstirea Humorului, 1922. dec. 19., † Dicsőszentmárton, 1944. szept. 15.: őrvezető. – Szegényparaszti családban született, a szülőfalujában járt iskolába, Buk.-ben egy vendéglőben kapott munkát (1938–), megnősült. Bevonult katonának (1943–), részt vett Románia észak-nyugati részének felszabadításáért folytatott harcokban, a marosorbói harcokban (1944. szept. 5.–15.), átvette a harcok vezetését (1944. szept. 15.) és a harc hevében súlyosan [&hellip;]</p>
