{"id":14223,"date":"2025-07-15T12:54:38","date_gmt":"2025-07-15T10:54:38","guid":{"rendered":"https:\/\/uj.adatbank.ro\/lexikon\/termek\/macskasi-boldizsar\/"},"modified":"2025-07-15T12:54:38","modified_gmt":"2025-07-15T10:54:38","slug":"macskasi-boldizsar","status":"publish","type":"product","link":"https:\/\/uj.adatbank.ro\/lexikon\/termek\/macskasi-boldizsar\/","title":{"rendered":"MACSK\u00c1SI Boldizs\u00e1r"},"content":{"rendered":"<p>1651 k. \u2020\u00a01700. k.: f\u0151isp\u00e1n, katona \u00e9s diplomata. \u2013 Erd\u00e9lybe szakadt f\u0151rend\u0171 csal\u00e1d sarja. Mih\u00e1ly \u00e9s Bethlen Judit fia. Els\u0151 feles\u00e9ge Husz\u00e1r Margit, m\u00e1sodik feles\u00e9ge Kapi Anna. \u2013 Bels\u0151-Szolnok vm. f\u0151isp\u00e1nja (1680\u2013), majd t\u00f6bb alkalommal Apafi k\u00f6vete a cs\u00e1sz\u00e1rn\u00e1l \u00e9s cs\u00e1sz\u00e1ri gener\u00e1lisokn\u00e1l. A cs\u00e1sz\u00e1riak oldal\u00e1n harcol\u00f3 egyik erd\u00e9lyi csapattest parancsanoka (1688\u2013).Th\u00f6k\u00f6ly ellen harcolt (1691\u2013). Ut\u00f3bb Th\u00f6k\u00f6lyvel val\u00f3 titkos kapcsolatai\u00e9rt h\u0171tlens\u00e9gi perbe fogt\u00e1k, de f\u00f6lmentett\u00e9k (1696\u2013). <br \/><strong>Irod.:<\/strong> Abaf\u00e1ja; Erd\u00e9lyi f\u00e9niks; Tr\u00f3cs\u00e1nyi 1988<\/br><\/p>\n","protected":false},"excerpt":{"rendered":"<p>1651 k. \u2020\u00a01700. k.: f\u0151isp\u00e1n, katona \u00e9s diplomata. \u2013 Erd\u00e9lybe szakadt f\u0151rend\u0171 csal\u00e1d sarja. Mih\u00e1ly \u00e9s Bethlen Judit fia. Els\u0151 feles\u00e9ge Husz\u00e1r Margit, m\u00e1sodik feles\u00e9ge Kapi Anna. \u2013 Bels\u0151-Szolnok vm. f\u0151isp\u00e1nja (1680\u2013), majd t\u00f6bb alkalommal Apafi k\u00f6vete a cs\u00e1sz\u00e1rn\u00e1l \u00e9s cs\u00e1sz\u00e1ri gener\u00e1lisokn\u00e1l. A cs\u00e1sz\u00e1riak oldal\u00e1n harcol\u00f3 egyik erd\u00e9lyi csapattest parancsanoka (1688\u2013).Th\u00f6k\u00f6ly ellen harcolt (1691\u2013). Ut\u00f3bb [&hellip;]<\/p>\n","protected":false},"featured_media":0,"comment_status":"open","ping_status":"closed","template":"","meta":[],"product_brand":[],"product_cat":[137],"product_tag":[],"class_list":{"0":"post-14223","1":"product","2":"type-product","3":"status-publish","5":"product_cat-maros-megyei-eletrajzi-lexikon","7":"first","8":"instock","9":"shipping-taxable","10":"product-type-simple"},"_links":{"self":[{"href":"https:\/\/uj.adatbank.ro\/lexikon\/wp-json\/wp\/v2\/product\/14223","targetHints":{"allow":["GET"]}}],"collection":[{"href":"https:\/\/uj.adatbank.ro\/lexikon\/wp-json\/wp\/v2\/product"}],"about":[{"href":"https:\/\/uj.adatbank.ro\/lexikon\/wp-json\/wp\/v2\/types\/product"}],"replies":[{"embeddable":true,"href":"https:\/\/uj.adatbank.ro\/lexikon\/wp-json\/wp\/v2\/comments?post=14223"}],"wp:attachment":[{"href":"https:\/\/uj.adatbank.ro\/lexikon\/wp-json\/wp\/v2\/media?parent=14223"}],"wp:term":[{"taxonomy":"product_brand","embeddable":true,"href":"https:\/\/uj.adatbank.ro\/lexikon\/wp-json\/wp\/v2\/product_brand?post=14223"},{"taxonomy":"product_cat","embeddable":true,"href":"https:\/\/uj.adatbank.ro\/lexikon\/wp-json\/wp\/v2\/product_cat?post=14223"},{"taxonomy":"product_tag","embeddable":true,"href":"https:\/\/uj.adatbank.ro\/lexikon\/wp-json\/wp\/v2\/product_tag?post=14223"}],"curies":[{"name":"wp","href":"https:\/\/api.w.org\/{rel}","templated":true}]}}

MACSKÁSI Boldizsár

<p>1651 k. † 1700. k.: főispán, katona és diplomata. – Erdélybe szakadt főrendű család sarja. Mihály és Bethlen Judit fia. Első felesége Huszár Margit, második felesége Kapi Anna. – Belső-Szolnok vm. főispánja (1680–), majd több alkalommal Apafi követe a császárnál és császári generálisoknál. A császáriak oldalán harcoló egyik erdélyi csapattest parancsanoka (1688–).Thököly ellen harcolt (1691–). Utóbb Thökölyvel való titkos kapcsolataiért hűtlenségi perbe fogták, de fölmentették (1696–). <br /><strong>Irod.:</strong> Abafája; Erdélyi féniks; Trócsányi 1988</br></p>

<p>1651 k. † 1700. k.: főispán, katona és diplomata. – Erdélybe szakadt főrendű család sarja. Mihály és Bethlen Judit fia. Első felesége Huszár Margit, második felesége Kapi Anna. – Belső-Szolnok vm. főispánja (1680–), majd több alkalommal Apafi követe a császárnál és császári generálisoknál. A császáriak oldalán harcoló egyik erdélyi csapattest parancsanoka (1688–).Thököly ellen harcolt (1691–). Utóbb [&hellip;]</p>
