{"id":14227,"date":"2025-07-15T12:54:46","date_gmt":"2025-07-15T10:54:46","guid":{"rendered":"https:\/\/uj.adatbank.ro\/lexikon\/termek\/macskasi-mihaly-szentmartoni-macskasi\/"},"modified":"2025-07-15T12:54:46","modified_gmt":"2025-07-15T10:54:46","slug":"macskasi-mihaly-szentmartoni-macskasi","status":"publish","type":"product","link":"https:\/\/uj.adatbank.ro\/lexikon\/termek\/macskasi-mihaly-szentmartoni-macskasi\/","title":{"rendered":"MACSK\u00c1SI Mih\u00e1ly, szentm\u00e1rtoni-macsk\u00e1si"},"content":{"rendered":"<p>17. sz.? \u2020\u00a0? : f\u00f6ldbirtokos. \u2013 Mez\u0151szengyelen \/ Erd\u0151szengyel volt udvarh\u00e1za, amelynek lelt\u00e1rt k\u00e9sz\u00edtettek (1656). Gyermekei: Boldizs\u00e1r \u00e9s Mih\u00e1ly. Az udvarh\u00e1z a 19. sz. elej\u00e9n a M\u00e1rk Csal\u00e1d birtok\u00e1ba ker\u00fclt, utols\u00f3 tulajdonosa M\u00e1rk Zs\u00f3fia volt. <br \/><strong>Irod.:<\/strong> Keresztes Gyula: \u00d6r\u00f6ks\u00e9g\u00fcnk 58.: A Mez\u0151s\u00e9g udvarh\u00e1zai (N\u00fa., 1994. j\u00fal. 1.); Keresztes Gyula\u00a0: \u00d6r\u00f6ks\u00e9g\u00fcnk 67.: Udvarh\u00e1zak a Maros v\u00f6lgy\u00e9ben (N\u00fa., 1994. nov. 12.); <\/br><\/p>\n","protected":false},"excerpt":{"rendered":"<p>17. sz.? \u2020\u00a0? : f\u00f6ldbirtokos. \u2013 Mez\u0151szengyelen \/ Erd\u0151szengyel volt udvarh\u00e1za, amelynek lelt\u00e1rt k\u00e9sz\u00edtettek (1656). Gyermekei: Boldizs\u00e1r \u00e9s Mih\u00e1ly. Az udvarh\u00e1z a 19. sz. elej\u00e9n a M\u00e1rk Csal\u00e1d birtok\u00e1ba ker\u00fclt, utols\u00f3 tulajdonosa M\u00e1rk Zs\u00f3fia volt. Irod.: Keresztes Gyula: \u00d6r\u00f6ks\u00e9g\u00fcnk 58.: A Mez\u0151s\u00e9g udvarh\u00e1zai (N\u00fa., 1994. j\u00fal. 1.); Keresztes Gyula\u00a0: \u00d6r\u00f6ks\u00e9g\u00fcnk 67.: Udvarh\u00e1zak a Maros v\u00f6lgy\u00e9ben [&hellip;]<\/p>\n","protected":false},"featured_media":0,"comment_status":"open","ping_status":"closed","template":"","meta":[],"product_brand":[],"product_cat":[137],"product_tag":[],"class_list":{"0":"post-14227","1":"product","2":"type-product","3":"status-publish","5":"product_cat-maros-megyei-eletrajzi-lexikon","7":"first","8":"instock","9":"shipping-taxable","10":"product-type-simple"},"_links":{"self":[{"href":"https:\/\/uj.adatbank.ro\/lexikon\/wp-json\/wp\/v2\/product\/14227","targetHints":{"allow":["GET"]}}],"collection":[{"href":"https:\/\/uj.adatbank.ro\/lexikon\/wp-json\/wp\/v2\/product"}],"about":[{"href":"https:\/\/uj.adatbank.ro\/lexikon\/wp-json\/wp\/v2\/types\/product"}],"replies":[{"embeddable":true,"href":"https:\/\/uj.adatbank.ro\/lexikon\/wp-json\/wp\/v2\/comments?post=14227"}],"wp:attachment":[{"href":"https:\/\/uj.adatbank.ro\/lexikon\/wp-json\/wp\/v2\/media?parent=14227"}],"wp:term":[{"taxonomy":"product_brand","embeddable":true,"href":"https:\/\/uj.adatbank.ro\/lexikon\/wp-json\/wp\/v2\/product_brand?post=14227"},{"taxonomy":"product_cat","embeddable":true,"href":"https:\/\/uj.adatbank.ro\/lexikon\/wp-json\/wp\/v2\/product_cat?post=14227"},{"taxonomy":"product_tag","embeddable":true,"href":"https:\/\/uj.adatbank.ro\/lexikon\/wp-json\/wp\/v2\/product_tag?post=14227"}],"curies":[{"name":"wp","href":"https:\/\/api.w.org\/{rel}","templated":true}]}}

MACSKÁSI Mihály, szentmártoni-macskási

<p>17. sz.? † ? : földbirtokos. – Mezőszengyelen / Erdőszengyel volt udvarháza, amelynek leltárt készítettek (1656). Gyermekei: Boldizsár és Mihály. Az udvarház a 19. sz. elején a Márk Család birtokába került, utolsó tulajdonosa Márk Zsófia volt. <br /><strong>Irod.:</strong> Keresztes Gyula: Örökségünk 58.: A Mezőség udvarházai (Nú., 1994. júl. 1.); Keresztes Gyula : Örökségünk 67.: Udvarházak a Maros völgyében (Nú., 1994. nov. 12.); </br></p>

<p>17. sz.? † ? : földbirtokos. – Mezőszengyelen / Erdőszengyel volt udvarháza, amelynek leltárt készítettek (1656). Gyermekei: Boldizsár és Mihály. Az udvarház a 19. sz. elején a Márk Család birtokába került, utolsó tulajdonosa Márk Zsófia volt. Irod.: Keresztes Gyula: Örökségünk 58.: A Mezőség udvarházai (Nú., 1994. júl. 1.); Keresztes Gyula : Örökségünk 67.: Udvarházak a Maros völgyében [&hellip;]</p>
