{"id":14229,"date":"2025-07-15T12:54:51","date_gmt":"2025-07-15T10:54:51","guid":{"rendered":"https:\/\/uj.adatbank.ro\/lexikon\/termek\/macskassy-izolda\/"},"modified":"2025-07-15T12:54:51","modified_gmt":"2025-07-15T10:54:51","slug":"macskassy-izolda","status":"publish","type":"product","link":"https:\/\/uj.adatbank.ro\/lexikon\/termek\/macskassy-izolda\/","title":{"rendered":"MACSK\u00c1SSY Izolda"},"content":{"rendered":"<p>Mv., 1945.\u2020\u00a0?: fest\u0151 \u2013 A kv.-i K\u00e9pz\u0151m\u0171v\u00e9szeti F\u0151iskol\u00e1n kezdte m\u0171v\u00e9szeti tanulm\u00e1nyait \u00e9s Ausztri\u00e1ban v\u00e9gezte.Magyarorsz\u00e1gon folytatja m\u0171v\u00e9szet munk\u00e1ss\u00e1g\u00e1t.Alkot\u00e1sait erd\u00e9lyi, magyar \u00e9s k\u00fclf\u00f6ldi t\u00e1rlatokon m\u00fatatta be.D\u00edjakkal \u00e9s kit\u00fcntet\u00e9sekkel jutalmazt\u00e1k festm\u00e9nyeit, textilgrafik\u00e1it. <br \/><strong>Irod.:<\/strong> Szab\u00f3 \u2013 K\u00e1llai<\/br><\/p>\n","protected":false},"excerpt":{"rendered":"<p>Mv., 1945.\u2020\u00a0?: fest\u0151 \u2013 A kv.-i K\u00e9pz\u0151m\u0171v\u00e9szeti F\u0151iskol\u00e1n kezdte m\u0171v\u00e9szeti tanulm\u00e1nyait \u00e9s Ausztri\u00e1ban v\u00e9gezte.Magyarorsz\u00e1gon folytatja m\u0171v\u00e9szet munk\u00e1ss\u00e1g\u00e1t.Alkot\u00e1sait erd\u00e9lyi, magyar \u00e9s k\u00fclf\u00f6ldi t\u00e1rlatokon m\u00fatatta be.D\u00edjakkal \u00e9s kit\u00fcntet\u00e9sekkel jutalmazt\u00e1k festm\u00e9nyeit, textilgrafik\u00e1it. Irod.: Szab\u00f3 \u2013 K\u00e1llai<\/p>\n","protected":false},"featured_media":0,"comment_status":"open","ping_status":"closed","template":"","meta":[],"product_brand":[],"product_cat":[137],"product_tag":[],"class_list":{"0":"post-14229","1":"product","2":"type-product","3":"status-publish","5":"product_cat-maros-megyei-eletrajzi-lexikon","7":"first","8":"instock","9":"shipping-taxable","10":"product-type-simple"},"_links":{"self":[{"href":"https:\/\/uj.adatbank.ro\/lexikon\/wp-json\/wp\/v2\/product\/14229","targetHints":{"allow":["GET"]}}],"collection":[{"href":"https:\/\/uj.adatbank.ro\/lexikon\/wp-json\/wp\/v2\/product"}],"about":[{"href":"https:\/\/uj.adatbank.ro\/lexikon\/wp-json\/wp\/v2\/types\/product"}],"replies":[{"embeddable":true,"href":"https:\/\/uj.adatbank.ro\/lexikon\/wp-json\/wp\/v2\/comments?post=14229"}],"wp:attachment":[{"href":"https:\/\/uj.adatbank.ro\/lexikon\/wp-json\/wp\/v2\/media?parent=14229"}],"wp:term":[{"taxonomy":"product_brand","embeddable":true,"href":"https:\/\/uj.adatbank.ro\/lexikon\/wp-json\/wp\/v2\/product_brand?post=14229"},{"taxonomy":"product_cat","embeddable":true,"href":"https:\/\/uj.adatbank.ro\/lexikon\/wp-json\/wp\/v2\/product_cat?post=14229"},{"taxonomy":"product_tag","embeddable":true,"href":"https:\/\/uj.adatbank.ro\/lexikon\/wp-json\/wp\/v2\/product_tag?post=14229"}],"curies":[{"name":"wp","href":"https:\/\/api.w.org\/{rel}","templated":true}]}}