{"id":14231,"date":"2025-07-15T12:54:55","date_gmt":"2025-07-15T10:54:55","guid":{"rendered":"https:\/\/uj.adatbank.ro\/lexikon\/termek\/macskassy-krisztina-macskasi-krisztina\/"},"modified":"2025-07-15T12:54:55","modified_gmt":"2025-07-15T10:54:55","slug":"macskassy-krisztina-macskasi-krisztina","status":"publish","type":"product","link":"https:\/\/uj.adatbank.ro\/lexikon\/termek\/macskassy-krisztina-macskasi-krisztina\/","title":{"rendered":"MACSK\u00c1SSY Krisztina, Macsk\u00e1si Krisztina"},"content":{"rendered":"<p>? \u2020\u00a0?: f\u00f6ldbirtokos. \u2013 F\u00e9rje: Bethlen Istv\u00e1n (\u2020 1737), akit\u0151l elv\u00e1lt (1734). \u2013 Gyermekeik: Bethlen L\u00e1szl\u00f3 (1729\u20131783); Borb\u00e1la gr. Rh\u00e9dei Mih\u00e1lyn\u00e9; Druzsi\u00e1nna gr.Rh\u00e9dey Ferencn\u00e9. \u2013 V\u00e1l\u00e1skor tulajdon\u00e1ban maradt a mez\u0151paniti birtok, ezt Borb\u00e1la kapta. Hossz\u00faassz\u00f3i f\u00f6ldbirtokosn\u0151 volt, k\u00e1poln\u00e1t \u00e9p\u00edtetett Mez\u0151panitban (1750). <br \/><strong>Irod.:<\/strong> L\u00e9sty\u00e1n \u2013 templomok; Mez\u0151panit<\/br><\/p>\n","protected":false},"excerpt":{"rendered":"<p>? \u2020\u00a0?: f\u00f6ldbirtokos. \u2013 F\u00e9rje: Bethlen Istv\u00e1n (\u2020 1737), akit\u0151l elv\u00e1lt (1734). \u2013 Gyermekeik: Bethlen L\u00e1szl\u00f3 (1729\u20131783); Borb\u00e1la gr. Rh\u00e9dei Mih\u00e1lyn\u00e9; Druzsi\u00e1nna gr.Rh\u00e9dey Ferencn\u00e9. \u2013 V\u00e1l\u00e1skor tulajdon\u00e1ban maradt a mez\u0151paniti birtok, ezt Borb\u00e1la kapta. Hossz\u00faassz\u00f3i f\u00f6ldbirtokosn\u0151 volt, k\u00e1poln\u00e1t \u00e9p\u00edtetett Mez\u0151panitban (1750). Irod.: L\u00e9sty\u00e1n \u2013 templomok; Mez\u0151panit<\/p>\n","protected":false},"featured_media":0,"comment_status":"open","ping_status":"closed","template":"","meta":[],"product_brand":[],"product_cat":[137],"product_tag":[],"class_list":{"0":"post-14231","1":"product","2":"type-product","3":"status-publish","5":"product_cat-maros-megyei-eletrajzi-lexikon","7":"first","8":"instock","9":"shipping-taxable","10":"product-type-simple"},"_links":{"self":[{"href":"https:\/\/uj.adatbank.ro\/lexikon\/wp-json\/wp\/v2\/product\/14231","targetHints":{"allow":["GET"]}}],"collection":[{"href":"https:\/\/uj.adatbank.ro\/lexikon\/wp-json\/wp\/v2\/product"}],"about":[{"href":"https:\/\/uj.adatbank.ro\/lexikon\/wp-json\/wp\/v2\/types\/product"}],"replies":[{"embeddable":true,"href":"https:\/\/uj.adatbank.ro\/lexikon\/wp-json\/wp\/v2\/comments?post=14231"}],"wp:attachment":[{"href":"https:\/\/uj.adatbank.ro\/lexikon\/wp-json\/wp\/v2\/media?parent=14231"}],"wp:term":[{"taxonomy":"product_brand","embeddable":true,"href":"https:\/\/uj.adatbank.ro\/lexikon\/wp-json\/wp\/v2\/product_brand?post=14231"},{"taxonomy":"product_cat","embeddable":true,"href":"https:\/\/uj.adatbank.ro\/lexikon\/wp-json\/wp\/v2\/product_cat?post=14231"},{"taxonomy":"product_tag","embeddable":true,"href":"https:\/\/uj.adatbank.ro\/lexikon\/wp-json\/wp\/v2\/product_tag?post=14231"}],"curies":[{"name":"wp","href":"https:\/\/api.w.org\/{rel}","templated":true}]}}