{"id":14235,"date":"2025-07-15T12:55:01","date_gmt":"2025-07-15T10:55:01","guid":{"rendered":"https:\/\/uj.adatbank.ro\/lexikon\/termek\/madaras\/"},"modified":"2025-07-15T12:55:01","modified_gmt":"2025-07-15T10:55:01","slug":"madaras","status":"publish","type":"product","link":"https:\/\/uj.adatbank.ro\/lexikon\/termek\/madaras\/","title":{"rendered":"MADARAS"},"content":{"rendered":"<p>Kib\u00e9di \u0151si sz\u00e9kely csal\u00e1d. M\u00e1r a XIV. sz\u00e1zadban el\u0151fordul Madaras Imre, kinek fia L\u00e1szl\u00f3, kinek fiai Barnab\u00e1s \u00e9s Jakab Marossz\u00e9kben f\u0151sz\u00e9kelyek: M. J\u00e1nosnak \u00faj adom\u00e1nylevelet adott B\u00e1thory Zsigmond (1585. jan. 15.); M. Ferenc, J\u00e1nos \u00e9s Istv\u00e1n B\u00e1sta rendelet\u00e9re a cs. \u00e9s k. h\u0171s\u00e9g\u00e9re esk\u00fcszik fel (1602); M. J\u00e1nos \u00e9s Mih\u00e1ly Kib\u00e9dr\u0151l, mint primipilusok lustr\u00e1ltak (1614); \u2013 Mih\u00e1ly 1739. \u00e9vi, J\u00e1nos 1776. \u00e9vi, S\u00e1muel 1781. \u00e9vi c\u00edmerpecs\u00e9tje a gr. Teleki-lev\u00e9lt\u00e1rban Mv. G\u00e1bor K\u00fck\u00fcll\u0151 megyei szolgab\u00edr\u00f3, a rom\u00e1nok felkoncolt\u00e1k (1848). \u00d6zvegye Cseh Julianna sz\u00e9lk\u00fati birtokosn\u0151, ugyan ott birtokos J\u00f3zsef. <br \/><strong>Irod.:<\/strong> Kempelen; Nagy Iv\u00e1n; P\u00e1lmay<\/br><\/p>\n","protected":false},"excerpt":{"rendered":"<p>Kib\u00e9di \u0151si sz\u00e9kely csal\u00e1d. M\u00e1r a XIV. sz\u00e1zadban el\u0151fordul Madaras Imre, kinek fia L\u00e1szl\u00f3, kinek fiai Barnab\u00e1s \u00e9s Jakab Marossz\u00e9kben f\u0151sz\u00e9kelyek: M. J\u00e1nosnak \u00faj adom\u00e1nylevelet adott B\u00e1thory Zsigmond (1585. jan. 15.); M. Ferenc, J\u00e1nos \u00e9s Istv\u00e1n B\u00e1sta rendelet\u00e9re a cs. \u00e9s k. h\u0171s\u00e9g\u00e9re esk\u00fcszik fel (1602); M. J\u00e1nos \u00e9s Mih\u00e1ly Kib\u00e9dr\u0151l, mint primipilusok lustr\u00e1ltak (1614); [&hellip;]<\/p>\n","protected":false},"featured_media":0,"comment_status":"open","ping_status":"closed","template":"","meta":[],"product_brand":[],"product_cat":[137],"product_tag":[],"class_list":{"0":"post-14235","1":"product","2":"type-product","3":"status-publish","5":"product_cat-maros-megyei-eletrajzi-lexikon","7":"first","8":"instock","9":"shipping-taxable","10":"product-type-simple"},"_links":{"self":[{"href":"https:\/\/uj.adatbank.ro\/lexikon\/wp-json\/wp\/v2\/product\/14235","targetHints":{"allow":["GET"]}}],"collection":[{"href":"https:\/\/uj.adatbank.ro\/lexikon\/wp-json\/wp\/v2\/product"}],"about":[{"href":"https:\/\/uj.adatbank.ro\/lexikon\/wp-json\/wp\/v2\/types\/product"}],"replies":[{"embeddable":true,"href":"https:\/\/uj.adatbank.ro\/lexikon\/wp-json\/wp\/v2\/comments?post=14235"}],"wp:attachment":[{"href":"https:\/\/uj.adatbank.ro\/lexikon\/wp-json\/wp\/v2\/media?parent=14235"}],"wp:term":[{"taxonomy":"product_brand","embeddable":true,"href":"https:\/\/uj.adatbank.ro\/lexikon\/wp-json\/wp\/v2\/product_brand?post=14235"},{"taxonomy":"product_cat","embeddable":true,"href":"https:\/\/uj.adatbank.ro\/lexikon\/wp-json\/wp\/v2\/product_cat?post=14235"},{"taxonomy":"product_tag","embeddable":true,"href":"https:\/\/uj.adatbank.ro\/lexikon\/wp-json\/wp\/v2\/product_tag?post=14235"}],"curies":[{"name":"wp","href":"https:\/\/api.w.org\/{rel}","templated":true}]}}

<p>Kibédi ősi székely család. Már a XIV. században előfordul Madaras Imre, kinek fia László, kinek fiai Barnabás és Jakab Marosszékben főszékelyek: M. Jánosnak új adománylevelet adott Báthory Zsigmond (1585. jan. 15.); M. Ferenc, János és István Básta rendeletére a cs. és k. hűségére esküszik fel (1602); M. János és Mihály Kibédről, mint primipilusok lustráltak (1614); – Mihály 1739. évi, János 1776. évi, Sámuel 1781. évi címerpecsétje a gr. Teleki-levéltárban Mv. Gábor Küküllő megyei szolgabíró, a románok felkoncolták (1848). Özvegye Cseh Julianna szélkúti birtokosnő, ugyan ott birtokos József. <br /><strong>Irod.:</strong> Kempelen; Nagy Iván; Pálmay</br></p>

<p>Kibédi ősi székely család. Már a XIV. században előfordul Madaras Imre, kinek fia László, kinek fiai Barnabás és Jakab Marosszékben főszékelyek: M. Jánosnak új adománylevelet adott Báthory Zsigmond (1585. jan. 15.); M. Ferenc, János és István Básta rendeletére a cs. és k. hűségére esküszik fel (1602); M. János és Mihály Kibédről, mint primipilusok lustráltak (1614); [&hellip;]</p>
