{"id":14239,"date":"2025-07-15T12:55:09","date_gmt":"2025-07-15T10:55:09","guid":{"rendered":"https:\/\/uj.adatbank.ro\/lexikon\/termek\/madaras-bela-%c2%a7-vitez\/"},"modified":"2025-07-15T12:55:09","modified_gmt":"2025-07-15T10:55:09","slug":"madaras-bela-%c2%a7-vitez","status":"publish","type":"product","link":"https:\/\/uj.adatbank.ro\/lexikon\/termek\/madaras-bela-%c2%a7-vitez\/","title":{"rendered":"MADARAS B\u00e9la, \u00a7 vit\u00e9z"},"content":{"rendered":"<p>Mv., 1887. m\u00e1j. 29., \u2020\u00a0? : gyalogs\u00e1gi vez\u00e9r\u0151rnagy. \u2013 Anyja: Szidlovszky Vilma. \u2013 Nagyv\u00e1radon v\u00e9gzett honv\u00e9d hadapr\u00f3diskol\u00e1t (1901\u20131905). Hadapr\u00f3d tiszthelyettes (1905. aug. 18).), hadnagy (1906. nov. 1.), f\u0151hadnagy (1912. m\u00e1j. 1.), sz\u00e1zados (1915.j\u00fal..1.), \u0151rnagy (192?), alezredes (1930. m\u00e1j. 1.), ezredes (1935. nov. 1.), t\u00e1bornok (1940. aug.. 1.). A Ludovika Akad\u00e9mia terep ir\u00e1nytan tan\u00e1ra (1923\u201329 \u00e9s 1934\u201340). T\u00e9rk\u00e9p\u00e9szeti Int\u00e9zet, ill. testnevel\u00e9si \u00e9s n\u00e9pgondoz\u00f3 fel\u00fcgyel\u0151s\u00e9g (1929\u201334), tenger\u00e9szeti fel\u00fcgyel\u0151. A II. hadtest k\u00f6zigazazgat\u00e1si vezet\u0151je (1940\u201341 aug.1.).Nyug\u00e1lom\u00e1nyba vonult (1941. nov. 1.). <br \/><strong>Irod.:<\/strong> Szak\u00e1ly S\u00e1ndor<\/br><\/p>\n","protected":false},"excerpt":{"rendered":"<p>Mv., 1887. m\u00e1j. 29., \u2020\u00a0? : gyalogs\u00e1gi vez\u00e9r\u0151rnagy. \u2013 Anyja: Szidlovszky Vilma. \u2013 Nagyv\u00e1radon v\u00e9gzett honv\u00e9d hadapr\u00f3diskol\u00e1t (1901\u20131905). Hadapr\u00f3d tiszthelyettes (1905. aug. 18).), hadnagy (1906. nov. 1.), f\u0151hadnagy (1912. m\u00e1j. 1.), sz\u00e1zados (1915.j\u00fal..1.), \u0151rnagy (192?), alezredes (1930. m\u00e1j. 1.), ezredes (1935. nov. 1.), t\u00e1bornok (1940. aug.. 1.). A Ludovika Akad\u00e9mia terep ir\u00e1nytan tan\u00e1ra (1923\u201329 \u00e9s [&hellip;]<\/p>\n","protected":false},"featured_media":0,"comment_status":"open","ping_status":"closed","template":"","meta":[],"product_brand":[],"product_cat":[137],"product_tag":[],"class_list":{"0":"post-14239","1":"product","2":"type-product","3":"status-publish","5":"product_cat-maros-megyei-eletrajzi-lexikon","7":"first","8":"instock","9":"shipping-taxable","10":"product-type-simple"},"_links":{"self":[{"href":"https:\/\/uj.adatbank.ro\/lexikon\/wp-json\/wp\/v2\/product\/14239","targetHints":{"allow":["GET"]}}],"collection":[{"href":"https:\/\/uj.adatbank.ro\/lexikon\/wp-json\/wp\/v2\/product"}],"about":[{"href":"https:\/\/uj.adatbank.ro\/lexikon\/wp-json\/wp\/v2\/types\/product"}],"replies":[{"embeddable":true,"href":"https:\/\/uj.adatbank.ro\/lexikon\/wp-json\/wp\/v2\/comments?post=14239"}],"wp:attachment":[{"href":"https:\/\/uj.adatbank.ro\/lexikon\/wp-json\/wp\/v2\/media?parent=14239"}],"wp:term":[{"taxonomy":"product_brand","embeddable":true,"href":"https:\/\/uj.adatbank.ro\/lexikon\/wp-json\/wp\/v2\/product_brand?post=14239"},{"taxonomy":"product_cat","embeddable":true,"href":"https:\/\/uj.adatbank.ro\/lexikon\/wp-json\/wp\/v2\/product_cat?post=14239"},{"taxonomy":"product_tag","embeddable":true,"href":"https:\/\/uj.adatbank.ro\/lexikon\/wp-json\/wp\/v2\/product_tag?post=14239"}],"curies":[{"name":"wp","href":"https:\/\/api.w.org\/{rel}","templated":true}]}}