{"id":14240,"date":"2025-07-15T12:55:12","date_gmt":"2025-07-15T10:55:12","guid":{"rendered":"https:\/\/uj.adatbank.ro\/lexikon\/termek\/madaras-dezso\/"},"modified":"2025-07-15T12:55:12","modified_gmt":"2025-07-15T10:55:12","slug":"madaras-dezso","status":"publish","type":"product","link":"https:\/\/uj.adatbank.ro\/lexikon\/termek\/madaras-dezso\/","title":{"rendered":"MADARAS Dezs\u0151"},"content":{"rendered":"<p>P\u00f3kakereszt\u00far, 1911. nov. 4., \u2020\u00a0? : gazd\u00e1lkod\u00f3. \u2013 Letart\u00f3ztatt\u00e1k (1959. szept. 3.) \u00e9s b\u00edr\u00f3s\u00e1g el\u00e9 \u00e1ll\u00edtott\u00e1k azzal a v\u00e1ddal, hogy a magyarorsz\u00e1gi forradalom alatt \u00e9s ut\u00e1n t\u00f6bbsz\u00f6r gyal\u00e1zta a n\u00e9p demokratilkus rendszer\u00e9t \u00e9s a kollektiviz\u00e1l\u00e1s ellen l\u00e1z\u00edtott. <br \/><strong>Irod.:<\/strong> 1956 Erd\u00e9lyben<\/br><\/p>\n","protected":false},"excerpt":{"rendered":"<p>P\u00f3kakereszt\u00far, 1911. nov. 4., \u2020\u00a0? : gazd\u00e1lkod\u00f3. \u2013 Letart\u00f3ztatt\u00e1k (1959. szept. 3.) \u00e9s b\u00edr\u00f3s\u00e1g el\u00e9 \u00e1ll\u00edtott\u00e1k azzal a v\u00e1ddal, hogy a magyarorsz\u00e1gi forradalom alatt \u00e9s ut\u00e1n t\u00f6bbsz\u00f6r gyal\u00e1zta a n\u00e9p demokratilkus rendszer\u00e9t \u00e9s a kollektiviz\u00e1l\u00e1s ellen l\u00e1z\u00edtott. Irod.: 1956 Erd\u00e9lyben<\/p>\n","protected":false},"featured_media":0,"comment_status":"open","ping_status":"closed","template":"","meta":[],"product_brand":[],"product_cat":[137],"product_tag":[],"class_list":{"0":"post-14240","1":"product","2":"type-product","3":"status-publish","5":"product_cat-maros-megyei-eletrajzi-lexikon","7":"first","8":"instock","9":"shipping-taxable","10":"product-type-simple"},"_links":{"self":[{"href":"https:\/\/uj.adatbank.ro\/lexikon\/wp-json\/wp\/v2\/product\/14240","targetHints":{"allow":["GET"]}}],"collection":[{"href":"https:\/\/uj.adatbank.ro\/lexikon\/wp-json\/wp\/v2\/product"}],"about":[{"href":"https:\/\/uj.adatbank.ro\/lexikon\/wp-json\/wp\/v2\/types\/product"}],"replies":[{"embeddable":true,"href":"https:\/\/uj.adatbank.ro\/lexikon\/wp-json\/wp\/v2\/comments?post=14240"}],"wp:attachment":[{"href":"https:\/\/uj.adatbank.ro\/lexikon\/wp-json\/wp\/v2\/media?parent=14240"}],"wp:term":[{"taxonomy":"product_brand","embeddable":true,"href":"https:\/\/uj.adatbank.ro\/lexikon\/wp-json\/wp\/v2\/product_brand?post=14240"},{"taxonomy":"product_cat","embeddable":true,"href":"https:\/\/uj.adatbank.ro\/lexikon\/wp-json\/wp\/v2\/product_cat?post=14240"},{"taxonomy":"product_tag","embeddable":true,"href":"https:\/\/uj.adatbank.ro\/lexikon\/wp-json\/wp\/v2\/product_tag?post=14240"}],"curies":[{"name":"wp","href":"https:\/\/api.w.org\/{rel}","templated":true}]}}

MADARAS Dezső

<p>Pókakeresztúr, 1911. nov. 4., † ? : gazdálkodó. – Letartóztatták (1959. szept. 3.) és bíróság elé állították azzal a váddal, hogy a magyarországi forradalom alatt és után többször gyalázta a nép demokratilkus rendszerét és a kollektivizálás ellen lázított. <br /><strong>Irod.:</strong> 1956 Erdélyben</br></p>

<p>Pókakeresztúr, 1911. nov. 4., † ? : gazdálkodó. – Letartóztatták (1959. szept. 3.) és bíróság elé állították azzal a váddal, hogy a magyarországi forradalom alatt és után többször gyalázta a nép demokratilkus rendszerét és a kollektivizálás ellen lázított. Irod.: 1956 Erdélyben</p>
