{"id":14247,"date":"2025-07-15T12:55:25","date_gmt":"2025-07-15T10:55:25","guid":{"rendered":"https:\/\/uj.adatbank.ro\/lexikon\/termek\/madaras-janos\/"},"modified":"2025-07-15T12:55:25","modified_gmt":"2025-07-15T10:55:25","slug":"madaras-janos","status":"publish","type":"product","link":"https:\/\/uj.adatbank.ro\/lexikon\/termek\/madaras-janos\/","title":{"rendered":"MADARAS J\u00e1nos"},"content":{"rendered":"<p>1823.? \u2020 Sz\u00f6v\u00e9rd, 1907. szept. 25: : ref. lelk\u00e9sz. \u2013 Feles\u00e9ge: Csin\u00e1di K\u00e1rolina. Gyermekeik: Nina Nagy Lajosn\u00e9; K\u00e1lm\u00e1n, feles\u00e9ge Kov\u00e1cs Anna; Lotti Gy\u00f6rke K\u00e1rolyn\u00e9; G\u00e9za, G\u00e1bor, aki hittanszakot v\u00e9gzett (\u2020 Sz\u00f6v\u00e9rd, 1881. j\u00fan. 21.). \u2013 Sz\u00f6v\u00e9rdi ref. lelk\u00e9sz, a marosi ref. egyh\u00e1zmegy\u00e9nek sok \u00e9ven \u00e1t volt sz\u00e1mvev\u0151-direktora. <br \/><strong>Irod.:<\/strong> Gy\u00e1szjelent\u0151<\/br><\/p>\n","protected":false},"excerpt":{"rendered":"<p>1823.? \u2020 Sz\u00f6v\u00e9rd, 1907. szept. 25: : ref. lelk\u00e9sz. \u2013 Feles\u00e9ge: Csin\u00e1di K\u00e1rolina. Gyermekeik: Nina Nagy Lajosn\u00e9; K\u00e1lm\u00e1n, feles\u00e9ge Kov\u00e1cs Anna; Lotti Gy\u00f6rke K\u00e1rolyn\u00e9; G\u00e9za, G\u00e1bor, aki hittanszakot v\u00e9gzett (\u2020 Sz\u00f6v\u00e9rd, 1881. j\u00fan. 21.). \u2013 Sz\u00f6v\u00e9rdi ref. lelk\u00e9sz, a marosi ref. egyh\u00e1zmegy\u00e9nek sok \u00e9ven \u00e1t volt sz\u00e1mvev\u0151-direktora. Irod.: Gy\u00e1szjelent\u0151<\/p>\n","protected":false},"featured_media":0,"comment_status":"open","ping_status":"closed","template":"","meta":[],"product_brand":[],"product_cat":[137],"product_tag":[],"class_list":{"0":"post-14247","1":"product","2":"type-product","3":"status-publish","5":"product_cat-maros-megyei-eletrajzi-lexikon","7":"first","8":"instock","9":"shipping-taxable","10":"product-type-simple"},"_links":{"self":[{"href":"https:\/\/uj.adatbank.ro\/lexikon\/wp-json\/wp\/v2\/product\/14247","targetHints":{"allow":["GET"]}}],"collection":[{"href":"https:\/\/uj.adatbank.ro\/lexikon\/wp-json\/wp\/v2\/product"}],"about":[{"href":"https:\/\/uj.adatbank.ro\/lexikon\/wp-json\/wp\/v2\/types\/product"}],"replies":[{"embeddable":true,"href":"https:\/\/uj.adatbank.ro\/lexikon\/wp-json\/wp\/v2\/comments?post=14247"}],"wp:attachment":[{"href":"https:\/\/uj.adatbank.ro\/lexikon\/wp-json\/wp\/v2\/media?parent=14247"}],"wp:term":[{"taxonomy":"product_brand","embeddable":true,"href":"https:\/\/uj.adatbank.ro\/lexikon\/wp-json\/wp\/v2\/product_brand?post=14247"},{"taxonomy":"product_cat","embeddable":true,"href":"https:\/\/uj.adatbank.ro\/lexikon\/wp-json\/wp\/v2\/product_cat?post=14247"},{"taxonomy":"product_tag","embeddable":true,"href":"https:\/\/uj.adatbank.ro\/lexikon\/wp-json\/wp\/v2\/product_tag?post=14247"}],"curies":[{"name":"wp","href":"https:\/\/api.w.org\/{rel}","templated":true}]}}