{"id":14252,"date":"2025-07-15T12:55:36","date_gmt":"2025-07-15T10:55:36","guid":{"rendered":"https:\/\/uj.adatbank.ro\/lexikon\/termek\/madaras-lajos\/"},"modified":"2025-07-15T12:55:36","modified_gmt":"2025-07-15T10:55:36","slug":"madaras-lajos","status":"publish","type":"product","link":"https:\/\/uj.adatbank.ro\/lexikon\/termek\/madaras-lajos\/","title":{"rendered":"MADARAS Lajos"},"content":{"rendered":"<p>Kib\u00e9d, 1913. febr. 5., \u2020\u00a0? : gazd\u00e1lkod\u00f3 \u00e9s szab\u00f3. \u2013 Letart\u00f3ztatt\u00e1k (1958. m\u00e1rc. 18.) \u00e9s Kov\u00e1cs K\u00e1roly jehovista csoportj\u00e1ban ellenforradalmi tartalm\u00fa kiadv\u00e1nyok terjeszt\u00e9se \u00e9s rendszerellenes tev\u00e9kenys\u00e9g v\u00e1dj\u00e1val helyezt\u00e9k v\u00e1d al\u00e1. <br \/><strong>Irod.:<\/strong> 1956 Erd\u00e9lyben<\/br><\/p>\n","protected":false},"excerpt":{"rendered":"<p>Kib\u00e9d, 1913. febr. 5., \u2020\u00a0? : gazd\u00e1lkod\u00f3 \u00e9s szab\u00f3. \u2013 Letart\u00f3ztatt\u00e1k (1958. m\u00e1rc. 18.) \u00e9s Kov\u00e1cs K\u00e1roly jehovista csoportj\u00e1ban ellenforradalmi tartalm\u00fa kiadv\u00e1nyok terjeszt\u00e9se \u00e9s rendszerellenes tev\u00e9kenys\u00e9g v\u00e1dj\u00e1val helyezt\u00e9k v\u00e1d al\u00e1. Irod.: 1956 Erd\u00e9lyben<\/p>\n","protected":false},"featured_media":0,"comment_status":"open","ping_status":"closed","template":"","meta":[],"product_brand":[],"product_cat":[137],"product_tag":[],"class_list":{"0":"post-14252","1":"product","2":"type-product","3":"status-publish","5":"product_cat-maros-megyei-eletrajzi-lexikon","7":"first","8":"instock","9":"shipping-taxable","10":"product-type-simple"},"_links":{"self":[{"href":"https:\/\/uj.adatbank.ro\/lexikon\/wp-json\/wp\/v2\/product\/14252","targetHints":{"allow":["GET"]}}],"collection":[{"href":"https:\/\/uj.adatbank.ro\/lexikon\/wp-json\/wp\/v2\/product"}],"about":[{"href":"https:\/\/uj.adatbank.ro\/lexikon\/wp-json\/wp\/v2\/types\/product"}],"replies":[{"embeddable":true,"href":"https:\/\/uj.adatbank.ro\/lexikon\/wp-json\/wp\/v2\/comments?post=14252"}],"wp:attachment":[{"href":"https:\/\/uj.adatbank.ro\/lexikon\/wp-json\/wp\/v2\/media?parent=14252"}],"wp:term":[{"taxonomy":"product_brand","embeddable":true,"href":"https:\/\/uj.adatbank.ro\/lexikon\/wp-json\/wp\/v2\/product_brand?post=14252"},{"taxonomy":"product_cat","embeddable":true,"href":"https:\/\/uj.adatbank.ro\/lexikon\/wp-json\/wp\/v2\/product_cat?post=14252"},{"taxonomy":"product_tag","embeddable":true,"href":"https:\/\/uj.adatbank.ro\/lexikon\/wp-json\/wp\/v2\/product_tag?post=14252"}],"curies":[{"name":"wp","href":"https:\/\/api.w.org\/{rel}","templated":true}]}}