{"id":14253,"date":"2025-07-15T12:55:39","date_gmt":"2025-07-15T10:55:39","guid":{"rendered":"https:\/\/uj.adatbank.ro\/lexikon\/termek\/madaras-piroska\/"},"modified":"2025-07-15T12:55:39","modified_gmt":"2025-07-15T10:55:39","slug":"madaras-piroska","status":"publish","type":"product","link":"https:\/\/uj.adatbank.ro\/lexikon\/termek\/madaras-piroska\/","title":{"rendered":"MADARAS Piroska"},"content":{"rendered":"<p>Kv., 1929.jan.18., \u2020\u00a0??\u00a0: tan\u00e1r, k\u00f6zgazd\u00e1sz. \u2013 Falticska Lajos, szab\u00f3 \u00e9s Roz\u00e1lia l\u00e1nya. \u00d6zvegy. Fia: S\u00e1ndor (1956.j\u00fan.1.) idegseb\u00e9sz f\u0151orvos.- Az egyetemet Buk.-ben v\u00e9gezte a T\u00e1rsadalomtudom\u00e1nyi F\u0151iskol\u00e1n (1952), majd a kv.-i BTE k\u00f6zgazdas\u00e1gi szak\u00e1n (1971). Buk.-ben a f\u0151iskol\u00e1n tan\u00e1rseg\u00e9d, adjunktus, el\u0151ad\u00f3tan\u00e1r (1952\u201358). Mv.-en az Unirea Lic. tan\u00e1ra (1958\u201362); a Papiu Ilarian Lic. tan\u00e1ra (1962\u201371); a Bolyai Lic.-ban tan\u00edtott (1971\u201374). A Maros megyei Tanfel\u00fcgyel\u0151s\u00e9g f\u0151tanfel\u00fcgyel\u0151 helyettese (1974\u201378); a Bolyai Farkas L\u00edceum igazgat\u00f3ja (1978\u201384). A mv.-i Kem\u00e9ny Zsigmond T\u00e1rsas\u00e1g tagja.EME-p\u00e1ly\u00e1zat 3..d\u00edja (1993). \u2013 <strong>F. m.:<\/strong> A marosv\u00e1s\u00e1rhelyi Bolyai Farkas Liceum h\u00e1bor\u00fa ut\u00e1ni 40 \u00e9ve (1944\u201384) (Mv., 1991); <strong>ford.:<\/strong> rom\u00e1nra: Kornai J\u00e1nos: Anti- echilibrium (Buk., 1974). Kiad\u00e1sra v\u00e1r egy magyar-rom\u00e1n, rom\u00e1n-magyar gazdas\u00e1gi szaksz\u00f3t\u00e1r. A mv.-i KZST tagja. <br \/><strong>Irod.:<\/strong> EMKK 2000; EMKK 2010; RMKK<\/br><\/p>\n","protected":false},"excerpt":{"rendered":"<p>Kv., 1929.jan.18., \u2020\u00a0??\u00a0: tan\u00e1r, k\u00f6zgazd\u00e1sz. \u2013 Falticska Lajos, szab\u00f3 \u00e9s Roz\u00e1lia l\u00e1nya. \u00d6zvegy. Fia: S\u00e1ndor (1956.j\u00fan.1.) idegseb\u00e9sz f\u0151orvos.- Az egyetemet Buk.-ben v\u00e9gezte a T\u00e1rsadalomtudom\u00e1nyi F\u0151iskol\u00e1n (1952), majd a kv.-i BTE k\u00f6zgazdas\u00e1gi szak\u00e1n (1971). Buk.-ben a f\u0151iskol\u00e1n tan\u00e1rseg\u00e9d, adjunktus, el\u0151ad\u00f3tan\u00e1r (1952\u201358). Mv.-en az Unirea Lic. tan\u00e1ra (1958\u201362); a Papiu Ilarian Lic. tan\u00e1ra (1962\u201371); a Bolyai Lic.-ban [&hellip;]<\/p>\n","protected":false},"featured_media":0,"comment_status":"open","ping_status":"closed","template":"","meta":[],"product_brand":[],"product_cat":[137],"product_tag":[],"class_list":{"0":"post-14253","1":"product","2":"type-product","3":"status-publish","5":"product_cat-maros-megyei-eletrajzi-lexikon","7":"first","8":"instock","9":"shipping-taxable","10":"product-type-simple"},"_links":{"self":[{"href":"https:\/\/uj.adatbank.ro\/lexikon\/wp-json\/wp\/v2\/product\/14253","targetHints":{"allow":["GET"]}}],"collection":[{"href":"https:\/\/uj.adatbank.ro\/lexikon\/wp-json\/wp\/v2\/product"}],"about":[{"href":"https:\/\/uj.adatbank.ro\/lexikon\/wp-json\/wp\/v2\/types\/product"}],"replies":[{"embeddable":true,"href":"https:\/\/uj.adatbank.ro\/lexikon\/wp-json\/wp\/v2\/comments?post=14253"}],"wp:attachment":[{"href":"https:\/\/uj.adatbank.ro\/lexikon\/wp-json\/wp\/v2\/media?parent=14253"}],"wp:term":[{"taxonomy":"product_brand","embeddable":true,"href":"https:\/\/uj.adatbank.ro\/lexikon\/wp-json\/wp\/v2\/product_brand?post=14253"},{"taxonomy":"product_cat","embeddable":true,"href":"https:\/\/uj.adatbank.ro\/lexikon\/wp-json\/wp\/v2\/product_cat?post=14253"},{"taxonomy":"product_tag","embeddable":true,"href":"https:\/\/uj.adatbank.ro\/lexikon\/wp-json\/wp\/v2\/product_tag?post=14253"}],"curies":[{"name":"wp","href":"https:\/\/api.w.org\/{rel}","templated":true}]}}

<p>Kv., 1929.jan.18., † ?? : tanár, közgazdász. – Falticska Lajos, szabó és Rozália lánya. Özvegy. Fia: Sándor (1956.jún.1.) idegsebész főorvos.- Az egyetemet Buk.-ben végezte a Társadalomtudományi Főiskolán (1952), majd a kv.-i BTE közgazdasági szakán (1971). Buk.-ben a főiskolán tanársegéd, adjunktus, előadótanár (1952–58). Mv.-en az Unirea Lic. tanára (1958–62); a Papiu Ilarian Lic. tanára (1962–71); a Bolyai Lic.-ban tanított (1971–74). A Maros megyei Tanfelügyelőség főtanfelügyelő helyettese (1974–78); a Bolyai Farkas Líceum igazgatója (1978–84). A mv.-i Kemény Zsigmond Társaság tagja.EME-pályázat 3..díja (1993). – <strong>F. m.:</strong> A marosvásárhelyi Bolyai Farkas Liceum háború utáni 40 éve (1944–84) (Mv., 1991); <strong>ford.:</strong> románra: Kornai János: Anti- echilibrium (Buk., 1974). Kiadásra vár egy magyar-román, román-magyar gazdasági szakszótár. A mv.-i KZST tagja. <br /><strong>Irod.:</strong> EMKK 2000; EMKK 2010; RMKK</br></p>

<p>Kv., 1929.jan.18., † ?? : tanár, közgazdász. – Falticska Lajos, szabó és Rozália lánya. Özvegy. Fia: Sándor (1956.jún.1.) idegsebész főorvos.- Az egyetemet Buk.-ben végezte a Társadalomtudományi Főiskolán (1952), majd a kv.-i BTE közgazdasági szakán (1971). Buk.-ben a főiskolán tanársegéd, adjunktus, előadótanár (1952–58). Mv.-en az Unirea Lic. tanára (1958–62); a Papiu Ilarian Lic. tanára (1962–71); a Bolyai Lic.-ban [&hellip;]</p>
