{"id":14254,"date":"2025-07-15T12:55:41","date_gmt":"2025-07-15T10:55:41","guid":{"rendered":"https:\/\/uj.adatbank.ro\/lexikon\/termek\/madaras-wolfangus-de-kibed\/"},"modified":"2025-07-15T12:55:41","modified_gmt":"2025-07-15T10:55:41","slug":"madaras-wolfangus-de-kibed","status":"publish","type":"product","link":"https:\/\/uj.adatbank.ro\/lexikon\/termek\/madaras-wolfangus-de-kibed\/","title":{"rendered":"MADARAS Wolfangus de Kib\u00e9d"},"content":{"rendered":"<p>Kib\u00e9d, 1815., \u2020\u00a0? : mez\u0151gazd\u00e1sz. \u2013 \u00d6zv. anyja, Vargyas Zsuzsanna\/ Susana, sz\u00e9kely nemes. \u2013 Mv.-en jogot tanult, majd joggyakornok lett. Keszthelyen mez\u0151gazd\u00e1sz egyetemi hallgat\u00f3 (1842\u201343). <br \/><strong>Irod.:<\/strong> Szab\u00f3 Mikl\u00f3s 2005<\/br><\/p>\n","protected":false},"excerpt":{"rendered":"<p>Kib\u00e9d, 1815., \u2020\u00a0? : mez\u0151gazd\u00e1sz. \u2013 \u00d6zv. anyja, Vargyas Zsuzsanna\/ Susana, sz\u00e9kely nemes. \u2013 Mv.-en jogot tanult, majd joggyakornok lett. Keszthelyen mez\u0151gazd\u00e1sz egyetemi hallgat\u00f3 (1842\u201343). Irod.: Szab\u00f3 Mikl\u00f3s 2005<\/p>\n","protected":false},"featured_media":0,"comment_status":"open","ping_status":"closed","template":"","meta":[],"product_brand":[],"product_cat":[137],"product_tag":[],"class_list":{"0":"post-14254","1":"product","2":"type-product","3":"status-publish","5":"product_cat-maros-megyei-eletrajzi-lexikon","7":"first","8":"instock","9":"shipping-taxable","10":"product-type-simple"},"_links":{"self":[{"href":"https:\/\/uj.adatbank.ro\/lexikon\/wp-json\/wp\/v2\/product\/14254","targetHints":{"allow":["GET"]}}],"collection":[{"href":"https:\/\/uj.adatbank.ro\/lexikon\/wp-json\/wp\/v2\/product"}],"about":[{"href":"https:\/\/uj.adatbank.ro\/lexikon\/wp-json\/wp\/v2\/types\/product"}],"replies":[{"embeddable":true,"href":"https:\/\/uj.adatbank.ro\/lexikon\/wp-json\/wp\/v2\/comments?post=14254"}],"wp:attachment":[{"href":"https:\/\/uj.adatbank.ro\/lexikon\/wp-json\/wp\/v2\/media?parent=14254"}],"wp:term":[{"taxonomy":"product_brand","embeddable":true,"href":"https:\/\/uj.adatbank.ro\/lexikon\/wp-json\/wp\/v2\/product_brand?post=14254"},{"taxonomy":"product_cat","embeddable":true,"href":"https:\/\/uj.adatbank.ro\/lexikon\/wp-json\/wp\/v2\/product_cat?post=14254"},{"taxonomy":"product_tag","embeddable":true,"href":"https:\/\/uj.adatbank.ro\/lexikon\/wp-json\/wp\/v2\/product_tag?post=14254"}],"curies":[{"name":"wp","href":"https:\/\/api.w.org\/{rel}","templated":true}]}}