{"id":14260,"date":"2025-07-15T12:55:52","date_gmt":"2025-07-15T10:55:52","guid":{"rendered":"https:\/\/uj.adatbank.ro\/lexikon\/termek\/madarassy-mezomadarasi-csalad\/"},"modified":"2025-07-15T12:55:52","modified_gmt":"2025-07-15T10:55:52","slug":"madarassy-mezomadarasi-csalad","status":"publish","type":"product","link":"https:\/\/uj.adatbank.ro\/lexikon\/termek\/madarassy-mezomadarasi-csalad\/","title":{"rendered":"MADARASSY, mez\u0151madarasi csal\u00e1d"},"content":{"rendered":"<p>Eredeti neve Magyar volt. C\u00edmeres levelet 1578. \u00e1pr. 12. M. P\u00e1l \u00e9s J\u00e1nos (Mez\u0151madarasi sz\u00e9kh.) nyertek. C\u00edmer: k\u00e9k pajzsban lebeg\u0151 koron\u00e1n k\u00f6ny\u00f6kl\u0151 p\u00e1nc\u00e9los kar kardot tart, a pajzsf\u0151ben f\u00e9lhold \u00e9s csillag; sisakdisz: k\u00e9t kiterjesztett sassz\u00e1rny. Istv\u00e1n fiai Gy\u00f6rgy \u00e9s L\u00e1szl\u00f3 (1733.) az 1578. adom\u00e1nyozott c\u00edmeres lev\u00e9llel G\u00f6m\u00f6rmegy\u00e9ben igazolt\u00e1k nemess\u00e9g\u00fcket. G\u00f6m\u00f6r megy\u00e9ben t\u00f6bb tagja f\u0151bb megyei h\u00edvatalt viselt. \u00edgy Istv\u00e1n 1706-ban m\u00e1sod alisp\u00e1n, J\u00f3zsef 1770\u20131780-ban f\u0151jegyz\u0151je; P\u00e1l el\u0151bb al\u00fcgy\u00e9sz, 1805-ben al-, ut\u00f3bb 1814-ben f\u0151szolgab\u00edr\u00f3 volt.A csal\u00e1dnak egy \u00e1ga a pestmegyei Tassra, m\u00e1sik \u00e1ga Szatm\u00e1rmegy\u00e9be sz\u00e1rmazott. <br \/><strong>Irod.:<\/strong> Nagy Iv\u00e1n<\/br><\/p>\n","protected":false},"excerpt":{"rendered":"<p>Eredeti neve Magyar volt. C\u00edmeres levelet 1578. \u00e1pr. 12. M. P\u00e1l \u00e9s J\u00e1nos (Mez\u0151madarasi sz\u00e9kh.) nyertek. C\u00edmer: k\u00e9k pajzsban lebeg\u0151 koron\u00e1n k\u00f6ny\u00f6kl\u0151 p\u00e1nc\u00e9los kar kardot tart, a pajzsf\u0151ben f\u00e9lhold \u00e9s csillag; sisakdisz: k\u00e9t kiterjesztett sassz\u00e1rny. Istv\u00e1n fiai Gy\u00f6rgy \u00e9s L\u00e1szl\u00f3 (1733.) az 1578. adom\u00e1nyozott c\u00edmeres lev\u00e9llel G\u00f6m\u00f6rmegy\u00e9ben igazolt\u00e1k nemess\u00e9g\u00fcket. G\u00f6m\u00f6r megy\u00e9ben t\u00f6bb tagja f\u0151bb megyei [&hellip;]<\/p>\n","protected":false},"featured_media":0,"comment_status":"open","ping_status":"closed","template":"","meta":[],"product_brand":[],"product_cat":[137],"product_tag":[],"class_list":{"0":"post-14260","1":"product","2":"type-product","3":"status-publish","5":"product_cat-maros-megyei-eletrajzi-lexikon","7":"first","8":"instock","9":"shipping-taxable","10":"product-type-simple"},"_links":{"self":[{"href":"https:\/\/uj.adatbank.ro\/lexikon\/wp-json\/wp\/v2\/product\/14260","targetHints":{"allow":["GET"]}}],"collection":[{"href":"https:\/\/uj.adatbank.ro\/lexikon\/wp-json\/wp\/v2\/product"}],"about":[{"href":"https:\/\/uj.adatbank.ro\/lexikon\/wp-json\/wp\/v2\/types\/product"}],"replies":[{"embeddable":true,"href":"https:\/\/uj.adatbank.ro\/lexikon\/wp-json\/wp\/v2\/comments?post=14260"}],"wp:attachment":[{"href":"https:\/\/uj.adatbank.ro\/lexikon\/wp-json\/wp\/v2\/media?parent=14260"}],"wp:term":[{"taxonomy":"product_brand","embeddable":true,"href":"https:\/\/uj.adatbank.ro\/lexikon\/wp-json\/wp\/v2\/product_brand?post=14260"},{"taxonomy":"product_cat","embeddable":true,"href":"https:\/\/uj.adatbank.ro\/lexikon\/wp-json\/wp\/v2\/product_cat?post=14260"},{"taxonomy":"product_tag","embeddable":true,"href":"https:\/\/uj.adatbank.ro\/lexikon\/wp-json\/wp\/v2\/product_tag?post=14260"}],"curies":[{"name":"wp","href":"https:\/\/api.w.org\/{rel}","templated":true}]}}

MADARASSY, mezőmadarasi család

<p>Eredeti neve Magyar volt. Címeres levelet 1578. ápr. 12. M. Pál és János (Mezőmadarasi székh.) nyertek. Címer: kék pajzsban lebegő koronán könyöklő páncélos kar kardot tart, a pajzsfőben félhold és csillag; sisakdisz: két kiterjesztett sasszárny. István fiai György és László (1733.) az 1578. adományozott címeres levéllel Gömörmegyében igazolták nemességüket. Gömör megyében több tagja főbb megyei hívatalt viselt. így István 1706-ban másod alispán, József 1770–1780-ban főjegyzője; Pál előbb alügyész, 1805-ben al-, utóbb 1814-ben főszolgabíró volt.A családnak egy ága a pestmegyei Tassra, másik ága Szatmármegyébe származott. <br /><strong>Irod.:</strong> Nagy Iván</br></p>

<p>Eredeti neve Magyar volt. Címeres levelet 1578. ápr. 12. M. Pál és János (Mezőmadarasi székh.) nyertek. Címer: kék pajzsban lebegő koronán könyöklő páncélos kar kardot tart, a pajzsfőben félhold és csillag; sisakdisz: két kiterjesztett sasszárny. István fiai György és László (1733.) az 1578. adományozott címeres levéllel Gömörmegyében igazolták nemességüket. Gömör megyében több tagja főbb megyei [&hellip;]</p>
