{"id":14262,"date":"2025-07-15T12:55:58","date_gmt":"2025-07-15T10:55:58","guid":{"rendered":"https:\/\/uj.adatbank.ro\/lexikon\/termek\/madarasz-antal\/"},"modified":"2025-07-15T12:55:58","modified_gmt":"2025-07-15T10:55:58","slug":"madarasz-antal","status":"publish","type":"product","link":"https:\/\/uj.adatbank.ro\/lexikon\/termek\/madarasz-antal\/","title":{"rendered":"MADAR\u00c1SZ Antal"},"content":{"rendered":"<p>Gyergy\u00f3csomafalva, 1933. nov. 25., \u2020 Mv., 1978. okt. 21.: f\u00f6ldrajztan\u00e1r. \u2013 A gyergy\u00f3szentmikl\u00f3si gimn\u00e1zium elv\u00e9gz\u00e9se ut\u00e1n (1952) a kv.-i BTE-en geol\u00f3gia-f\u00f6ldrajz szakos tan\u00e1ri diplom\u00e1t szerzett (1958). Tan\u00edtott\u00a0: Cs\u00edkmad\u00e9falv\u00e1n, Mez\u0151paniton, \u00c1kosfalv\u00e1n, iskolaigazgat\u00f3 Sz\u00e9kelyvaj\u00e1n (1961\u201371); el\u0151ad\u00f3 a mv.-i N\u00e9pi Egyetemen. \u00c9rdemes tan\u00e1ri c\u00edmet kapott (1974); doktor\u00e1lt (1978). Kezdem\u00e9nyez\u0151je T\u00f6r\u00f6k Mih\u00e1ly \u00e9s Csort\u00e1n M\u00e1rton szov\u00e1tai tan\u00e1rokkal az els\u0151 bekecsi csillagt\u00far\u00e1nak, a Bekecs k\u00f6r\u00fcli telep\u00fcl\u00e9sek iskol\u00e1inak tal\u00e1lkoz\u00f3j\u00e1nak (1975). \u00cdr\u00e1sai\u00a0: A H\u00e9t, V. Z., Tan\u00fcgyi \u00dajs\u00e1g-ban. \u2013 <strong>F. m.:<\/strong> \u00c1kosfalva monogr\u00e1fi\u00e1ja (1332\u20131849) (k\u00e9zirat); <strong>t\u00e1rssz.:<\/strong> F\u00f6ldrajzi kislexikon (Tulogdi J\u00e1nos-, Bal\u00e1zs \u00c1..-val; Buk., 1976). <br \/><strong>Irod.:<\/strong> Mez\u0151panit; RMIL; T\u00f3falvi: Nevel\u0151, n\u00e9pnevel\u0151 volt (A H\u00e9t, 1978\/45, ); Szov\u00e1ta<\/br><\/p>\n","protected":false},"excerpt":{"rendered":"<p>Gyergy\u00f3csomafalva, 1933. nov. 25., \u2020 Mv., 1978. okt. 21.: f\u00f6ldrajztan\u00e1r. \u2013 A gyergy\u00f3szentmikl\u00f3si gimn\u00e1zium elv\u00e9gz\u00e9se ut\u00e1n (1952) a kv.-i BTE-en geol\u00f3gia-f\u00f6ldrajz szakos tan\u00e1ri diplom\u00e1t szerzett (1958). Tan\u00edtott\u00a0: Cs\u00edkmad\u00e9falv\u00e1n, Mez\u0151paniton, \u00c1kosfalv\u00e1n, iskolaigazgat\u00f3 Sz\u00e9kelyvaj\u00e1n (1961\u201371); el\u0151ad\u00f3 a mv.-i N\u00e9pi Egyetemen. \u00c9rdemes tan\u00e1ri c\u00edmet kapott (1974); doktor\u00e1lt (1978). Kezdem\u00e9nyez\u0151je T\u00f6r\u00f6k Mih\u00e1ly \u00e9s Csort\u00e1n M\u00e1rton szov\u00e1tai tan\u00e1rokkal az els\u0151 [&hellip;]<\/p>\n","protected":false},"featured_media":0,"comment_status":"open","ping_status":"closed","template":"","meta":[],"product_brand":[],"product_cat":[137],"product_tag":[],"class_list":{"0":"post-14262","1":"product","2":"type-product","3":"status-publish","5":"product_cat-maros-megyei-eletrajzi-lexikon","7":"first","8":"instock","9":"shipping-taxable","10":"product-type-simple"},"_links":{"self":[{"href":"https:\/\/uj.adatbank.ro\/lexikon\/wp-json\/wp\/v2\/product\/14262","targetHints":{"allow":["GET"]}}],"collection":[{"href":"https:\/\/uj.adatbank.ro\/lexikon\/wp-json\/wp\/v2\/product"}],"about":[{"href":"https:\/\/uj.adatbank.ro\/lexikon\/wp-json\/wp\/v2\/types\/product"}],"replies":[{"embeddable":true,"href":"https:\/\/uj.adatbank.ro\/lexikon\/wp-json\/wp\/v2\/comments?post=14262"}],"wp:attachment":[{"href":"https:\/\/uj.adatbank.ro\/lexikon\/wp-json\/wp\/v2\/media?parent=14262"}],"wp:term":[{"taxonomy":"product_brand","embeddable":true,"href":"https:\/\/uj.adatbank.ro\/lexikon\/wp-json\/wp\/v2\/product_brand?post=14262"},{"taxonomy":"product_cat","embeddable":true,"href":"https:\/\/uj.adatbank.ro\/lexikon\/wp-json\/wp\/v2\/product_cat?post=14262"},{"taxonomy":"product_tag","embeddable":true,"href":"https:\/\/uj.adatbank.ro\/lexikon\/wp-json\/wp\/v2\/product_tag?post=14262"}],"curies":[{"name":"wp","href":"https:\/\/api.w.org\/{rel}","templated":true}]}}

MADARÁSZ Antal

<p>Gyergyócsomafalva, 1933. nov. 25., † Mv., 1978. okt. 21.: földrajztanár. – A gyergyószentmiklósi gimnázium elvégzése után (1952) a kv.-i BTE-en geológia-földrajz szakos tanári diplomát szerzett (1958). Tanított : Csíkmadéfalván, Mezőpaniton, Ákosfalván, iskolaigazgató Székelyvaján (1961–71); előadó a mv.-i Népi Egyetemen. Érdemes tanári címet kapott (1974); doktorált (1978). Kezdeményezője Török Mihály és Csortán Márton szovátai tanárokkal az első bekecsi csillagtúrának, a Bekecs körüli települések iskoláinak találkozójának (1975). Írásai : A Hét, V. Z., Tanügyi Újság-ban. – <strong>F. m.:</strong> Ákosfalva monográfiája (1332–1849) (kézirat); <strong>társsz.:</strong> Földrajzi kislexikon (Tulogdi János-, Balázs Á..-val; Buk., 1976). <br /><strong>Irod.:</strong> Mezőpanit; RMIL; Tófalvi: Nevelő, népnevelő volt (A Hét, 1978/45, ); Szováta</br></p>

<p>Gyergyócsomafalva, 1933. nov. 25., † Mv., 1978. okt. 21.: földrajztanár. – A gyergyószentmiklósi gimnázium elvégzése után (1952) a kv.-i BTE-en geológia-földrajz szakos tanári diplomát szerzett (1958). Tanított : Csíkmadéfalván, Mezőpaniton, Ákosfalván, iskolaigazgató Székelyvaján (1961–71); előadó a mv.-i Népi Egyetemen. Érdemes tanári címet kapott (1974); doktorált (1978). Kezdeményezője Török Mihály és Csortán Márton szovátai tanárokkal az első [&hellip;]</p>
