{"id":14268,"date":"2025-07-15T12:56:08","date_gmt":"2025-07-15T10:56:08","guid":{"rendered":"https:\/\/uj.adatbank.ro\/lexikon\/termek\/madocsai-pal\/"},"modified":"2025-07-15T12:56:08","modified_gmt":"2025-07-15T10:56:08","slug":"madocsai-pal","status":"publish","type":"product","link":"https:\/\/uj.adatbank.ro\/lexikon\/termek\/madocsai-pal\/","title":{"rendered":"MADOCSAI P\u00e1l"},"content":{"rendered":"<p>? \u2020\u00a0Mez\u0151k\u00f6b\u00f6lk\u00fat, 1769.: ref. lelk\u00e9sz. \u2013 Feles\u00e9ge Ikafalvi Kl\u00e1ra. Sz\u00e9kelyudvarhelyen, Mv.-en subscrib\u00e1lt (1716). Kib\u00e9den (1723) volt rektor Lelk\u00e9sz Gernyeszegen (1737\u201341) \u00e9s lehet, hogy tan\u00edt\u00f3 is; G\u00f6rg\u00e9nyszentimr\u00e9n (1742\u201343); Als\u00f3b\u00f6lk\u00e9nyben (1744\u201345), Marosj\u00e1r\u00e1ban (1746\u201349), Magyarr\u00e9genben (1750\u201364), Mez\u0151k\u00f6b\u00f6lk\u00faton hal\u00e1l\u00e1ig (1765\u201369). <br \/><strong>Irod.:<\/strong> B\u00f6jthe Andor; \u0150sz<\/br><\/p>\n","protected":false},"excerpt":{"rendered":"<p>? \u2020\u00a0Mez\u0151k\u00f6b\u00f6lk\u00fat, 1769.: ref. lelk\u00e9sz. \u2013 Feles\u00e9ge Ikafalvi Kl\u00e1ra. Sz\u00e9kelyudvarhelyen, Mv.-en subscrib\u00e1lt (1716). Kib\u00e9den (1723) volt rektor Lelk\u00e9sz Gernyeszegen (1737\u201341) \u00e9s lehet, hogy tan\u00edt\u00f3 is; G\u00f6rg\u00e9nyszentimr\u00e9n (1742\u201343); Als\u00f3b\u00f6lk\u00e9nyben (1744\u201345), Marosj\u00e1r\u00e1ban (1746\u201349), Magyarr\u00e9genben (1750\u201364), Mez\u0151k\u00f6b\u00f6lk\u00faton hal\u00e1l\u00e1ig (1765\u201369). Irod.: B\u00f6jthe Andor; \u0150sz<\/p>\n","protected":false},"featured_media":0,"comment_status":"open","ping_status":"closed","template":"","meta":[],"product_brand":[],"product_cat":[137],"product_tag":[],"class_list":{"0":"post-14268","1":"product","2":"type-product","3":"status-publish","5":"product_cat-maros-megyei-eletrajzi-lexikon","7":"first","8":"instock","9":"shipping-taxable","10":"product-type-simple"},"_links":{"self":[{"href":"https:\/\/uj.adatbank.ro\/lexikon\/wp-json\/wp\/v2\/product\/14268","targetHints":{"allow":["GET"]}}],"collection":[{"href":"https:\/\/uj.adatbank.ro\/lexikon\/wp-json\/wp\/v2\/product"}],"about":[{"href":"https:\/\/uj.adatbank.ro\/lexikon\/wp-json\/wp\/v2\/types\/product"}],"replies":[{"embeddable":true,"href":"https:\/\/uj.adatbank.ro\/lexikon\/wp-json\/wp\/v2\/comments?post=14268"}],"wp:attachment":[{"href":"https:\/\/uj.adatbank.ro\/lexikon\/wp-json\/wp\/v2\/media?parent=14268"}],"wp:term":[{"taxonomy":"product_brand","embeddable":true,"href":"https:\/\/uj.adatbank.ro\/lexikon\/wp-json\/wp\/v2\/product_brand?post=14268"},{"taxonomy":"product_cat","embeddable":true,"href":"https:\/\/uj.adatbank.ro\/lexikon\/wp-json\/wp\/v2\/product_cat?post=14268"},{"taxonomy":"product_tag","embeddable":true,"href":"https:\/\/uj.adatbank.ro\/lexikon\/wp-json\/wp\/v2\/product_tag?post=14268"}],"curies":[{"name":"wp","href":"https:\/\/api.w.org\/{rel}","templated":true}]}}