{"id":14270,"date":"2025-07-15T12:56:11","date_gmt":"2025-07-15T10:56:11","guid":{"rendered":"https:\/\/uj.adatbank.ro\/lexikon\/termek\/mael-ferenc-izmael-ferenc-tollas-karoly\/"},"modified":"2025-07-15T12:56:11","modified_gmt":"2025-07-15T10:56:11","slug":"mael-ferenc-izmael-ferenc-tollas-karoly","status":"publish","type":"product","link":"https:\/\/uj.adatbank.ro\/lexikon\/termek\/mael-ferenc-izmael-ferenc-tollas-karoly\/","title":{"rendered":"MAEL Ferenc; Izmael Ferenc; Tollas K\u00e1roly"},"content":{"rendered":"<p>Mv., 1890. dec. 26., \u2020 Bp., 1949. aug. 27.: k\u00f6lt\u0151, \u00edr\u00f3. \u2013 Feles\u00e9ge: Buzesk\u00f3 Irma. \u2013 A gimn\u00e1zium 4 oszt\u00e1ly\u00e1t Mv.-en, a fels\u0151kereskedelmi iskol\u00e1t Brass\u00f3ban v\u00e9gezte (1907)\u00a0; \u00e1llamsz\u00e1mviteli vizsg\u00e1t tett Kv.-on (1918). Bankhivatalnok (1908\u201314); sz\u00e1mgyakornok majd sz\u00e1mtiszt a F\u00f6ldm\u0171vel\u00e9s\u00fcgyi Miniszt\u00e9riumban (1914\u201318); a ferencrendiek kv.-i Szent Bonaventura Nyomdai- \u00e9s Kiad\u00f3v\u00e1llalat\u00e1nak bels\u0151 munkat\u00e1rsa (1919\u2013); Bp.-en sz\u00e1mvev\u0151s\u00e9gi f\u0151tan\u00e1csos a F\u00f6ldm\u0171vel\u00e9s\u00fcgyi Miniszt\u00e9riumban (1942\u2013); k\u00f6zben a kv.-i P\u00e1sztort\u0171z kiad\u00f3hivatal\u00e1nak alkalmazottja (1924\u201326), a Hirn\u00f6k c. kat lap f\u0151munkat\u00e1rsa \u00e9s a Kat. Vil\u00e1g c. foly\u00f3irat t\u00e1rsszerkeszt\u0151je (1927\u2013). Versei, novell\u00e1i k\u00f6nyvismertet\u00e9sei: Ifj\u00fa Erd\u00e9ly, Ellenz\u00e9k, P\u00e1sztort\u0171z, Vas\u00e1rnap, Keleti \u00dajs\u00e1g, Magyar N\u00e9p, Erd\u00e9lyi Magyar L\u00e1nyok, Erd\u00e9lyi Tud\u00f3s\u00edt\u00f3, J\u00f3est\u00e9t, Katolikus vil\u00e1g, Brass\u00f3i Lapok-ban jelentek meg. Az EIT, az Erd\u00e9lyi Katolikus Akad\u00e9mia \u00e9s a P\u00e1zm\u00e1ny P\u00e9ter T\u00e1rsas\u00e1g tagja. \u2013 <strong>F. m.:<\/strong> \u00c1lmok (Mv., 1909); Putif\u00e1rn\u00e9: Kisreg\u00e9ny (Mv., 1924); Pirkad az \u00e9galj: Versek; (Kv., 1925, 1926); Missa Solemnis: Versek (Arad., 1926); V\u00e9g\u00e9n csattan az ostor (Kv., 1928); A kereszt f\u00e9ny\u00e9ben (dr\u00e1ma; Kv., 1929); M\u00e1jusi vir\u00e1gok (Kv., 1930); Kis \u0151rangyal (Kv., 1931); \u00dcnnepi szaval\u00f3k\u00f6nyv (Kv., 1931); K\u00f6nnyvir\u00e1g (elb.; Kv., 1934); M\u00e1sodik \u00fcnnepi szaval\u00f3k\u00f6nyv (Kv., 1936); Emberek vagyunk (reg.; Kv., 1938); Hinni kell (versek; Kv., 1940); Hazat\u00e9rtek k\u00f6nnyes \u00e9neke (Kv., 1941); <strong>szerk.:<\/strong> Sz\u0171z M\u00e1ria h\u00f3napja (Kv., 1930); Kis \u0151rangyal (Kv., 1931). <br \/><strong>Irod.:<\/strong> Czirj\u00e1k 3; EM; Ferenczi 1928; Ferenczi 1931; Guly\u00e1s; Gy\u00f6rgy 1926; Kiss Ern\u0151: M.F. versei (P\u00e1sztort\u0171z, 1926\/20); RMIL; \u00daM\u00c9L\u00a0; Valentiny 1935<\/br><\/p>\n","protected":false},"excerpt":{"rendered":"<p>Mv., 1890. dec. 26., \u2020 Bp., 1949. aug. 27.: k\u00f6lt\u0151, \u00edr\u00f3. \u2013 Feles\u00e9ge: Buzesk\u00f3 Irma. \u2013 A gimn\u00e1zium 4 oszt\u00e1ly\u00e1t Mv.-en, a fels\u0151kereskedelmi iskol\u00e1t Brass\u00f3ban v\u00e9gezte (1907)\u00a0; \u00e1llamsz\u00e1mviteli vizsg\u00e1t tett Kv.-on (1918). Bankhivatalnok (1908\u201314); sz\u00e1mgyakornok majd sz\u00e1mtiszt a F\u00f6ldm\u0171vel\u00e9s\u00fcgyi Miniszt\u00e9riumban (1914\u201318); a ferencrendiek kv.-i Szent Bonaventura Nyomdai- \u00e9s Kiad\u00f3v\u00e1llalat\u00e1nak bels\u0151 munkat\u00e1rsa (1919\u2013); Bp.-en sz\u00e1mvev\u0151s\u00e9gi f\u0151tan\u00e1csos [&hellip;]<\/p>\n","protected":false},"featured_media":0,"comment_status":"open","ping_status":"closed","template":"","meta":[],"product_brand":[],"product_cat":[137],"product_tag":[],"class_list":{"0":"post-14270","1":"product","2":"type-product","3":"status-publish","5":"product_cat-maros-megyei-eletrajzi-lexikon","7":"first","8":"instock","9":"shipping-taxable","10":"product-type-simple"},"_links":{"self":[{"href":"https:\/\/uj.adatbank.ro\/lexikon\/wp-json\/wp\/v2\/product\/14270","targetHints":{"allow":["GET"]}}],"collection":[{"href":"https:\/\/uj.adatbank.ro\/lexikon\/wp-json\/wp\/v2\/product"}],"about":[{"href":"https:\/\/uj.adatbank.ro\/lexikon\/wp-json\/wp\/v2\/types\/product"}],"replies":[{"embeddable":true,"href":"https:\/\/uj.adatbank.ro\/lexikon\/wp-json\/wp\/v2\/comments?post=14270"}],"wp:attachment":[{"href":"https:\/\/uj.adatbank.ro\/lexikon\/wp-json\/wp\/v2\/media?parent=14270"}],"wp:term":[{"taxonomy":"product_brand","embeddable":true,"href":"https:\/\/uj.adatbank.ro\/lexikon\/wp-json\/wp\/v2\/product_brand?post=14270"},{"taxonomy":"product_cat","embeddable":true,"href":"https:\/\/uj.adatbank.ro\/lexikon\/wp-json\/wp\/v2\/product_cat?post=14270"},{"taxonomy":"product_tag","embeddable":true,"href":"https:\/\/uj.adatbank.ro\/lexikon\/wp-json\/wp\/v2\/product_tag?post=14270"}],"curies":[{"name":"wp","href":"https:\/\/api.w.org\/{rel}","templated":true}]}}

MAEL Ferenc; Izmael Ferenc; Tollas Károly

<p>Mv., 1890. dec. 26., † Bp., 1949. aug. 27.: költő, író. – Felesége: Buzeskó Irma. – A gimnázium 4 osztályát Mv.-en, a felsőkereskedelmi iskolát Brassóban végezte (1907) ; államszámviteli vizsgát tett Kv.-on (1918). Bankhivatalnok (1908–14); számgyakornok majd számtiszt a Földművelésügyi Minisztériumban (1914–18); a ferencrendiek kv.-i Szent Bonaventura Nyomdai- és Kiadóvállalatának belső munkatársa (1919–); Bp.-en számvevőségi főtanácsos a Földművelésügyi Minisztériumban (1942–); közben a kv.-i Pásztortűz kiadóhivatalának alkalmazottja (1924–26), a Hirnök c. kat lap főmunkatársa és a Kat. Világ c. folyóirat társszerkesztője (1927–). Versei, novellái könyvismertetései: Ifjú Erdély, Ellenzék, Pásztortűz, Vasárnap, Keleti Újság, Magyar Nép, Erdélyi Magyar Lányok, Erdélyi Tudósító, Jóestét, Katolikus világ, Brassói Lapok-ban jelentek meg. Az EIT, az Erdélyi Katolikus Akadémia és a Pázmány Péter Társaság tagja. – <strong>F. m.:</strong> Álmok (Mv., 1909); Putifárné: Kisregény (Mv., 1924); Pirkad az égalj: Versek; (Kv., 1925, 1926); Missa Solemnis: Versek (Arad., 1926); Végén csattan az ostor (Kv., 1928); A kereszt fényében (dráma; Kv., 1929); Májusi virágok (Kv., 1930); Kis őrangyal (Kv., 1931); Ünnepi szavalókönyv (Kv., 1931); Könnyvirág (elb.; Kv., 1934); Második ünnepi szavalókönyv (Kv., 1936); Emberek vagyunk (reg.; Kv., 1938); Hinni kell (versek; Kv., 1940); Hazatértek könnyes éneke (Kv., 1941); <strong>szerk.:</strong> Szűz Mária hónapja (Kv., 1930); Kis őrangyal (Kv., 1931). <br /><strong>Irod.:</strong> Czirják 3; EM; Ferenczi 1928; Ferenczi 1931; Gulyás; György 1926; Kiss Ernő: M.F. versei (Pásztortűz, 1926/20); RMIL; ÚMÉL ; Valentiny 1935</br></p>

<p>Mv., 1890. dec. 26., † Bp., 1949. aug. 27.: költő, író. – Felesége: Buzeskó Irma. – A gimnázium 4 osztályát Mv.-en, a felsőkereskedelmi iskolát Brassóban végezte (1907) ; államszámviteli vizsgát tett Kv.-on (1918). Bankhivatalnok (1908–14); számgyakornok majd számtiszt a Földművelésügyi Minisztériumban (1914–18); a ferencrendiek kv.-i Szent Bonaventura Nyomdai- és Kiadóvállalatának belső munkatársa (1919–); Bp.-en számvevőségi főtanácsos [&hellip;]</p>
