{"id":14276,"date":"2025-07-15T12:56:23","date_gmt":"2025-07-15T10:56:23","guid":{"rendered":"https:\/\/uj.adatbank.ro\/lexikon\/termek\/maetz-josef-michael-teodor-matz\/"},"modified":"2025-07-15T12:56:23","modified_gmt":"2025-07-15T10:56:23","slug":"maetz-josef-michael-teodor-matz","status":"publish","type":"product","link":"https:\/\/uj.adatbank.ro\/lexikon\/termek\/maetz-josef-michael-teodor-matz\/","title":{"rendered":"MAETZ, Josef Michael Teodor; M\u00e4tz"},"content":{"rendered":"<p>Segesv\u00e1r, 1863. \u00e1pr. 3., \u2020 ?: pap, tan\u00e4r.- Apja rend\u0151rigazgat\u00f3, polg\u00e4rmester. \u2013 A k\u00f6zlpiskol\u00e1t Segesv\u00e1ron v\u00e9gezte, Egyetemi tanulm\u00e1nyokat folytatott a lipcsei (1880\u20131881), berlini egy. Hittudom\u00e1nyi \u00e9s B\u00f6lcs\u00e9sz Kar\u00e1n (1881\u201385) a j\u00e9nai egyetemen B0lcs\u00f6sz Kar\u00e4n (1885\u2013). \u2013 Irod. : Szab\u00f3\u2013Simon\u2013Sz\u00f6gi<\/br><\/p>\n","protected":false},"excerpt":{"rendered":"<p>Segesv\u00e1r, 1863. \u00e1pr. 3., \u2020 ?: pap, tan\u00e4r.- Apja rend\u0151rigazgat\u00f3, polg\u00e4rmester. \u2013 A k\u00f6zlpiskol\u00e1t Segesv\u00e1ron v\u00e9gezte, Egyetemi tanulm\u00e1nyokat folytatott a lipcsei (1880\u20131881), berlini egy. Hittudom\u00e1nyi \u00e9s B\u00f6lcs\u00e9sz Kar\u00e1n (1881\u201385) a j\u00e9nai egyetemen B0lcs\u00f6sz Kar\u00e4n (1885\u2013). \u2013 Irod. : Szab\u00f3\u2013Simon\u2013Sz\u00f6gi<\/p>\n","protected":false},"featured_media":0,"comment_status":"open","ping_status":"closed","template":"","meta":[],"product_brand":[],"product_cat":[137],"product_tag":[],"class_list":{"0":"post-14276","1":"product","2":"type-product","3":"status-publish","5":"product_cat-maros-megyei-eletrajzi-lexikon","7":"first","8":"instock","9":"shipping-taxable","10":"product-type-simple"},"_links":{"self":[{"href":"https:\/\/uj.adatbank.ro\/lexikon\/wp-json\/wp\/v2\/product\/14276","targetHints":{"allow":["GET"]}}],"collection":[{"href":"https:\/\/uj.adatbank.ro\/lexikon\/wp-json\/wp\/v2\/product"}],"about":[{"href":"https:\/\/uj.adatbank.ro\/lexikon\/wp-json\/wp\/v2\/types\/product"}],"replies":[{"embeddable":true,"href":"https:\/\/uj.adatbank.ro\/lexikon\/wp-json\/wp\/v2\/comments?post=14276"}],"wp:attachment":[{"href":"https:\/\/uj.adatbank.ro\/lexikon\/wp-json\/wp\/v2\/media?parent=14276"}],"wp:term":[{"taxonomy":"product_brand","embeddable":true,"href":"https:\/\/uj.adatbank.ro\/lexikon\/wp-json\/wp\/v2\/product_brand?post=14276"},{"taxonomy":"product_cat","embeddable":true,"href":"https:\/\/uj.adatbank.ro\/lexikon\/wp-json\/wp\/v2\/product_cat?post=14276"},{"taxonomy":"product_tag","embeddable":true,"href":"https:\/\/uj.adatbank.ro\/lexikon\/wp-json\/wp\/v2\/product_tag?post=14276"}],"curies":[{"name":"wp","href":"https:\/\/api.w.org\/{rel}","templated":true}]}}