{"id":14278,"date":"2025-07-15T12:56:28","date_gmt":"2025-07-15T10:56:28","guid":{"rendered":"https:\/\/uj.adatbank.ro\/lexikon\/termek\/maetz-samuel-josef\/"},"modified":"2025-07-15T12:56:28","modified_gmt":"2025-07-15T10:56:28","slug":"maetz-samuel-josef","status":"publish","type":"product","link":"https:\/\/uj.adatbank.ro\/lexikon\/termek\/maetz-samuel-josef\/","title":{"rendered":"MAETZ Samuel Josef"},"content":{"rendered":"<p>Holcm\u00e1ny, 1756, \u2020 Berethalom, 1826.: orgona\u00e9p\u00edt\u0151. \u2013 Metz Albert d\u00e9dapja. Berethalmon megv\u00e1s\u00e1rolta Johann Georg Wachsmann m\u0171hely\u00e9t \u00e9s itt 37 orgon\u00e1t \u00e9p\u00edtett. A sz\u00e1szd\u00e1lyai orgon\u00e1t is elk\u00e9sz\u00edtette (1792), Magyarkir\u00e1lyfalv\u00e1ra ker\u00fclt (1807). <br \/><strong>Irod.:<\/strong> K\u00fck\u00fcll\u0151i Ref. Egyh\u00e1zm. 3., 4.; Wikipedia<\/br><\/p>\n","protected":false},"excerpt":{"rendered":"<p>Holcm\u00e1ny, 1756, \u2020 Berethalom, 1826.: orgona\u00e9p\u00edt\u0151. \u2013 Metz Albert d\u00e9dapja. Berethalmon megv\u00e1s\u00e1rolta Johann Georg Wachsmann m\u0171hely\u00e9t \u00e9s itt 37 orgon\u00e1t \u00e9p\u00edtett. A sz\u00e1szd\u00e1lyai orgon\u00e1t is elk\u00e9sz\u00edtette (1792), Magyarkir\u00e1lyfalv\u00e1ra ker\u00fclt (1807). Irod.: K\u00fck\u00fcll\u0151i Ref. Egyh\u00e1zm. 3., 4.; Wikipedia<\/p>\n","protected":false},"featured_media":0,"comment_status":"open","ping_status":"closed","template":"","meta":[],"product_brand":[],"product_cat":[137],"product_tag":[],"class_list":{"0":"post-14278","1":"product","2":"type-product","3":"status-publish","5":"product_cat-maros-megyei-eletrajzi-lexikon","7":"first","8":"instock","9":"shipping-taxable","10":"product-type-simple"},"_links":{"self":[{"href":"https:\/\/uj.adatbank.ro\/lexikon\/wp-json\/wp\/v2\/product\/14278","targetHints":{"allow":["GET"]}}],"collection":[{"href":"https:\/\/uj.adatbank.ro\/lexikon\/wp-json\/wp\/v2\/product"}],"about":[{"href":"https:\/\/uj.adatbank.ro\/lexikon\/wp-json\/wp\/v2\/types\/product"}],"replies":[{"embeddable":true,"href":"https:\/\/uj.adatbank.ro\/lexikon\/wp-json\/wp\/v2\/comments?post=14278"}],"wp:attachment":[{"href":"https:\/\/uj.adatbank.ro\/lexikon\/wp-json\/wp\/v2\/media?parent=14278"}],"wp:term":[{"taxonomy":"product_brand","embeddable":true,"href":"https:\/\/uj.adatbank.ro\/lexikon\/wp-json\/wp\/v2\/product_brand?post=14278"},{"taxonomy":"product_cat","embeddable":true,"href":"https:\/\/uj.adatbank.ro\/lexikon\/wp-json\/wp\/v2\/product_cat?post=14278"},{"taxonomy":"product_tag","embeddable":true,"href":"https:\/\/uj.adatbank.ro\/lexikon\/wp-json\/wp\/v2\/product_tag?post=14278"}],"curies":[{"name":"wp","href":"https:\/\/api.w.org\/{rel}","templated":true}]}}