{"id":14286,"date":"2025-07-15T12:56:43","date_gmt":"2025-07-15T10:56:43","guid":{"rendered":"https:\/\/uj.adatbank.ro\/lexikon\/termek\/magos-janos\/"},"modified":"2025-07-15T12:56:43","modified_gmt":"2025-07-15T10:56:43","slug":"magos-janos","status":"publish","type":"product","link":"https:\/\/uj.adatbank.ro\/lexikon\/termek\/magos-janos\/","title":{"rendered":"MAGOS J\u00e1nos"},"content":{"rendered":"<p>Mv., 1899. j\u00fan. 24., \u2020\u00a0?: \u00f6nt\u0151. \u2013 \u201eA munk\u00e1soszt\u00e1ly elleni intenz\u00edv tev\u00e9kenys\u00e9g\u201d v\u00e1dj\u00e1val (\u00e1ll\u00edt\u00f3lag 1940 el\u0151tt csend\u0151rs\u00e9gi besug\u00f3 volt) \u00e1ll\u00edtott\u00e1k b\u00edr\u00f3s\u00e1g el\u00e9.-<br \/><strong>Irod.:<\/strong> 1956 Erd\u00e9lyben<\/br><\/p>\n","protected":false},"excerpt":{"rendered":"<p>Mv., 1899. j\u00fan. 24., \u2020\u00a0?: \u00f6nt\u0151. \u2013 \u201eA munk\u00e1soszt\u00e1ly elleni intenz\u00edv tev\u00e9kenys\u00e9g\u201d v\u00e1dj\u00e1val (\u00e1ll\u00edt\u00f3lag 1940 el\u0151tt csend\u0151rs\u00e9gi besug\u00f3 volt) \u00e1ll\u00edtott\u00e1k b\u00edr\u00f3s\u00e1g el\u00e9.-Irod.: 1956 Erd\u00e9lyben<\/p>\n","protected":false},"featured_media":0,"comment_status":"open","ping_status":"closed","template":"","meta":[],"product_brand":[],"product_cat":[137],"product_tag":[],"class_list":{"0":"post-14286","1":"product","2":"type-product","3":"status-publish","5":"product_cat-maros-megyei-eletrajzi-lexikon","7":"first","8":"instock","9":"shipping-taxable","10":"product-type-simple"},"_links":{"self":[{"href":"https:\/\/uj.adatbank.ro\/lexikon\/wp-json\/wp\/v2\/product\/14286","targetHints":{"allow":["GET"]}}],"collection":[{"href":"https:\/\/uj.adatbank.ro\/lexikon\/wp-json\/wp\/v2\/product"}],"about":[{"href":"https:\/\/uj.adatbank.ro\/lexikon\/wp-json\/wp\/v2\/types\/product"}],"replies":[{"embeddable":true,"href":"https:\/\/uj.adatbank.ro\/lexikon\/wp-json\/wp\/v2\/comments?post=14286"}],"wp:attachment":[{"href":"https:\/\/uj.adatbank.ro\/lexikon\/wp-json\/wp\/v2\/media?parent=14286"}],"wp:term":[{"taxonomy":"product_brand","embeddable":true,"href":"https:\/\/uj.adatbank.ro\/lexikon\/wp-json\/wp\/v2\/product_brand?post=14286"},{"taxonomy":"product_cat","embeddable":true,"href":"https:\/\/uj.adatbank.ro\/lexikon\/wp-json\/wp\/v2\/product_cat?post=14286"},{"taxonomy":"product_tag","embeddable":true,"href":"https:\/\/uj.adatbank.ro\/lexikon\/wp-json\/wp\/v2\/product_tag?post=14286"}],"curies":[{"name":"wp","href":"https:\/\/api.w.org\/{rel}","templated":true}]}}