{"id":14287,"date":"2025-07-15T12:56:46","date_gmt":"2025-07-15T10:56:46","guid":{"rendered":"https:\/\/uj.adatbank.ro\/lexikon\/termek\/magoss-andor\/"},"modified":"2025-07-15T12:56:46","modified_gmt":"2025-07-15T10:56:46","slug":"magoss-andor","status":"publish","type":"product","link":"https:\/\/uj.adatbank.ro\/lexikon\/termek\/magoss-andor\/","title":{"rendered":"MAGOSS Andor"},"content":{"rendered":"<p>Ny\u00e1r\u00e1dt\u0151, 1887., \u2020\u00a0? : gazd\u00e1lkod\u00f3. \u2013 Tanulm\u00e1nyait Mv.-en \u00e9s Kv.-on v\u00e9gezte, majd postaseg\u00e9dtiszti vizsg\u00e1t tett \u00e9 s mint helyettes postaseg\u00e9d Beszterc\u00e9n m\u0171k\u00f6d\u00f6tt. \u00c1ll\u00e1s\u00e1b\u00f3l elbocs\u00e1tott\u00e1k (1918), azut\u00e1n gazd\u00e1lkodott Csittszentiv\u00e1nyon. Az els\u0151 vh.-ban a 22. gy. e.-eben az orosz \u00e9s olasz fronton harcolt, h\u00e1romszor sebes\u00fclt, az I. \u00e9s II. o. ez\u00fcst, a bronz vit. \u00e9rem \u00e9s a K\u00e1roly Csapatkereszt kit\u00fcmtetettje volt. A Hangya eln\u00f6ke, a Tejsz\u00f6vetkezet ig. tagja, a MP, az RGR \u00e9s a Gazdak\u00f6r tagja volt. <br \/><strong>Irod.:<\/strong> Sz\u00e9kelyf\u00f6ld \u00ed.k.<\/br><\/p>\n","protected":false},"excerpt":{"rendered":"<p>Ny\u00e1r\u00e1dt\u0151, 1887., \u2020\u00a0? : gazd\u00e1lkod\u00f3. \u2013 Tanulm\u00e1nyait Mv.-en \u00e9s Kv.-on v\u00e9gezte, majd postaseg\u00e9dtiszti vizsg\u00e1t tett \u00e9 s mint helyettes postaseg\u00e9d Beszterc\u00e9n m\u0171k\u00f6d\u00f6tt. \u00c1ll\u00e1s\u00e1b\u00f3l elbocs\u00e1tott\u00e1k (1918), azut\u00e1n gazd\u00e1lkodott Csittszentiv\u00e1nyon. Az els\u0151 vh.-ban a 22. gy. e.-eben az orosz \u00e9s olasz fronton harcolt, h\u00e1romszor sebes\u00fclt, az I. \u00e9s II. o. ez\u00fcst, a bronz vit. \u00e9rem \u00e9s a [&hellip;]<\/p>\n","protected":false},"featured_media":0,"comment_status":"open","ping_status":"closed","template":"","meta":[],"product_brand":[],"product_cat":[137],"product_tag":[],"class_list":{"0":"post-14287","1":"product","2":"type-product","3":"status-publish","5":"product_cat-maros-megyei-eletrajzi-lexikon","7":"first","8":"instock","9":"shipping-taxable","10":"product-type-simple"},"_links":{"self":[{"href":"https:\/\/uj.adatbank.ro\/lexikon\/wp-json\/wp\/v2\/product\/14287","targetHints":{"allow":["GET"]}}],"collection":[{"href":"https:\/\/uj.adatbank.ro\/lexikon\/wp-json\/wp\/v2\/product"}],"about":[{"href":"https:\/\/uj.adatbank.ro\/lexikon\/wp-json\/wp\/v2\/types\/product"}],"replies":[{"embeddable":true,"href":"https:\/\/uj.adatbank.ro\/lexikon\/wp-json\/wp\/v2\/comments?post=14287"}],"wp:attachment":[{"href":"https:\/\/uj.adatbank.ro\/lexikon\/wp-json\/wp\/v2\/media?parent=14287"}],"wp:term":[{"taxonomy":"product_brand","embeddable":true,"href":"https:\/\/uj.adatbank.ro\/lexikon\/wp-json\/wp\/v2\/product_brand?post=14287"},{"taxonomy":"product_cat","embeddable":true,"href":"https:\/\/uj.adatbank.ro\/lexikon\/wp-json\/wp\/v2\/product_cat?post=14287"},{"taxonomy":"product_tag","embeddable":true,"href":"https:\/\/uj.adatbank.ro\/lexikon\/wp-json\/wp\/v2\/product_tag?post=14287"}],"curies":[{"name":"wp","href":"https:\/\/api.w.org\/{rel}","templated":true}]}}

<p>Nyárádtő, 1887., † ? : gazdálkodó. – Tanulmányait Mv.-en és Kv.-on végezte, majd postasegédtiszti vizsgát tett é s mint helyettes postasegéd Besztercén működött. Állásából elbocsátották (1918), azután gazdálkodott Csittszentiványon. Az első vh.-ban a 22. gy. e.-eben az orosz és olasz fronton harcolt, háromszor sebesült, az I. és II. o. ezüst, a bronz vit. érem és a Károly Csapatkereszt kitümtetettje volt. A Hangya elnöke, a Tejszövetkezet ig. tagja, a MP, az RGR és a Gazdakör tagja volt. <br /><strong>Irod.:</strong> Székelyföld í.k.</br></p>

<p>Nyárádtő, 1887., † ? : gazdálkodó. – Tanulmányait Mv.-en és Kv.-on végezte, majd postasegédtiszti vizsgát tett é s mint helyettes postasegéd Besztercén működött. Állásából elbocsátották (1918), azután gazdálkodott Csittszentiványon. Az első vh.-ban a 22. gy. e.-eben az orosz és olasz fronton harcolt, háromszor sebesült, az I. és II. o. ezüst, a bronz vit. érem és a [&hellip;]</p>
