{"id":14288,"date":"2025-07-15T12:56:48","date_gmt":"2025-07-15T10:56:48","guid":{"rendered":"https:\/\/uj.adatbank.ro\/lexikon\/termek\/magoss-etelka-%c2%a7\/"},"modified":"2025-07-15T12:56:48","modified_gmt":"2025-07-15T10:56:48","slug":"magoss-etelka-%c2%a7","status":"publish","type":"product","link":"https:\/\/uj.adatbank.ro\/lexikon\/termek\/magoss-etelka-%c2%a7\/","title":{"rendered":"MAGOSS Etelka, \u00a7"},"content":{"rendered":"<p>T\u00e9cs\u0151, 1912., \u2020 Mv., 2007. j\u00fal. 31.: heged\u0171m\u0171v\u00e9sz, zenepedag\u00f3gus. \u2013 \u00c9retts\u00e9gizett Mv.-en a Le\u00e1nyl\u00edc.-ban (1929); a V\u00e1rosi Konzervat\u00f3riumban Haj\u00e1k K\u00e1roly tan\u00edtv\u00e1nyak\u00e9nt heged\u0171m\u0171v\u00e9szi oklevelet szerzett (1929\u201336). A Marty, Riemer, Duha, Szil\u00e1gyi kamaraegy\u00fcttes tagja; a Mv.-i Tri\u00f3 heged\u0171se \u00e9s a V\u00e1rosi Konzervat\u00f3rium tan\u00e1ra (1944\u2013); a mv.-i \u00c1llami Filharm\u00f3nia alap\u00edt\u00f3 tagja, br\u00e1csa-sz\u00f3lamvezet\u0151je (1948\u201350), hangversenymester (1950\u201365). El\u0151ad\u00f3m\u0171v\u00e9szk\u00e9nt t\u00f6bbsz\u00f6r szerpelt hangversenyeken, a r\u00e1di\u00f3ban. A KZST tagja, a k\u00e9t vh. k\u00f6z\u00f6tt rendszeresen fell\u00e9pett estjein. Mint heged\u0171tan\u00e1r a V\u00e1rosi Konzervat\u00f3riumban, majd a N\u00e9pi M\u0171v\u00e9szeti Iskol\u00e1ban tan\u00edtott. A Munka\u00e9rdemrend III. Fokozat\u00e1val t\u0171ntett\u00e9k ki. <br \/><strong>Irod.:<\/strong> Filarmonica 50; Katona Szab\u00f3 Istv\u00e1n: Az \u00daj \u00c9let lexikona, 109. (\u00daj \u00c9let, 2., 1975); KKACs; Zenetudom\u00e1nyi \u00edr\u00e1sok<\/br><\/p>\n","protected":false},"excerpt":{"rendered":"<p>T\u00e9cs\u0151, 1912., \u2020 Mv., 2007. j\u00fal. 31.: heged\u0171m\u0171v\u00e9sz, zenepedag\u00f3gus. \u2013 \u00c9retts\u00e9gizett Mv.-en a Le\u00e1nyl\u00edc.-ban (1929); a V\u00e1rosi Konzervat\u00f3riumban Haj\u00e1k K\u00e1roly tan\u00edtv\u00e1nyak\u00e9nt heged\u0171m\u0171v\u00e9szi oklevelet szerzett (1929\u201336). A Marty, Riemer, Duha, Szil\u00e1gyi kamaraegy\u00fcttes tagja; a Mv.-i Tri\u00f3 heged\u0171se \u00e9s a V\u00e1rosi Konzervat\u00f3rium tan\u00e1ra (1944\u2013); a mv.-i \u00c1llami Filharm\u00f3nia alap\u00edt\u00f3 tagja, br\u00e1csa-sz\u00f3lamvezet\u0151je (1948\u201350), hangversenymester (1950\u201365). El\u0151ad\u00f3m\u0171v\u00e9szk\u00e9nt t\u00f6bbsz\u00f6r szerpelt [&hellip;]<\/p>\n","protected":false},"featured_media":0,"comment_status":"open","ping_status":"closed","template":"","meta":[],"product_brand":[],"product_cat":[137],"product_tag":[],"class_list":{"0":"post-14288","1":"product","2":"type-product","3":"status-publish","5":"product_cat-maros-megyei-eletrajzi-lexikon","7":"first","8":"instock","9":"shipping-taxable","10":"product-type-simple"},"_links":{"self":[{"href":"https:\/\/uj.adatbank.ro\/lexikon\/wp-json\/wp\/v2\/product\/14288","targetHints":{"allow":["GET"]}}],"collection":[{"href":"https:\/\/uj.adatbank.ro\/lexikon\/wp-json\/wp\/v2\/product"}],"about":[{"href":"https:\/\/uj.adatbank.ro\/lexikon\/wp-json\/wp\/v2\/types\/product"}],"replies":[{"embeddable":true,"href":"https:\/\/uj.adatbank.ro\/lexikon\/wp-json\/wp\/v2\/comments?post=14288"}],"wp:attachment":[{"href":"https:\/\/uj.adatbank.ro\/lexikon\/wp-json\/wp\/v2\/media?parent=14288"}],"wp:term":[{"taxonomy":"product_brand","embeddable":true,"href":"https:\/\/uj.adatbank.ro\/lexikon\/wp-json\/wp\/v2\/product_brand?post=14288"},{"taxonomy":"product_cat","embeddable":true,"href":"https:\/\/uj.adatbank.ro\/lexikon\/wp-json\/wp\/v2\/product_cat?post=14288"},{"taxonomy":"product_tag","embeddable":true,"href":"https:\/\/uj.adatbank.ro\/lexikon\/wp-json\/wp\/v2\/product_tag?post=14288"}],"curies":[{"name":"wp","href":"https:\/\/api.w.org\/{rel}","templated":true}]}}

<p>Técső, 1912., † Mv., 2007. júl. 31.: hegedűművész, zenepedagógus. – Érettségizett Mv.-en a Leánylíc.-ban (1929); a Városi Konzervatóriumban Haják Károly tanítványaként hegedűművészi oklevelet szerzett (1929–36). A Marty, Riemer, Duha, Szilágyi kamaraegyüttes tagja; a Mv.-i Trió hegedűse és a Városi Konzervatórium tanára (1944–); a mv.-i Állami Filharmónia alapító tagja, brácsa-szólamvezetője (1948–50), hangversenymester (1950–65). Előadóművészként többször szerpelt hangversenyeken, a rádióban. A KZST tagja, a két vh. között rendszeresen fellépett estjein. Mint hegedűtanár a Városi Konzervatóriumban, majd a Népi Művészeti Iskolában tanított. A Munkaérdemrend III. Fokozatával tűntették ki. <br /><strong>Irod.:</strong> Filarmonica 50; Katona Szabó István: Az Új Élet lexikona, 109. (Új Élet, 2., 1975); KKACs; Zenetudományi írások</br></p>

<p>Técső, 1912., † Mv., 2007. júl. 31.: hegedűművész, zenepedagógus. – Érettségizett Mv.-en a Leánylíc.-ban (1929); a Városi Konzervatóriumban Haják Károly tanítványaként hegedűművészi oklevelet szerzett (1929–36). A Marty, Riemer, Duha, Szilágyi kamaraegyüttes tagja; a Mv.-i Trió hegedűse és a Városi Konzervatórium tanára (1944–); a mv.-i Állami Filharmónia alapító tagja, brácsa-szólamvezetője (1948–50), hangversenymester (1950–65). Előadóművészként többször szerpelt [&hellip;]</p>
