{"id":14298,"date":"2025-07-15T12:57:08","date_gmt":"2025-07-15T10:57:08","guid":{"rendered":"https:\/\/uj.adatbank.ro\/lexikon\/termek\/magyari-arpad-szentharomsagi\/"},"modified":"2025-07-15T12:57:08","modified_gmt":"2025-07-15T10:57:08","slug":"magyari-arpad-szentharomsagi","status":"publish","type":"product","link":"https:\/\/uj.adatbank.ro\/lexikon\/termek\/magyari-arpad-szentharomsagi\/","title":{"rendered":"MAGYARI \u00c1rp\u00e1d, szenth\u00e1roms\u00e1gi"},"content":{"rendered":"<p>Fintah\u00e1za, 1878., \u2020 Sz\u00e9kelykakasd, 1941. okt. 2.: ref. lelk\u00e9sz. \u2013 M. D\u00e1niel fia. Feles\u00e9ge: Zilahi Sebess Katalin. Gyermekeik: \u00c1rp\u00e1d, Gizella, Istv\u00e1n, Katalin, Ferenc, D\u00e1niel \u00e9s Zsuzs\u00e1nna. \u2013 Sz\u00e9kelykakasdi ref. lelk\u00e9sz (1899\u201341).Olvas\u00f3k\u00f6rt szervezett, dal\u00e1rda is m\u0171k\u00f6d\u00f6tt a faluban, valamint n\u00e9pk\u00f6nyvt\u00e1r. <br \/><strong>Irod.:<\/strong> Asztalos 1998; Cs\u00e1ky; Gy\u00e1szjelent\u0151; Sz\u00e9kelykakasd<\/br><\/p>\n","protected":false},"excerpt":{"rendered":"<p>Fintah\u00e1za, 1878., \u2020 Sz\u00e9kelykakasd, 1941. okt. 2.: ref. lelk\u00e9sz. \u2013 M. D\u00e1niel fia. Feles\u00e9ge: Zilahi Sebess Katalin. Gyermekeik: \u00c1rp\u00e1d, Gizella, Istv\u00e1n, Katalin, Ferenc, D\u00e1niel \u00e9s Zsuzs\u00e1nna. \u2013 Sz\u00e9kelykakasdi ref. lelk\u00e9sz (1899\u201341).Olvas\u00f3k\u00f6rt szervezett, dal\u00e1rda is m\u0171k\u00f6d\u00f6tt a faluban, valamint n\u00e9pk\u00f6nyvt\u00e1r. Irod.: Asztalos 1998; Cs\u00e1ky; Gy\u00e1szjelent\u0151; Sz\u00e9kelykakasd<\/p>\n","protected":false},"featured_media":0,"comment_status":"open","ping_status":"closed","template":"","meta":[],"product_brand":[],"product_cat":[137],"product_tag":[],"class_list":{"0":"post-14298","1":"product","2":"type-product","3":"status-publish","5":"product_cat-maros-megyei-eletrajzi-lexikon","7":"first","8":"instock","9":"shipping-taxable","10":"product-type-simple"},"_links":{"self":[{"href":"https:\/\/uj.adatbank.ro\/lexikon\/wp-json\/wp\/v2\/product\/14298","targetHints":{"allow":["GET"]}}],"collection":[{"href":"https:\/\/uj.adatbank.ro\/lexikon\/wp-json\/wp\/v2\/product"}],"about":[{"href":"https:\/\/uj.adatbank.ro\/lexikon\/wp-json\/wp\/v2\/types\/product"}],"replies":[{"embeddable":true,"href":"https:\/\/uj.adatbank.ro\/lexikon\/wp-json\/wp\/v2\/comments?post=14298"}],"wp:attachment":[{"href":"https:\/\/uj.adatbank.ro\/lexikon\/wp-json\/wp\/v2\/media?parent=14298"}],"wp:term":[{"taxonomy":"product_brand","embeddable":true,"href":"https:\/\/uj.adatbank.ro\/lexikon\/wp-json\/wp\/v2\/product_brand?post=14298"},{"taxonomy":"product_cat","embeddable":true,"href":"https:\/\/uj.adatbank.ro\/lexikon\/wp-json\/wp\/v2\/product_cat?post=14298"},{"taxonomy":"product_tag","embeddable":true,"href":"https:\/\/uj.adatbank.ro\/lexikon\/wp-json\/wp\/v2\/product_tag?post=14298"}],"curies":[{"name":"wp","href":"https:\/\/api.w.org\/{rel}","templated":true}]}}