{"id":14302,"date":"2025-07-15T12:57:16","date_gmt":"2025-07-15T10:57:16","guid":{"rendered":"https:\/\/uj.adatbank.ro\/lexikon\/termek\/magyari-domokos\/"},"modified":"2025-07-15T12:57:16","modified_gmt":"2025-07-15T10:57:16","slug":"magyari-domokos","status":"publish","type":"product","link":"https:\/\/uj.adatbank.ro\/lexikon\/termek\/magyari-domokos\/","title":{"rendered":"MAGYARI Domokos"},"content":{"rendered":"<p>Ny\u00e1r\u00e1dszereda, 1898, \u2020 ?: tan\u00edt\u00f3. \u2013R\u00e9szt vett az I. vh.-ban (1916\u201319), az olasz fronton harcolt. A nagy ez\u00fcsz vit\u00e9zs\u00e9gi \u00e9rem \u00e9s a K\u00e1roly csapatkereszt tulajdonosa, majd a sz\u00e9kely hadoszt\u00e1lyban teljes\u00edtett szolg\u00e1latot, rom\u00e1n fogs\u00e1gba esett (1919). Mint hadnagy szerelt le. Petrozs\u00e9nyben volt ref. tan\u00edt\u00f3 (\u00f6t \u00e9vig), majd Magyarszov\u00e1ton \u00e9s Ny\u00e1r\u00e1dszered\u00e1ban tan\u00edtott. A helyi ref. dal\u00e1rda vezet\u0151je (1932\u201341).Tagja volt a MP.-nak Marosv\u00e1s\u00e1rhely Erd\u00e9lyi ezredek; Sz\u00e1ll a dal a Ny\u00e1r\u00e1d ment\u00e9n; Visnai<\/br><\/p>\n","protected":false},"excerpt":{"rendered":"<p>Ny\u00e1r\u00e1dszereda, 1898, \u2020 ?: tan\u00edt\u00f3. \u2013R\u00e9szt vett az I. vh.-ban (1916\u201319), az olasz fronton harcolt. A nagy ez\u00fcsz vit\u00e9zs\u00e9gi \u00e9rem \u00e9s a K\u00e1roly csapatkereszt tulajdonosa, majd a sz\u00e9kely hadoszt\u00e1lyban teljes\u00edtett szolg\u00e1latot, rom\u00e1n fogs\u00e1gba esett (1919). Mint hadnagy szerelt le. Petrozs\u00e9nyben volt ref. tan\u00edt\u00f3 (\u00f6t \u00e9vig), majd Magyarszov\u00e1ton \u00e9s Ny\u00e1r\u00e1dszered\u00e1ban tan\u00edtott. A helyi ref. dal\u00e1rda vezet\u0151je [&hellip;]<\/p>\n","protected":false},"featured_media":0,"comment_status":"open","ping_status":"closed","template":"","meta":[],"product_brand":[],"product_cat":[137],"product_tag":[],"class_list":{"0":"post-14302","1":"product","2":"type-product","3":"status-publish","5":"product_cat-maros-megyei-eletrajzi-lexikon","7":"first","8":"instock","9":"shipping-taxable","10":"product-type-simple"},"_links":{"self":[{"href":"https:\/\/uj.adatbank.ro\/lexikon\/wp-json\/wp\/v2\/product\/14302","targetHints":{"allow":["GET"]}}],"collection":[{"href":"https:\/\/uj.adatbank.ro\/lexikon\/wp-json\/wp\/v2\/product"}],"about":[{"href":"https:\/\/uj.adatbank.ro\/lexikon\/wp-json\/wp\/v2\/types\/product"}],"replies":[{"embeddable":true,"href":"https:\/\/uj.adatbank.ro\/lexikon\/wp-json\/wp\/v2\/comments?post=14302"}],"wp:attachment":[{"href":"https:\/\/uj.adatbank.ro\/lexikon\/wp-json\/wp\/v2\/media?parent=14302"}],"wp:term":[{"taxonomy":"product_brand","embeddable":true,"href":"https:\/\/uj.adatbank.ro\/lexikon\/wp-json\/wp\/v2\/product_brand?post=14302"},{"taxonomy":"product_cat","embeddable":true,"href":"https:\/\/uj.adatbank.ro\/lexikon\/wp-json\/wp\/v2\/product_cat?post=14302"},{"taxonomy":"product_tag","embeddable":true,"href":"https:\/\/uj.adatbank.ro\/lexikon\/wp-json\/wp\/v2\/product_tag?post=14302"}],"curies":[{"name":"wp","href":"https:\/\/api.w.org\/{rel}","templated":true}]}}

<p>Nyárádszereda, 1898, † ?: tanító. –Részt vett az I. vh.-ban (1916–19), az olasz fronton harcolt. A nagy ezüsz vitézségi érem és a Károly csapatkereszt tulajdonosa, majd a székely hadosztályban teljesített szolgálatot, román fogságba esett (1919). Mint hadnagy szerelt le. Petrozsényben volt ref. tanító (öt évig), majd Magyarszováton és Nyárádszeredában tanított. A helyi ref. dalárda vezetője (1932–41).Tagja volt a MP.-nak Marosvásárhely Erdélyi ezredek; Száll a dal a Nyárád mentén; Visnai</br></p>

<p>Nyárádszereda, 1898, † ?: tanító. –Részt vett az I. vh.-ban (1916–19), az olasz fronton harcolt. A nagy ezüsz vitézségi érem és a Károly csapatkereszt tulajdonosa, majd a székely hadosztályban teljesített szolgálatot, román fogságba esett (1919). Mint hadnagy szerelt le. Petrozsényben volt ref. tanító (öt évig), majd Magyarszováton és Nyárádszeredában tanított. A helyi ref. dalárda vezetője [&hellip;]</p>
