{"id":14318,"date":"2025-07-15T12:57:47","date_gmt":"2025-07-15T10:57:47","guid":{"rendered":"https:\/\/uj.adatbank.ro\/lexikon\/termek\/magyari-pal\/"},"modified":"2025-07-15T12:57:47","modified_gmt":"2025-07-15T10:57:47","slug":"magyari-pal","status":"publish","type":"product","link":"https:\/\/uj.adatbank.ro\/lexikon\/termek\/magyari-pal\/","title":{"rendered":"MAGYARI P\u00e1l"},"content":{"rendered":"<p>Sz\u00e9kelyvars\u00e1g, 1912., \u2020\u00a0? : tan\u00edt\u00f3. \u2013 Tanulm\u00e1nyait Sz\u00e9kelyudvarhelyen \u00e9s Cs\u00edkszered\u00e1n v\u00e9gezte, oklevelet kapott (1931). Oroszhegyen kezdett tan\u00edtani, onnan ker\u00fclt Sz\u00e9kelyv\u00e9ck\u00e9re (1933\u201335, megszak\u00edt\u00e1ssal). K\u00e1ntortan\u00edt\u00f3 a katolikus iskol\u00e1ban, minden hazafias, vall\u00e1sos \u00e9s kultur\u00e1lis egyes\u00fclet t\u00e1mogat\u00f3ja volt. <br \/><strong>Irod.:<\/strong> Maros-k\u00fck\u00fcll\u0151i f\u0151esp.; Sz\u00e9kelyf\u00f6ld \u00ed.k.<\/br><\/p>\n","protected":false},"excerpt":{"rendered":"<p>Sz\u00e9kelyvars\u00e1g, 1912., \u2020\u00a0? : tan\u00edt\u00f3. \u2013 Tanulm\u00e1nyait Sz\u00e9kelyudvarhelyen \u00e9s Cs\u00edkszered\u00e1n v\u00e9gezte, oklevelet kapott (1931). Oroszhegyen kezdett tan\u00edtani, onnan ker\u00fclt Sz\u00e9kelyv\u00e9ck\u00e9re (1933\u201335, megszak\u00edt\u00e1ssal). K\u00e1ntortan\u00edt\u00f3 a katolikus iskol\u00e1ban, minden hazafias, vall\u00e1sos \u00e9s kultur\u00e1lis egyes\u00fclet t\u00e1mogat\u00f3ja volt. Irod.: Maros-k\u00fck\u00fcll\u0151i f\u0151esp.; Sz\u00e9kelyf\u00f6ld \u00ed.k.<\/p>\n","protected":false},"featured_media":0,"comment_status":"open","ping_status":"closed","template":"","meta":[],"product_brand":[],"product_cat":[137],"product_tag":[],"class_list":{"0":"post-14318","1":"product","2":"type-product","3":"status-publish","5":"product_cat-maros-megyei-eletrajzi-lexikon","7":"first","8":"instock","9":"shipping-taxable","10":"product-type-simple"},"_links":{"self":[{"href":"https:\/\/uj.adatbank.ro\/lexikon\/wp-json\/wp\/v2\/product\/14318","targetHints":{"allow":["GET"]}}],"collection":[{"href":"https:\/\/uj.adatbank.ro\/lexikon\/wp-json\/wp\/v2\/product"}],"about":[{"href":"https:\/\/uj.adatbank.ro\/lexikon\/wp-json\/wp\/v2\/types\/product"}],"replies":[{"embeddable":true,"href":"https:\/\/uj.adatbank.ro\/lexikon\/wp-json\/wp\/v2\/comments?post=14318"}],"wp:attachment":[{"href":"https:\/\/uj.adatbank.ro\/lexikon\/wp-json\/wp\/v2\/media?parent=14318"}],"wp:term":[{"taxonomy":"product_brand","embeddable":true,"href":"https:\/\/uj.adatbank.ro\/lexikon\/wp-json\/wp\/v2\/product_brand?post=14318"},{"taxonomy":"product_cat","embeddable":true,"href":"https:\/\/uj.adatbank.ro\/lexikon\/wp-json\/wp\/v2\/product_cat?post=14318"},{"taxonomy":"product_tag","embeddable":true,"href":"https:\/\/uj.adatbank.ro\/lexikon\/wp-json\/wp\/v2\/product_tag?post=14318"}],"curies":[{"name":"wp","href":"https:\/\/api.w.org\/{rel}","templated":true}]}}