{"id":14335,"date":"2025-07-15T12:58:21","date_gmt":"2025-07-15T10:58:21","guid":{"rendered":"https:\/\/uj.adatbank.ro\/lexikon\/termek\/magyarosi-gyorgy-%c2%a7-magyarosi-gyorgy\/"},"modified":"2025-07-15T12:58:21","modified_gmt":"2025-07-15T10:58:21","slug":"magyarosi-gyorgy-%c2%a7-magyarosi-gyorgy","status":"publish","type":"product","link":"https:\/\/uj.adatbank.ro\/lexikon\/termek\/magyarosi-gyorgy-%c2%a7-magyarosi-gyorgy\/","title":{"rendered":"MAGYAROSI Gy\u00f6rgy, \u00a7 Magyar\u00f3si Gy\u00f6rgy"},"content":{"rendered":"<p>Teke (Besz.- Nasz.), 1925. aug. 4. \u2020 2011 : belgy\u00f3gy\u00e1sz f\u0151orvos, kardiol\u00f3gus. \u2013 Feles\u00e9ge: J\u00e1nosi Ibolya (1934\u20132014). A k\u00f6z\u00e9piskol\u00e1t \u00e9s az orvosit Mv.-en v\u00e9gezte (1951); doktor\u00e1lt, az orvosi meteorologi\u00e1r\u00f3l k\u00e9sz\u00edtette disszert\u00e1ci\u00f3j\u00e1t (1973). Gyakornokk\u00e9nt kezdte p\u00e1ly\u00e1j\u00e1t a K\u00f6zeg\u00e9szs\u00e9g\u00fcgyi Int\u00e9zetben (1951\u201352); a belgy\u00f3gy\u00e1szat s\u00fcrg\u00f6ss\u00e9gi oszt\u00e1ly\u00e1nak vezet\u0151je (1953\u201385); a Kr\u00f3nikus Betegs\u00e9gek Klinik\u00e1j\u00e1nak igazgat\u00f3ja (1985\u2013); a mv.-i Orvosi \u00e9s Gy\u00f3gyszer\u00e9szeti Int\u00e9zet 2. sz. Belgy\u00f3gy\u00e1szati Klinik\u00e1j\u00e1nak alap\u00edt\u00f3 orvosa. 150 tudom\u00e1nyos dolgozata jelent meg. \u2013 <strong>F. m.:<\/strong> <strong>t\u00e1rssz.:<\/strong> A Marosv\u00e1s\u00e1rhelyi magyar nyelv\u0171 orvos \u00e9s gy\u00f3gyszer\u00e9szk\u00e9pz\u00e9s 50 \u00e9ve (Bp., 1996). <br \/><strong>Irod.:<\/strong> Genersich; Gy\u00e1rf\u00e1s L 2013.; Kiss\u2013P\u00e9terffy\u2013P\u00e9terffy; RMKK; Tett (1983. 3.sz.)<\/br><\/p>\n","protected":false},"excerpt":{"rendered":"<p>Teke (Besz.- Nasz.), 1925. aug. 4. \u2020 2011 : belgy\u00f3gy\u00e1sz f\u0151orvos, kardiol\u00f3gus. \u2013 Feles\u00e9ge: J\u00e1nosi Ibolya (1934\u20132014). A k\u00f6z\u00e9piskol\u00e1t \u00e9s az orvosit Mv.-en v\u00e9gezte (1951); doktor\u00e1lt, az orvosi meteorologi\u00e1r\u00f3l k\u00e9sz\u00edtette disszert\u00e1ci\u00f3j\u00e1t (1973). Gyakornokk\u00e9nt kezdte p\u00e1ly\u00e1j\u00e1t a K\u00f6zeg\u00e9szs\u00e9g\u00fcgyi Int\u00e9zetben (1951\u201352); a belgy\u00f3gy\u00e1szat s\u00fcrg\u00f6ss\u00e9gi oszt\u00e1ly\u00e1nak vezet\u0151je (1953\u201385); a Kr\u00f3nikus Betegs\u00e9gek Klinik\u00e1j\u00e1nak igazgat\u00f3ja (1985\u2013); a mv.-i Orvosi \u00e9s [&hellip;]<\/p>\n","protected":false},"featured_media":0,"comment_status":"open","ping_status":"closed","template":"","meta":[],"product_brand":[],"product_cat":[137],"product_tag":[],"class_list":{"0":"post-14335","1":"product","2":"type-product","3":"status-publish","5":"product_cat-maros-megyei-eletrajzi-lexikon","7":"first","8":"instock","9":"shipping-taxable","10":"product-type-simple"},"_links":{"self":[{"href":"https:\/\/uj.adatbank.ro\/lexikon\/wp-json\/wp\/v2\/product\/14335","targetHints":{"allow":["GET"]}}],"collection":[{"href":"https:\/\/uj.adatbank.ro\/lexikon\/wp-json\/wp\/v2\/product"}],"about":[{"href":"https:\/\/uj.adatbank.ro\/lexikon\/wp-json\/wp\/v2\/types\/product"}],"replies":[{"embeddable":true,"href":"https:\/\/uj.adatbank.ro\/lexikon\/wp-json\/wp\/v2\/comments?post=14335"}],"wp:attachment":[{"href":"https:\/\/uj.adatbank.ro\/lexikon\/wp-json\/wp\/v2\/media?parent=14335"}],"wp:term":[{"taxonomy":"product_brand","embeddable":true,"href":"https:\/\/uj.adatbank.ro\/lexikon\/wp-json\/wp\/v2\/product_brand?post=14335"},{"taxonomy":"product_cat","embeddable":true,"href":"https:\/\/uj.adatbank.ro\/lexikon\/wp-json\/wp\/v2\/product_cat?post=14335"},{"taxonomy":"product_tag","embeddable":true,"href":"https:\/\/uj.adatbank.ro\/lexikon\/wp-json\/wp\/v2\/product_tag?post=14335"}],"curies":[{"name":"wp","href":"https:\/\/api.w.org\/{rel}","templated":true}]}}

MAGYAROSI György, § Magyarósi György

<p>Teke (Besz.- Nasz.), 1925. aug. 4. † 2011 : belgyógyász főorvos, kardiológus. – Felesége: Jánosi Ibolya (1934–2014). A középiskolát és az orvosit Mv.-en végezte (1951); doktorált, az orvosi meteorologiáról készítette disszertációját (1973). Gyakornokként kezdte pályáját a Közegészségügyi Intézetben (1951–52); a belgyógyászat sürgösségi osztályának vezetője (1953–85); a Krónikus Betegségek Klinikájának igazgatója (1985–); a mv.-i Orvosi és Gyógyszerészeti Intézet 2. sz. Belgyógyászati Klinikájának alapító orvosa. 150 tudományos dolgozata jelent meg. – <strong>F. m.:</strong> <strong>társsz.:</strong> A Marosvásárhelyi magyar nyelvű orvos és gyógyszerészképzés 50 éve (Bp., 1996). <br /><strong>Irod.:</strong> Genersich; Gyárfás L 2013.; Kiss–Péterffy–Péterffy; RMKK; Tett (1983. 3.sz.)</br></p>

<p>Teke (Besz.- Nasz.), 1925. aug. 4. † 2011 : belgyógyász főorvos, kardiológus. – Felesége: Jánosi Ibolya (1934–2014). A középiskolát és az orvosit Mv.-en végezte (1951); doktorált, az orvosi meteorologiáról készítette disszertációját (1973). Gyakornokként kezdte pályáját a Közegészségügyi Intézetben (1951–52); a belgyógyászat sürgösségi osztályának vezetője (1953–85); a Krónikus Betegségek Klinikájának igazgatója (1985–); a mv.-i Orvosi és [&hellip;]</p>
